INSERT INTO `d_siswa` (`id`, `no_daftar`, `periode_id`, `nisn`, `nis`, `nik`, `nama_siswa`, `kelamin_id`, `tmp_lahir`, `tgl_lahir`, `agama_id`, `tinggi_badan`, `berat_badan`, `kebutuhan_khusus`, `no_telp`, `no_hp`, `waktu_tempuh`, `jarak_tempuh`, `transportasi_id`, `email_siswa`, `kelas_id`, `paralel`, `asal_sekolah`, `no_ijazah`, `tahun_lulus`, `hobi`, `npsn`, `nama_ayah`, `tahun_lahir_ayah`, `pekerjaan_ayah`, `pendidikan_ayah`, `penghasilan_ayah`, `nama_ibu`, `tahun_lahir_ibu`, `pekerjaan_ibu`, `pendidikan_ibu`, `penghasilan_ibu`, `nama_wali`, `tahun_lahir_wali`, `pekerjaan_wali`, `pendidikan_wali`, `penghasilan_wali`, `status_tempat_tinggal_id`, `alamat_rumah`, `rt`, `rw`, `kelurahan`, `kecamatan`, `kabupaten`, `kode_pos`, `status_siswa`, `asal_sekolah_mutasi`, `npsn_sekolah_mutasi`, `anak_ke`, `jurusan1_id`, `jurusan2_id`, `password`, `foto`, `aktif`, `bukti_bayar`, `bayar`, `lock`, `no_kwitansi`, `daftar_ulang`, `bayar_pengguna`) VALUES
(1557, '60316', 6, '0077863765', '', '3578171308070002', 'KRISNA SETYA MAHARDIKA', 1, 'SURABAYA', '2007-08-13', 1, 162, 58, 'TIDAK', '08816936746', '081222827651', '15 menit', '5km', 3, 'krisnasetyamahardika2007@gmail.com', 2, NULL, 'SMP N EGERI 58 SURABAYA', '', 2024, 'futsal ', NULL, 'HADI SUCIPTO ', 1972, 'KARYAWAN SWASTA ', 'SLTA/SEDERAJAT ', 3000000, 'SUNARNIK ', 1974, 'MENGURUS RUMAH TANGGA ', 'TAMAT SEDERAJAT ', 0, NULL, NULL, NULL, NULL, NULL, 1, 'PLATUK DONOMULYO 1-G/12', '005', '013', 'SIDOTOPO WETAN', 'KENJERAN ', 'SURABAYA ', '60128', 'Baru', '', '', 4, 2, 5, '154aa6866aefb6f8d0b722621fa71e83', NULL, 'Y', NULL, 'Bayar', 'Y', NULL, '1', 'Engky Widyastuti'),
(1558, '60317', 6, '0087057441', '', '3578290904080001', 'RASYID BAGUS SETIAWAN', 1, 'JOMBANG', '2008-04-09', 1, 160, 50, 'TIDAK', '0881036934242', '081333573134', '25 MENIT', '11 KM', 3, 'rb.andre94@gmail.com', 2, NULL, 'SMP NEGERI 54 SURABAYA', '', 0, 'Berlari', NULL, 'AGUS SUSANTO', 1977, 'SWASTA', 'SLTA', 0, 'SULIS INDAYANI', 1980, 'SWASTA', 'SLTA', 0, NULL, NULL, NULL, NULL, NULL, 1, 'BULAK KENJERAN 1 LEBAR 26', '003', '005', 'KENJERAN', 'BULAK', 'SURABAYA', '60123', 'Baru', '', '', 2, 2, 5, '4a06d868d044c50af0cf9bc82d2fc19f', NULL, 'Y', NULL, 'Bayar', 'Y', NULL, '1', 'Engky Widyastuti'),
(1559, '60318', 6, '0081340158', '', '3508012511080002', 'MAULANA MALIK MAGRIBI', 1, 'SURABAYA', '2008-07-07', 1, 0, 0, 'TIDAK', '085607802347', '085704979079', '', '', 3, '', 2, NULL, 'SMP NEGERI 27 SURABAYA', '', 0, '', NULL, NULL, NULL, NULL, NULL, NULL, NULL, NULL, NULL, NULL, NULL, NULL, NULL, NULL, NULL, NULL, 1, 'TAMBAK WEDI TENGAH VIII NO. 71-A', '013', '002', 'TAMBAK WEDI', 'KENJERAN', 'SURABAYA', '30126', 'Baru', '', '', 1, 2, 2, '25daeb9b3072e9c53f66a2196a92a011', NULL, 'Y', NULL, 'Bayar', 'Y', NULL, '1', 'Dina Zaliniar'),
(1560, '60319', 6, '0154323621', '', '3578272108080001', 'DEXA AKBAR ADIANDRA', 1, 'SURABAYA', '2008-08-21', 1, 0, 0, 'TIDAK', '085933666922', '085933666922', '', '', 3, '', 2, NULL, 'SMP GIKI 1 SURABAYA', NULL, NULL, '', NULL, 'PARYADI', 1979, 'SWASTA', 'SLTA', 0, 'ISFIANI', 1980, 'IBU RUMAH TANGGA', 'SLTA', 0, NULL, NULL, NULL, NULL, NULL, 1, 'SIMO KALANGAN 1/96', '002', '007', 'SIMOMULYO', 'SUKOMANUNGGAL', 'SURABAYA', '60181', 'Baru', NULL, NULL, 1, 2, 2, 'd90e5b6628b4291225cba0bdc643c295', NULL, 'Y', NULL, 'Bayar', 'Y', NULL, '1', 'Dina Zaliniar'),
(1561, '60320', 6, '0082885797', '', '3578100408080006', 'FAHRI AIMAR IBRAHIM', 1, 'SURABAYA', '2008-08-04', 1, 176, 56, 'TIDAK', '085707182242', '082244427668', '30 menit', '9km', 3, 'sujayantie@yahoo.com', 9, NULL, 'SMP NEGERI 60 SURABAYA', '', 0, 'Olahraga Futsal', NULL, 'UMAR FARUK', 1979, 'SWASTA', 'SLTA', 0, 'ENDANG SUJAYANTI', 1986, 'SWASTA', 'SLTA', 0, NULL, NULL, NULL, NULL, NULL, 1, 'SETRO BARU UTARA 11/8', '009', '004', 'DUKUH SETRO', 'TAMBAKSARI', 'SURABAYA', '60134', 'Baru', '', '', 1, 5, 2, '2056d8c1dec3d12cbce646b348d189d1', NULL, 'Y', NULL, 'Bayar', 'Y', NULL, '1', 'Dina Zaliniar'),
(1562, '60321', 6, '3080075216', '', '3578150907080002', 'RAHMAT HIDAYATULLAH', 1, 'SURABAYA', '2008-10-02', 1, 0, 0, 'TIDAK', '085975467431', '088991276909', '', '', 3, '', 2, NULL, 'SMP AL-HIKAM BANGKALAN', '', 0, '', NULL, NULL, NULL, NULL, NULL, NULL, NULL, NULL, NULL, NULL, NULL, NULL, NULL, NULL, NULL, NULL, 1, 'KEDUNG MANGU TIMUR 1/9', '011', '010', 'SIDOTOPO WETAN', 'KENJERAN', 'SURABAYA', '60128', 'Baru', '', '', 1, 2, 2, '43e04dd08bb1305428b0c9c8d8a2660a', NULL, 'Y', NULL, 'Bayar', 'Y', NULL, '1', 'Dina Zaliniar'),
(1563, '60322', 6, '0089200200', '', '3578100403080003', 'TEGAR REZA CHANDRA', 1, 'SURABAYA', '2008-03-04', 1, 0, 0, 'TIDAK', '08813273757', '''088907943057', '', '', 3, '', 2, NULL, 'SMP MUHAMMADIYAH 15 SURABAYA', NULL, NULL, '', NULL, 'DUL ADJIS,ST', 1972, 'SWASTA', 'S-1', 0, 'SITI ZUWAIDAH', 1985, 'IBU RUMAH TANGGA', 'SLTP', 0, NULL, NULL, NULL, NULL, NULL, 1, 'DUKUH SETRO IX / 7 SURABAYA', '009', '008', 'GADING', 'TAMBAK SARI', 'SURABAYA ', '60134', 'Baru', NULL, NULL, 1, 2, 2, 'd693d554e0ede0d75f7d2873b015f228', NULL, 'Y', NULL, 'Bayar', 'Y', NULL, '1', 'Engky Widyastuti'),
(1564, '60323', 6, '0087621824', '10249', '3578171610080004', 'ACHMAD NAUVAL EL JAUHAR', 1, 'SURABAYA ', '2008-10-16', 1, 160, 68, 'TIDAK', '087854611940', '082141951274', '45 menit', '4,8km', 3, 'achmadnauval199@gmail.com', 2, NULL, 'SMP TARUNA JAYA 1 SURABAYA', 'DN-05/D-SMP/K13/24/0372337', 2024, 'Futsal,latihan beladiri ', NULL, 'JUADI', 1982, 'SOPIR', 'SMA ', 3, 'SITI MARWA DIANA ', 1984, 'IBU RUMAH TANGGA ', 'SMA ', 1, 'Juadi ', 1982, 'Sopir', 'SMA ', 3, 3, 'KEDINDING LOR GG. JAMBU  NO. 5', '006', '001', 'TANAH KALIKEDINDING', 'KENJERAN ', 'SURABAYA ', '60129', 'Baru', '', '', 1, 2, 2, '9d4c03631b8b0c85ae08bf05eda37d0f', NULL, 'Y', NULL, 'Bayar', 'Y', NULL, '1', 'Dina Zaliniar'),
(1565, '60324', 6, '0088812453', '', '''3503042702080001', 'MARCEL ADI IRAWAN', 1, 'TRENGGALEK', '2008-02-27', 1, 0, 0, 'TIDAK', '082113963240', '082231594407', '', '', 3, '', 9, NULL, 'SMP NEGERI 54 SURABAYA', NULL, NULL, '', NULL, 'EDI WASKITO', 1979, 'WIRASWASTA', 'SLTP', 0, 'MURYATI', 1981, 'IBU RUMAH TANGGA', 'SLTP', 0, NULL, NULL, NULL, NULL, NULL, 1, 'BULAK KENJERAN 2/38', '002', '003', 'KENJERAN', 'BULAK', 'SURABAYA ', '60123', 'Baru', NULL, NULL, 2, 5, 5, '2c601ad9d2ff9bc8b282670cdd54f69f', NULL, 'Y', NULL, 'Bayar', 'Y', NULL, '1', 'Engky Widyastuti'),
(1566, '60325', 6, '0087103457', '', '''3578102106060003', 'MUHAMMAD NABIL ALFA RIZQY', 1, 'MAGETAN', '2008-06-21', 1, 0, 0, 'TIDAK', '085784775609', '085736666991', '', '', 3, '', 1, NULL, 'SMP TARUNA JAYA I SURABAYA', NULL, NULL, '', NULL, 'DWI SUTRISNO', 1972, 'WIRASWASTA', 'SLTA', 0, 'ROHMAH NURHIDAYATI', 1975, 'IBU RUMAH TANGGA', 'SLTA', 0, NULL, NULL, NULL, NULL, NULL, 1, 'DUKUH SETRO XI-B / 21', '011', '008', 'GADING', 'TAMBAK SARI', 'SURABAYA', '60134', 'Baru', NULL, NULL, 2, 2, 2, '227f6afd3b7f89b96c4bb91f95d50f6d', NULL, 'Y', NULL, 'Bayar', 'Y', NULL, '1', 'Engky Widyastuti'),
(1567, '60326', 6, '0081819145', '', '''3578161803080011', 'ALDO MAULANA LUKITO', 1, 'SURABAYA', '2008-03-18', 1, 0, 0, 'TIDAK', '081934407151', '083876406092', '', '', 3, '', 2, NULL, 'SMP NEGERI 11 SURABAYA', NULL, NULL, '', NULL, 'WASKITO', 1968, 'TNI', 'SLTP', 0, 'INDARTI', 1973, 'IBU RUMAH TANGGA', 'SLTP', 0, NULL, NULL, NULL, NULL, NULL, 1, 'JATISRONO TIMUR 2/ 29', '002', '004', 'UJUNG', 'SEMAMPIR', 'SURABAYA ', '60155', 'Baru', NULL, NULL, 5, 2, 2, 'b98249b38337c5088bbc660d8f872d6a', NULL, 'Y', NULL, 'Bayar', 'Y', NULL, '1', 'Engky Widyastuti'),
(1568, '60327', 6, '0082034603', '', '''3578162510080005', 'M. FARDHAN ALAMSYAH', 1, 'SURABAYA', '2008-10-25', 1, 0, 0, 'TIDAK', '083115557255', '081358439111', '', '', 3, '', 9, NULL, 'SMP NEGERI 27 SURABAYA', NULL, NULL, '', NULL, 'SOEPRIADI', 1973, 'TNI', 'SLTA', 0, 'ALIFA JUNIATI', 1970, 'IBU RUMAH TANGGA', 'SLTA', 0, NULL, NULL, NULL, NULL, NULL, 1, 'BULAK SARI 7/ 5-A', '007', '006', 'WONOKUSUMO', 'SEMAMPIR', 'SURABAYA', '60154', 'Baru', NULL, NULL, 3, 5, 5, '02d72b702eed900577b953ef7a9c1182', NULL, 'Y', NULL, 'Bayar', 'Y', NULL, '1', 'Engky Widyastuti'),
(1569, '60328', 6, '0094379976', '', '''3578162011080002', 'MARVEL WILDAN FAHREZI', 1, 'SURABAYA', '2008-11-20', 1, 0, 0, 'TIDAK', '081338000240', '''083833333420', '', '', 3, '', 2, NULL, 'SMP NEGERI 54 SURABAYA', NULL, NULL, '', NULL, 'YAKOP ARIYANTO', 1976, 'SWASTA', 'S-1', 0, 'JAMILA,SE', 1977, 'IBU RUMAH TANGGA', 'S-1', 0, NULL, NULL, NULL, NULL, NULL, 1, 'WONOSARI LOR 1/ 61', '004', '014', 'WONOKUSUMO', 'SEMAMPIR', 'SURABAYA ', '60154', 'Baru', NULL, NULL, 4, 2, 2, '01922cbeae89ad4d79ab769e84e7c5da', NULL, 'Y', NULL, 'Bayar', 'Y', NULL, '1', 'Engky Widyastuti'),
(1570, '60329', 6, '0096747383', '', '''3578161302090007', 'MOCH. SALMAN ALFARIZI', 1, 'SURABAYA', '2009-02-13', 1, 0, 0, 'TIDAK', '085732537868', '082335338514', '', '', 3, '', 2, NULL, 'SMP NEGERI 11 SURABAYA', NULL, NULL, '', NULL, 'SA''I', 1974, 'WIRASWASTA', 'SD', 0, 'SUDARWATI', 1977, 'IBU RUMAH TANGGA', 'SLTP', 0, NULL, NULL, NULL, NULL, NULL, 1, 'TENGGUMUNG WETAN 1/ 15', '001', '008', 'WONOKUSUMO', 'SEMAMPIR', 'SURABAYA ', '60154', 'Baru', NULL, NULL, 2, 2, 2, '74765968c67007219b197f4d9aafb4e2', NULL, 'Y', NULL, 'Bayar', 'Y', NULL, '1', 'Engky Widyastuti'),
(1571, '60330', 6, '0088762123', '', '''3307102004080001', 'BAYU ARYA SENA', 1, 'WONOSOBO', '2008-04-20', 1, 0, 0, 'TIDAK', '082131628887', '082139322361', '', '', 3, '', 5, NULL, 'SMP NEGERI 27 SURABAYA', NULL, NULL, '', NULL, 'YATNO', 1975, 'WIRASWASTA', 'SLTP', 0, 'TURNI AL YUNI', 1979, 'IBU RUMAH TANGGA', 'SLTP', 0, NULL, NULL, NULL, NULL, NULL, 1, 'WONOSARI MULYO Gg 11/ 10', '021', '007', 'WONOKUSUMO', 'SEMAMPIR', 'SURABAYA ', '60154', 'Baru', NULL, NULL, 1, 5, 5, '2048d4501a8ee60d3d586159d163dbeb', NULL, 'Y', NULL, 'Bayar', 'Y', NULL, '1', 'Engky Widyastuti'),
(1572, '60331', 6, '0083712619', '', '''3578161911080001', 'AFFAN FARRAS SURYADI', 1, 'SURABAYA', '2008-11-19', 1, 0, 0, 'TIDAK', '089512356156', '089505952636', '', '', 3, '', 2, NULL, 'SMP NEGERI 27 SURABAYA', NULL, NULL, '', NULL, 'ARIS SURYADI, ST', 1976, 'SWASTA', 'S-1', 0, 'DENNY IMANNIA YUNNITA, S.Sos', 1980, 'IBU RUMAH TANGGA', 'S-1', 0, NULL, NULL, NULL, NULL, NULL, 1, 'BULAKSARI 2 BUNTU/21-A', '002', '006', 'WONOKUSUMO', 'SEMAMPIR', 'SURABAYA', '60154', 'Baru', NULL, NULL, 2, 2, 2, '1713a23c14b5033adb074b5464fb6c66', NULL, 'Y', NULL, 'Bayar', 'Y', NULL, '1', 'Engky Widyastuti'),
(1573, '60332', 6, '0088097210', '', '''3501062609080003', 'RADAVA ARDE AL RAMDANI', 1, 'PACITAN', '2008-09-26', 1, 0, 0, 'TIDAK', '085895399814', '085730303507', '', '', 3, '', 9, NULL, 'SMP BARUNAWATI SURABAYA', NULL, NULL, '', NULL, 'ARIF ALMUIS', 1984, 'SWASTA', 'SLTA', 0, 'DEWI SUSANTI', 1985, 'IBU RUMAH TANGGA', 'SLTA', 0, NULL, NULL, NULL, NULL, NULL, 1, 'JOJORAN 3-A BLOK 5 NO. 14', '014', '012', 'MOJO', 'GUBENG', 'SURABAYA ', '60285', 'Baru', NULL, NULL, 1, 5, 5, '927b028cfa24b23a09ff20c1a7f9b398', NULL, 'Y', NULL, 'Bayar', 'Y', NULL, '1', 'Engky Widyastuti'),
(1574, '60333', 6, '0096230581', '', '3578281902090001', 'FAFIAN ARDAM FATAH', 1, 'SURABAYA', '2009-02-19', 1, 160, 50, 'TIDAK', '', '089681744491', '', '', 3, '', 9, NULL, 'SMP HANG TUAH 4 SURABAYA', '', 0, '', NULL, 'KUSNADI', 1977, '', '', 0, 'MUFAROHAH', 1977, '', '', 0, NULL, NULL, NULL, NULL, NULL, 1, 'KALIANAK BARAT NO. 5', '2', '1', 'GENTING KALIANAK', 'ASEMROWO', 'SURABAYA', '60183', 'Baru', '', '', 2, 5, 5, '7a9e5de95f737b31cb6dfe05b616e644', NULL, 'Y', NULL, 'Bayar', 'Y', NULL, '1', 'Dina Zaliniar'),
(1575, '60334', 6, '0087035028', '', '''3515032711080002', 'RISVANDI RIZKI AKHIRI', 1, 'SIDOARJO', '2008-11-27', 1, 0, 0, 'TIDAK', '088989917772', '0885812828467', '', '', 3, '', 2, NULL, 'SMP NEGERI 27 SURABAYA', NULL, NULL, '', NULL, 'PARSIDI', 1971, 'SWASTA', 'SD', 0, 'SUYATI', 1970, 'SWASTA', 'SD', 0, NULL, NULL, NULL, NULL, NULL, 1, ' POGOT 3/ 67', '007', '005', 'TANAH KALI KEDINDING', 'KENJERAN', 'SURABAYA', '60129', 'Baru', NULL, NULL, 1, 2, 2, '988f9153ac4fd966ea302dd9ab9bae15', NULL, 'Y', NULL, 'Bayar', 'Y', NULL, '1', 'Engky Widyastuti'),
(1576, '60335', 6, '0087436083', '', '''3306030608080001', 'MUHAMMAD IBRAHIM', 1, 'PURWOREJO', '2008-08-06', 1, 0, 0, 'TIDAK', '082143647178', '082335707337', '', '', 3, '', 9, NULL, 'SMP NEGERI 27 SURABAYA', NULL, NULL, '', NULL, 'MURDI KUSNOTO', 1976, 'TNI', 'SLTA', 0, 'DEBBY AGUSTIN', 1983, 'IBU RUMAH TANGGA', 'SLTA', 0, NULL, NULL, NULL, NULL, NULL, 1, 'PLATUK DONOMULYO 1-A/26', '001', '013', 'SIDOTOPO WETAN', 'KENJERAN', 'SURABAYA ', '60128', 'Baru', NULL, NULL, 1, 5, 5, 'c7b03782920d35145eb4c97556d194a3', NULL, 'Y', NULL, 'Bayar', 'Y', NULL, '1', 'Engky Widyastuti'),
(1577, '60336', 6, '0081316299', '', '''3578162511080002', 'ASAAHI AQIILAH ANRU', 1, 'SURABAYA', '2008-11-25', 1, 0, 0, 'TIDAK', '081216413590', '081330780091', '', '', 3, '', 9, NULL, 'SMP NEGERI 5 SURABAYA', NULL, NULL, '', NULL, 'MARIANTO', 1982, 'SWASTA', 'SLTA', 0, 'NURUL UMIYATI', 1983, 'IBU RUMAH TANGGA', 'SLTP', 0, NULL, NULL, NULL, NULL, NULL, 1, 'WONOSARI WETAN BARU 11/6', '014', '007', 'WONOKUSUMO', 'SEMAMPIR', 'SURABAYA ', '60154', 'Baru', NULL, NULL, 1, 5, 5, '7e712eefe0de44f5509b2329b9196827', NULL, 'Y', NULL, 'Bayar', 'Y', NULL, '1', 'Dina Zaliniar'),
(1578, '60337', 6, '0091869761', '', '''3578173112070005', 'RIO ACHMAD FIRDAUS', 1, 'SURABAYA', '2009-02-03', 1, 0, 0, 'TIDAK', '089525028270', '0851081376454', '', '', 3, '', 3, NULL, 'SMP NEGERI 47 SURABAYA', '', 0, '', NULL, 'ROSSY HENDRA SAGITA', 0, '-', '-', 0, 'RUFIASIH, SE', 1984, 'SWASTA', 'S-1', 0, NULL, NULL, NULL, NULL, NULL, 1, 'SIKATAN IV/I-D', '004', '001', 'MANUKAN WETAN', 'TANDES', 'SURABAYA', '60185', 'Baru', '', '', 1, 4, 4, 'fca0789e7891cbc0583298a238316122', NULL, 'Y', NULL, 'Bayar', 'Y', NULL, '1', 'Dina Zaliniar'),
(1579, '60338', 6, '0076292599', '', '''3527045512920004', 'ACHMAD SYAFI', 1, 'SAMPANG', '2007-12-31', 1, 0, 0, 'TIDAK', '083119872499', '081331538222', '', '', 3, '', 9, NULL, 'SMP NEGERI 27 SURABAYA', NULL, NULL, '', NULL, 'ASBI', 1975, 'SWASTA', 'SD', 0, 'TOMIYAH', 1978, 'IBU RUMAH TANGGA', 'SD', 0, NULL, NULL, NULL, NULL, NULL, 1, 'BULAK BANTENG MADYA 8/45', '008', '009', 'SIDOTOPO WETAN', 'KENJERAN', 'SURABAYA', '60128', 'Baru', NULL, NULL, 3, 5, 5, '5112277ea658f7138694f079042cc3bb', NULL, 'Y', NULL, 'Bayar', 'Y', NULL, '1', 'Dina Zaliniar'),
(1580, '60339', 6, '''0082866775', '', '''3578161805090004', 'FALIANA APRILIA SABRINA', 2, 'SURABAYA', '2008-04-12', 1, 0, 0, 'TIDAK', '0881026269982', '0881026269982', '20 Menit', '10 km', 3, '', 1, NULL, 'SMP HANG TUAH 4 SURABAYA', '', 0, '', NULL, 'PURWOTO', 0, '', '', 0, 'RATNA JAJARWATI', 0, '', '', 0, NULL, NULL, NULL, NULL, NULL, 1, 'JL. DUPAK Gg 5 NO. 27', '', '', '', '', '', '', 'Baru', '', '', 2, 2, 2, '11953163dd7fb12669b41a48f78a29b6', NULL, 'Y', NULL, 'Bayar', 'Y', NULL, '1', 'Dina Zaliniar'),
(1581, '60340', 6, '0091353035', '', '''3578165002030011', 'A. DAFFA ARIF FIRMANSYAH', 1, 'SURABAYA', '2009-05-18', 1, 0, 0, 'TIDAK', '085700820969', '081528276943', '', '', 3, '', 9, NULL, 'SMP MUHAMMADIYAH 1 SURABAYA', NULL, NULL, '', NULL, 'MAT MORO', 1978, 'SWASTA', 'SLTP', 0, 'MAHMUDAH', 1982, 'IBU RUMAH TANGGA', 'SLTP', 0, NULL, NULL, NULL, NULL, NULL, 1, 'SIDOTOPO 2/ 3', '002', '004', 'SIDOTOPO', 'SEMAMPIR', 'SURABAYA ', '60152', 'Baru', NULL, NULL, 2, 5, 5, '0ebefbe6a3b4e5e0d786c26affc419ad', NULL, 'Y', NULL, 'Bayar', 'Y', NULL, '1', 'Dina Zaliniar'),
(1582, '60341', 6, '0082595679', '', '''3578161309080005', 'SEPTIONO EBIET ABDULLAH RAMADHAN', 1, 'SURABAYA', '2008-09-13', 1, 0, 0, 'TIDAK', '088994033849', '081336203536', '', '', 3, '', 9, NULL, 'SMP NEGERI 27 SURABAYA', NULL, NULL, '', NULL, 'MAKSUM', 1971, 'SWASTA', 'SLTA', 0, 'SUMARMI', 1971, 'IBU RUMAH TANGGA', 'SD', 0, NULL, NULL, NULL, NULL, NULL, 1, 'BULAK SARI LEBAR 10', '009', '006', 'WONOKUSUMO', 'SEMAMPIR', 'SURABAYA ', '60154', 'Baru', NULL, NULL, 2, 5, 5, 'b154e7b21b2ff0a14d96affa6d3fb958', NULL, 'Y', NULL, 'Bayar', 'Y', NULL, '1', 'Dina Zaliniar'),
(1583, '60342', 6, '0078977005', '', '''3578290910070002', 'JOEWAN OKANNAEL SYAPUTRA', 1, 'SURABAYA', '2007-10-09', 1, 0, 0, 'TIDAK', '083170631477', '082230013233', '', '', 3, '', 4, NULL, 'SMP NEGERI 60 SURABAYA', NULL, NULL, '', NULL, 'WAGIRI', 1982, 'SWASTA', 'SLTP', 0, 'JUNINGSIH', 1978, 'SWASTA', 'SLTP', 0, NULL, NULL, NULL, NULL, NULL, 1, 'BULAK RUKEM TIMUR 2-E/ 14', '005', '007', 'BULAK', 'BULAK', 'SURABAYA', '60124', 'Baru', NULL, NULL, 1, 4, 4, '915e3742d51cb477268ba29275c3ce09', NULL, 'Y', NULL, 'Bayar', 'Y', NULL, '1', 'Dina Zaliniar'),
(1584, '60343', 6, '0087563091', '', '''3527032808080001', 'MOCH. FARIL', 1, 'SURABAYA', '2008-08-28', 1, 0, 0, 'TIDAK', '083841541504', '083189808113', '', '', 3, '', 9, NULL, 'SMP ISLAM AL AMAL SURABAYA', NULL, NULL, '', NULL, 'MUHAMAD ROMLI MADANI', 1985, 'SWASTA', 'SD', 0, 'FATMA', 1985, 'IBU RUMAH TANGGA', 'SD', 0, NULL, NULL, NULL, NULL, NULL, 1, 'JATIPURWO 3-B/3', '008', '013', 'UJUNG', 'SEMAMPIR', 'SURABAYA ', '60155', 'Baru', NULL, NULL, 1, 5, 5, '927e838a450e2fe6225edfc3d12e2463', NULL, 'Y', NULL, 'Bayar', 'Y', NULL, '1', 'Dina Zaliniar'),
(1585, '60344', 6, '0086976411', '', '''3578172205080004', 'BAGUS DWI ANANTA', 1, 'SURABAYA', '2008-05-22', 1, 0, 0, 'TIDAK', '089696182244', '08995275500', '', '', 3, '', 9, NULL, 'SMP NEGERI 27 SURABAYA', NULL, NULL, '', NULL, 'KUSWITO', 1981, 'SWASTA', 'SLTA', 0, 'KUSUMA DEWI', 1984, 'IBU RUMAH TANGGA', 'SLTA', 0, NULL, NULL, NULL, NULL, NULL, 1, 'BULAK BANTENG LOR 3/25', '001', '002', 'BULAK BANTENG', 'KENJERAN', 'SURABAYA', '60127', 'Baru', NULL, NULL, 2, 5, 5, '731ae30af8750c2d28720ea3c1f8c2b1', NULL, 'Y', NULL, 'Bayar', 'Y', NULL, '1', 'Dina Zaliniar'),
(1586, '60345', 6, '0088083676', '', '''3578162707080003', 'RASYA PUTRA CAHYONO', 1, 'SURABAYA', '2008-07-27', 1, 0, 0, 'TIDAK', '085186775534', '085176775534', '', '', 3, '', 9, NULL, 'SMP NEGERI 58 SURABAYA', NULL, NULL, '', NULL, 'EKO CAHYONO', 1981, 'SWASTA', 'SLTA', 0, 'RINI', 1985, 'IBU RUMAH TANGGA', 'SLTP', 0, NULL, NULL, NULL, NULL, NULL, 1, 'RUSUN TANAH  MERAH 2 BLOK B LT4/18', '013', '004', 'TANAH KALI KEDINDING', 'KENJERAN', 'SURABAYA ', '60129', 'Baru', NULL, NULL, 1, 5, 5, '4511dccbea0a3350d8ff72c7648cd678', NULL, 'Y', NULL, 'Bayar', 'Y', NULL, '1', 'Dina Zaliniar'),
(1587, '60346', 6, '0089695125', '', '''3578162611080007', 'DIMAS CAESAR WILLYANTO', 1, 'SURABAYA', '2008-11-26', 1, 0, 0, 'TIDAK', '081241593800', '081230003020', '', '', 3, '', 9, NULL, 'SMP NEGERI 11 SURABAYA', NULL, NULL, '', NULL, 'ARI KUSWANTORO', 1984, 'SWASTA', 'SD', 0, 'NANING INDRAYANI', 1984, 'IBU RUMAH TANGGA', 'SD', 0, NULL, NULL, NULL, NULL, NULL, 1, 'KARANG TEMBOK 6/ 5', '009', '004', 'PEGIRIAN', 'SEMAMPIR', 'SURABAYA ', '60153', 'Baru', NULL, NULL, 1, 5, 5, 'b1b0ef5ba6b569680ece2fae998c4d0a', NULL, 'Y', NULL, 'Bayar', 'Y', NULL, '1', 'Dina Zaliniar'),
(1588, '60347', 6, '0091043059', '', '''3578171701090001', 'DIMAS ADHI PURNOMO', 1, 'SURABAYA', '2009-01-17', 1, 0, 0, 'TIDAK', '085795890469', '085103094509', '', '', 3, '', 9, NULL, 'MTs. NAHDLATUL ULAMA MALANG', NULL, NULL, '', NULL, 'HERU PURNOMO,SE', 1979, 'SWASTA', 'S-1', 0, 'MUDMAINAH', 1982, 'IBU RUMAH TANGGA', 'SLTA', 0, NULL, NULL, NULL, NULL, NULL, 1, 'KEDINDING TENGAH 3/7', '001', '002', 'TANAH KALI KEDINDING', 'KENJERAN', 'SURABAYA ', '60129', 'Baru', NULL, NULL, 1, 5, 5, '136c2f0599b3a0175c544b72e4861b9f', NULL, 'Y', NULL, 'Bayar', 'Y', NULL, '1', 'Dina Zaliniar'),
(1589, '60348', 6, '0086775109', '', '''3578162607730002', 'MUHAMMAD ADAM', 1, 'KEDIRI', '2008-10-23', 1, 0, 0, 'TIDAK', '081339409676', '082143763865', '', '', 3, '', 9, NULL, 'SMP NEGERI 11 SURABAYA', NULL, NULL, '', NULL, 'ABDUL HAMID', 1973, 'WIRASWASTA', 'SD', 0, 'NUNUK IRNAWATI', 1986, 'IBU RUMAH TANGGA', 'SLTP', 0, NULL, NULL, NULL, NULL, NULL, 1, 'JATIPURWO 4/6', '007', '013', 'UJUNG', 'SEMAMPIR', 'SURABAYA', '60155', 'Baru', NULL, NULL, 1, 5, 5, '689016f6ee80ef507e2f5d67614b4be8', NULL, 'Y', NULL, 'Bayar', 'Y', NULL, '1', 'Dina Zaliniar'),
(1590, '60349', 6, '0088608976', '', '''357816150880003', 'ALDHEO ANDRELIANO', 1, 'SURABAYA', '2008-08-15', 1, 0, 0, 'TIDAK', '085813473578', '0895606076348', '', '', 3, '', 9, NULL, 'SMP MUHAMMADIYAH I SURABAYA', NULL, NULL, '', NULL, NULL, NULL, NULL, NULL, NULL, NULL, NULL, NULL, NULL, NULL, NULL, NULL, NULL, NULL, NULL, 1, 'SIDOTOPO JAYA 2-A/14', '009', '012', 'SIDOTOPO', 'SEMAMPIR', 'SURABAYA ', '60152', 'Baru', NULL, NULL, 1, 5, 5, '5878531649e31dd68c52529e00059976', NULL, 'Y', NULL, 'Bayar', 'Y', NULL, '1', 'Dina Zaliniar'),
(1591, '60350', 6, '0081787890', '', '''3578123012080006', 'YOGA ADITIYA', 1, 'REO', '2008-12-30', 1, 0, 0, 'TIDAK', '085732580290', '081252328606', '', '', 3, '', 9, NULL, 'SMP LABSCHOOL UNESA I SURABAYA', NULL, NULL, '', NULL, 'SAFRUDIN NUR', 1975, 'SWASTA', 'SLTP', 0, 'JULI SOEPATMI', 1971, 'SWASTA', 'SLTA', 0, NULL, NULL, NULL, NULL, NULL, 1, 'TELUK NIBUNG BARAT 6/ 24', '006', '007', 'TANJUNG PERAK', 'PABEAN CANTIAN', 'SURABAYA ', '60165', 'Baru', NULL, NULL, 3, 5, 5, '9fb4651c05b2ed70fba5afe0b039a550', NULL, 'Y', NULL, 'Bayar', 'Y', NULL, '1', 'Dina Zaliniar'),
(1592, '60351', 6, '0072301306', '', '''3578211303080001', 'MUHAMAD RADITYA PUTRA TAUFIK', 1, 'SURABAYA', '2008-03-31', 1, 0, 0, 'TIDAK', '08999305130', '085608361729', '', '', 3, '', 9, NULL, 'SMP NEGERI 46 SURABAYA', '', 0, '', NULL, 'TAUFIK', 1981, 'SWASTA', 'SLTA', 0, 'ETIK SISWATI', 1983, 'IBU RUMAH TANGGA', 'SLTA', 0, NULL, NULL, NULL, NULL, NULL, 1, 'DUKUH PAKIS 3/44', '005', '002', 'DUKUH PAKIS', 'DUKUH PAKIS', 'SURABAYA', '60225', 'Baru', '', '', 1, 5, 5, '379a7ba015d8bf1c70b8add2c287c6fa', NULL, 'Y', NULL, 'Bayar', 'Y', NULL, '1', 'Dina Zaliniar'),
(1593, '60352', 6, '008515418', '', '''3578292411080002', 'ALVINO DANY SETIAWAN', 1, 'SURABAYA', '2008-11-24', 1, 0, 0, 'TIDAK', '083840812584', '083833087792', '', '', 3, '', 4, NULL, 'SMP NEGERI 60 SURABAYA', NULL, NULL, '', NULL, 'DAWAM', 1975, 'WIRASWASTA', 'SLTP', 0, 'BIBIT', 1976, 'WIRASWASTA', 'SLTP', 0, NULL, NULL, NULL, NULL, NULL, 1, 'GOGORAMI SELATAN 5/7', '007', '003', 'BULAK', 'BULAK', 'SURABAYA ', '60124', 'Baru', NULL, NULL, 2, 4, 4, 'bf40d1cbb2ba9fdad19821fc140fa50c', NULL, 'Y', NULL, 'Bayar', 'Y', NULL, '1', 'Dina Zaliniar'),
(1594, '60353', 6, '0083647112', '', '''3578170301080005', 'MUCH JANUAR AKBAR', 1, 'SURABAYA', '2008-01-03', 1, 0, 0, 'TIDAK', '0882010060380', '08970379922', '', '', 3, '', 4, NULL, 'SMP NEGERI 15 SURABAYA', NULL, NULL, '', NULL, 'TEGUH WIYATNO', 1975, 'SWASTA', 'SLTP', 0, 'RENI YUNITA', 1981, 'IBU RUMAH TANGGA', 'SLTA', 0, NULL, NULL, NULL, NULL, NULL, 1, 'KEDIDINDING LOR GG. GADING NO. 68', '023', '001', 'TANAH KALI KEDINDING', 'KENJERAN', 'SURABAYA', '60129', 'Baru', NULL, NULL, 2, 4, 4, 'f2b5e92f61b6de923b063588ee6e7c48', NULL, 'Y', NULL, 'Bayar', 'Y', NULL, '1', 'Dina Zaliniar'),
(1595, '60354', 6, '0088109675', '', '''3578122612080001', 'NASRUL HUSNI', 1, 'SURABAYA', '2008-12-26', 1, 0, 0, 'TIDAK', '083142113794', '083852653794', '', '', 3, '', 2, NULL, 'SMP NEGERI 7 SURBAYA', NULL, NULL, '', NULL, 'MOCH. SAIFUL BAHRI', 1983, 'SWASTA', 'SLTA', 0, 'RITIYEH', 1986, 'IBU RUMAH TANGGA', 'SD', 0, NULL, NULL, NULL, NULL, NULL, 1, 'TAMBAK GRINSING BARU 3/2/16', '010', '013', 'TANJUNG PERAK', 'PABEAN CANTIAN', 'SURABAYA ', '60164', 'Baru', NULL, NULL, 1, 2, 2, 'f40ee694989b3e2161be989e7b9907fc', NULL, 'Y', NULL, 'Bayar', 'Y', NULL, '1', 'Dina Zaliniar'),
(1596, '60355', 6, '0085317861', '', '''3578173004080005', 'RENDY YANWAR PRATAMA PUTRA', 1, 'SURABAYA', '2008-04-30', 1, 0, 0, 'TIDAK', '085737093236', '08566576587', '', '', 3, '', 4, NULL, 'SMP NEGERI 58 SURABAYA', NULL, NULL, '', NULL, 'RUDI YANWAR', 1982, 'SWASTA', 'SLTA', 0, 'ANDRIYANI', 1986, 'SWASTA', 'SLTA', 0, NULL, NULL, NULL, NULL, NULL, 1, 'POGOT 5 BUNTU NO. 6', '001', '005', 'TANAH KALI KEDINDING', 'KENJERAN', 'SURABAYA ', '60129', 'Baru', NULL, NULL, 1, 4, 4, '052335232b11864986bb2fa20fa38748', NULL, 'Y', NULL, 'Bayar', 'Y', NULL, '1', 'Dina Zaliniar'),
(1597, '60356', 6, '0086556297', '', '''3578110805080003', 'RAFI FATUR RACHMAN', 1, 'SURABAYA', '2008-05-08', 1, 0, 0, 'TIDAK', '0882009267807', '0881026143971', '', '', 3, '', 2, NULL, 'SMP NEGERI 31 SURBAYA', NULL, NULL, '', NULL, 'MOCH. LUTFI EFENDI', 1981, 'WIRASWASTA', 'SLTA', 0, 'ISZAH ARY NUR AINY', 1987, 'IBU RUMAH TANGGA', 'SLTP', 0, NULL, NULL, NULL, NULL, NULL, 1, 'KEDINDING LOR 4/86', '002', '001', 'TANAH KALI KEDINDING', 'KENJERAN', 'SURABAYA', '60129', 'Baru', NULL, NULL, 1, 2, 2, '06cdc05791b8af29eed72084f39143c7', NULL, 'Y', NULL, 'Bayar', 'Y', NULL, '1', 'Dina Zaliniar'),
(1598, '60357', 6, '0087563868', '', '''3578171501080003', 'JONATHAN SURYA KRISTANTO', 1, 'SURABAYA', '2008-01-15', 1, 0, 0, 'TIDAK', '089542944600', '089677236408', '', '', 3, '', 2, NULL, 'SMP NEGERI 58 SURABAYA', NULL, NULL, '', NULL, 'BAMBANG KRISTANTO', 1980, 'SWASTA', '1980', 0, 'DWI SRITYANINGSIH', 1981, 'IBU RUMAH TANGGA', '1981', 0, NULL, NULL, NULL, NULL, NULL, 1, 'TANAH MERAH 3-F/21', '010', '004', 'TANAH KALI KEDINDING', 'KENJERAN', 'SURABAYA', '60129', 'Baru', NULL, NULL, 1, 2, 2, '3c0cd9bcd0686e8bc0a9047eae120cc5', NULL, 'Y', NULL, 'Bayar', 'Y', NULL, '1', 'Dina Zaliniar'),
(1599, '60358', 6, '0082155887', '', '''3578251704080001', 'DZULFI ADITYA RABBANI', 1, 'SURABAYA', '2008-04-17', 1, 0, 0, 'TIDAK', '081357363727', '081216206200', '', '', 3, '', 7, NULL, 'SMP NEGERI 62 SURABAYA', NULL, NULL, '', NULL, 'PRAYOGO ADI PRASETIYO', 1985, 'SWASTA', 'SLTA', 0, 'DEWI EKA AGUSTINA', 1986, 'IBU RUMAH TANGGA', 'D-IV', 0, NULL, NULL, NULL, NULL, NULL, 1, 'GUNUNGANYAR JAYA TENGAH 10.A', '007', '004', 'GUNUNG ANYAR', 'GUNUNG ANYAR', 'SURABAYA', '60294', 'Baru', NULL, NULL, 1, 3, 3, '0004d0b59e19461ff126e3a08a814c33', NULL, 'Y', NULL, 'Bayar', 'Y', NULL, '1', 'Dina Zaliniar'),
(1600, '60359', 6, '0091061284', '', '''3578071703090001', 'MARVEL ALFA RHEZA', 1, 'SURABAYA', '2009-03-17', 1, 0, 0, 'TIDAK', '088991234827', '082245549446', '', '', 3, '', 6, NULL, 'SMP NEGERI 37 SURABAYA', NULL, NULL, '', NULL, 'TURPIN PRIYONO', 1970, 'SWASTA', 'SLTA', 0, 'JAMILATUN', 1969, 'SWASTA', 'SLTA', 0, NULL, NULL, NULL, NULL, NULL, 1, 'TAMBAK DUKUH II NO. 53', '002', '009', 'KAPASARI', 'GENTENG', 'SURABAYA ', '60273', 'Baru', NULL, NULL, 7, 1, 1, '7990ec44fcf3d7a0e5a2add28362213c', NULL, 'Y', NULL, 'Bayar', 'Y', NULL, '1', 'Dina Zaliniar'),
(1601, '60360', 6, '0082071217', '', '''3578291003080001', 'RAYHAN MAULANA PUTRA', 1, 'SURABAYA', '2008-03-10', 1, 0, 0, 'TIDAK', '0895397022909', '085101690345', '', '', 3, '', 9, NULL, 'SMP NEGERI 60 SURABAYA', NULL, NULL, '', NULL, 'SUMARSONO', 1976, 'SWASTA', 'SLTA', 0, 'ANA SANJAYA', 1982, 'IBU RUMAH TANGGA', 'SLTA', 0, NULL, NULL, NULL, NULL, NULL, 1, 'KALILOM LOR INDAH GG. ANGGREK NO. 71', '006', '010', 'TANAH KALI KEDINDING', 'KENJERAN', 'SURABAYA ', '60129', 'Baru', NULL, NULL, 1, 5, 5, 'f50a6c02a3fc5a3a5d4d9391f05f3efc', NULL, 'Y', NULL, 'Bayar', 'Y', NULL, '1', 'Dina Zaliniar'),
(1602, '60361', 6, '0085500640', '', '3578160802080003', 'DWI LINTANG PRASETYA', 1, 'SURABAYA', '2008-02-01', 1, 0, 0, 'TIDAK', '085732253155', '085877836218', '', '', 3, '', 9, NULL, 'SMP NEGERI 58 SURABAYA', '', 0, '', NULL, 'EKO SUWARNO', 1971, 'Sopir', 'SLTA', 3000000, 'SINARIS', 0, '-', '-', 0, NULL, NULL, NULL, NULL, NULL, 1, 'PLATUK DONOMULYO 11/25', '010', '013', 'SIDOTOPO WETAN', 'KENJERAN ', 'SURABAYA', '60128', 'Baru', '', '', 1, 5, 5, '549406198764950208345d143aa67c7d', NULL, 'Y', NULL, 'Bayar', 'Y', NULL, '1', 'Engky Widyastuti'),
(1603, '60362', 6, '0085435438', '', '''35788160208080006', 'FAHRI MANUNGGAL MACHFUT', 1, 'SURABAYA', '2008-08-02', 1, 0, 0, 'TIDAK', '083856607056', '083893326633', '', '', 3, '', 8, NULL, 'SMP  ISLAM LIL WATHON SURABAYA', NULL, NULL, '', NULL, 'MACHFUT', 1973, 'SWASTA', 'SLTA', 0, 'ANI YUNIATI', 1987, 'IBU RUMAH TANGGA', 'SLTA', 0, NULL, NULL, NULL, NULL, NULL, 1, 'TENGGUMUNG WETAN MERPATI 2/12', '007', '008', 'WONOKUSUMO', 'SEMAMPIR', 'SURABAYA ', '60154', 'Baru', NULL, NULL, 2, 3, 3, '4be2c8f27b8a420492f2d44463933eb6', NULL, 'Y', NULL, 'Bayar', 'Y', NULL, '1', 'Engky Widyastuti'),
(1604, '60363', 6, '0085274466', '', '''3578131004080003', 'MOCH SAHAL XAVIANO', 1, 'SURABAYA', '2008-04-10', 1, 0, 0, 'TIDAK', '081358244085', '082229931442', '', '', 3, '', 9, NULL, 'SMP NEGERI 1 SURUH TRENGGALEK', NULL, NULL, '', NULL, 'DWI CAHYO KUSUMO', 1976, 'SWASTA', 'SLTP', 0, 'TITIN RAHAYU', 0, '-', '-', 0, NULL, NULL, NULL, NULL, NULL, 1, 'MARGODADI V/4', '004', '007', 'GUNDIH', 'BUBUTAN', 'SURABAYA ', '60172', 'Baru', NULL, NULL, 3, 5, 5, 'de9621d4c6fa69ce8aaa90f00e9110c5', NULL, 'Y', NULL, 'Bayar', 'Y', NULL, '1', 'Engky Widyastuti'),
(1605, '60364', 6, '0089086382', '', '''3578294908080001', 'TYARA DHUHA AGSLINA', 2, 'SURABAYA', '2008-08-09', 1, 0, 0, 'TIDAK ', '081319783929', '081249066449', '', '', 3, '', 9, NULL, 'SMP NEGERI 54 SURABAYA', NULL, NULL, '', NULL, 'YOYOK YUNIARTONO', 1975, 'SWASTA', 'SLTA', 0, 'NANIK LIDYANTI', 1974, 'IBU RUMAH TANGGA', 'SLTA', 0, NULL, NULL, NULL, NULL, NULL, 1, 'BULAK SETRO UTARA', '003', '004', 'BULAK', 'BULAK', 'SURABAYA', '60124', 'Baru', NULL, NULL, 2, 5, 5, '32b8923dc22023d09a67564a1d45d210', NULL, 'Y', NULL, 'Bayar', 'Y', NULL, '1', 'Engky Widyastuti'),
(1606, '60365', 6, '0089133866', '', '''3578122705080002', 'BIMA AJI PUTRA WIBOWO', 1, 'SURABAYA', '2008-05-27', 1, 0, 0, 'TIDAK', '085708745960', '085732348099', '', '', 3, '', 1, NULL, 'SMP HANGTUAH 4 SURABAYA', NULL, NULL, '', NULL, 'FEBY AGUNG WIBOWO', 1984, 'SWASTA', 'SLTA', 0, 'SULISTYAWATI', 1981, 'SWASTA', 'SLTP', 0, NULL, NULL, NULL, NULL, NULL, 1, 'TELUK ARU 5/15', '004', '004', 'TANJUNG PERAK', 'PABEAN CANTIAN', 'SURABAYA ', '60165', 'Baru', NULL, NULL, 2, 2, 2, '95688ba636a4720a85b3634acfec8cdd', NULL, 'Y', NULL, 'Bayar', 'Y', NULL, '1', 'Engky Widyastuti'),
(1607, '60366', 6, '0085945668', '', '''3578062211080003', 'SANDY DWI SAPUTRA', 1, 'SURABAYA', '2008-11-22', 1, 0, 0, 'TIDAK', '085649321481', '081336979955', '', '', 3, '', 3, NULL, 'SMP ANTARTIKA SURABAYA', NULL, NULL, '', NULL, 'SIDIK', 1971, 'SWASTA', 'SD', 0, 'SAMIAH', 1983, 'IBU RUMAH TANGGA', 'SLTA', 0, NULL, NULL, NULL, NULL, NULL, 1, 'BANYU URIP KIDUL 3/11-C', '004', '004', 'BANYU URIP', 'SAWAHAN', 'SURABAYA ', '60254', 'Baru', NULL, NULL, 2, 4, 4, '33ceb07bf4eeb3da587e268d663aba1a', NULL, 'Y', NULL, 'Bayar', 'Y', NULL, '1', 'Engky Widyastuti'),
(1608, '60367', 6, '0089447601', '', '''3578160506080003', 'JOSHUA GILBERTO PISON', 1, 'SURABAYA', '2008-06-05', 3, 0, 0, 'TIDAK', '0895419858010', '089666840218', '', '', 3, '', 9, NULL, 'SMP NEGRI 27 SURABAYA', NULL, NULL, '', NULL, 'BOWO HERWIYANTO', 1969, 'SWASTA', 'SLTA', 0, 'ANCE KRISTINA TAMBAHANI', 1986, 'IBU RUMAH TANGGA', 'SLTA', 0, NULL, NULL, NULL, NULL, NULL, 1, 'BULAKSARI 3/11-A', '003', '006', 'WONOKUSUMO', 'SEMAMPIR', 'SURABAYA ', '60154', 'Baru', NULL, NULL, 2, 5, 5, '169582a799e5b6c46fdfd432379f60d8', NULL, 'Y', NULL, 'Bayar', 'Y', NULL, '1', 'Engky Widyastuti'),
(1609, '60368', 6, '3089773582', '9516', '3578172706080004', 'Arziq kholid syaifullah', 1, 'Surabaya', '2008-06-27', 1, 155, 47, 'Tidak', '', '081918135758', '15 menit', '5,5km', 3, 'alyaframziq84@gmail.com', NULL, NULL, 'Smp Muhammadiyah 12 paciran', NULL, NULL, '', NULL, NULL, NULL, NULL, NULL, NULL, NULL, NULL, NULL, NULL, NULL, NULL, NULL, NULL, NULL, NULL, 1, 'Surabaya kenjeran jl kedung mangu no 81', '16', '03', 'Sidotopo wetan', 'Kenjeran', 'Sutabaya', '60128', 'Baru', NULL, NULL, 2, 4, 2, '366ce3dedb69b786dae1aa8d75e4e765', NULL, 'Y', NULL, 'Belum Bayar', 'N', NULL, '0', NULL),
(1610, '60369', 6, NULL, NULL, '''3578271010080003', 'FACHRUL ZIBRAN', NULL, NULL, NULL, NULL, NULL, NULL, NULL, NULL, '081335747557', NULL, NULL, NULL, NULL, 6, NULL, 'SMP Negeri 50 Surabaya', NULL, NULL, NULL, NULL, NULL, NULL, NULL, NULL, NULL, NULL, NULL, NULL, NULL, NULL, NULL, NULL, NULL, NULL, NULL, NULL, 'Jl. Simorejo Sari B XIV/ 29', NULL, NULL, NULL, NULL, NULL, NULL, 'Baru', NULL, NULL, NULL, 1, 1, 'feade1d2047977cd0cefdafc40175a99', NULL, 'Y', NULL, 'Bayar', 'Y', NULL, '1', 'Dina Zaliniar'),
(1611, '60370', 6, NULL, NULL, '''3578160907080013', 'BAGAS JULIANSYAH', NULL, NULL, NULL, NULL, NULL, NULL, NULL, NULL, '081232004411', NULL, NULL, NULL, NULL, 6, NULL, 'SMP MUHAMMADIYAH 1 SURABAYA', NULL, NULL, NULL, NULL, NULL, NULL, NULL, NULL, NULL, NULL, NULL, NULL, NULL, NULL, NULL, NULL, NULL, NULL, NULL, NULL, 'SIDOTOPO SEKOLAHAN 2/40', NULL, NULL, NULL, NULL, NULL, NULL, 'Baru', NULL, NULL, NULL, 1, 1, '94739e5a5164b4d2396e253a11d57044', NULL, 'Y', NULL, 'Bayar', 'Y', NULL, '1', 'Engky Widyastuti');

-- --------------------------------------------------------

--
-- Table structure for table `d_siswa_atribut`
--

CREATE TABLE IF NOT EXISTS `d_siswa_atribut` (
`id` bigint(20) NOT NULL,
  `siswa_id` bigint(20) DEFAULT NULL,
  `atribut_id` bigint(20) DEFAULT NULL
) ENGINE=InnoDB AUTO_INCREMENT=164 DEFAULT CHARSET=utf8;

--
-- Dumping data for table `d_siswa_atribut`
--

INSERT INTO `d_siswa_atribut` (`id`, `siswa_id`, `atribut_id`) VALUES
(2, 1278, 1),
(3, 1278, 2),
(4, 1278, 3),
(5, 1278, 8),
(6, 1278, 11),
(7, 1278, 13),
(8, 1258, 1),
(9, 1258, 2),
(10, 1258, 3),
(11, 1258, 11),
(12, 1258, 13),
(13, 1258, 8),
(14, 1257, 1),
(15, 1257, 2),
(16, 1257, 3),
(17, 1257, 8),
(18, 1257, 11),
(19, 1257, 13),
(20, 1248, 1),
(21, 1248, 2),
(22, 1248, 3),
(23, 1248, 8),
(24, 1248, 11),
(25, 1248, 13),
(26, 1280, 1),
(27, 1280, 2),
(28, 1280, 3),
(29, 1280, 8),
(30, 1280, 11),
(31, 1280, 13),
(32, 1293, 13),
(33, 1293, 11),
(34, 1293, 8),
(35, 1293, 1),
(36, 1293, 2),
(37, 1293, 3),
(38, 1294, 13),
(39, 1294, 11),
(40, 1294, 8),
(41, 1294, 1),
(42, 1294, 2),
(43, 1294, 3),
(44, 1298, 1),
(45, 1298, 2),
(46, 1298, 3),
(47, 1298, 8),
(48, 1298, 11),
(49, 1298, 13),
(50, 1301, 1),
(51, 1301, 2),
(52, 1301, 3),
(53, 1301, 8),
(54, 1301, 11),
(55, 1301, 13),
(56, 1263, 1),
(57, 1263, 2),
(58, 1263, 3),
(59, 1263, 8),
(60, 1263, 11),
(61, 1263, 13),
(62, 1273, 1),
(63, 1273, 2),
(64, 1273, 3),
(65, 1273, 8),
(66, 1273, 11),
(67, 1273, 13),
(68, 1243, 1),
(69, 1243, 2),
(70, 1243, 3),
(71, 1243, 8),
(72, 1243, 11),
(73, 1243, 13),
(74, 1277, 1),
(75, 1277, 2),
(76, 1277, 3),
(77, 1277, 8),
(78, 1277, 11),
(79, 1277, 13),
(80, 1289, 1),
(81, 1289, 2),
(82, 1289, 3),
(83, 1289, 8),
(84, 1289, 11),
(85, 1289, 13),
(86, 1251, 1),
(87, 1251, 2),
(88, 1251, 3),
(89, 1251, 8),
(90, 1251, 11),
(91, 1251, 13),
(92, 1287, 1),
(93, 1287, 2),
(94, 1287, 3),
(95, 1287, 8),
(96, 1287, 11),
(97, 1287, 13),
(98, 1261, 1),
(99, 1261, 2),
(100, 1261, 3),
(101, 1261, 8),
(102, 1261, 11),
(103, 1261, 13),
(104, 1262, 1),
(105, 1262, 2),
(106, 1262, 3),
(107, 1262, 8),
(108, 1262, 11),
(109, 1262, 13),
(110, 1272, 1),
(111, 1272, 2),
(112, 1272, 3),
(113, 1272, 8),
(114, 1272, 11),
(115, 1272, 13),
(116, 1250, 1),
(117, 1250, 2),
(118, 1250, 3),
(119, 1250, 13),
(120, 1250, 11),
(121, 1250, 8),
(122, 1271, 13),
(123, 1271, 11),
(124, 1271, 8),
(125, 1271, 3),
(126, 1271, 1),
(127, 1271, 2),
(128, 1256, 1),
(129, 1256, 2),
(130, 1256, 3),
(131, 1256, 13),
(132, 1256, 11),
(133, 1256, 8),
(134, 1274, 1),
(135, 1274, 2),
(136, 1274, 3),
(137, 1274, 8),
(138, 1274, 11),
(139, 1274, 13),
(140, 1260, 1),
(141, 1260, 2),
(142, 1260, 3),
(143, 1260, 8),
(144, 1260, 11),
(145, 1260, 13),
(146, 1269, 13),
(147, 1269, 11),
(148, 1269, 8),
(149, 1269, 1),
(150, 1269, 2),
(151, 1269, 3),
(152, 1290, 13),
(153, 1290, 11),
(154, 1290, 8),
(155, 1290, 1),
(156, 1290, 2),
(157, 1290, 3),
(158, 1242, 1),
(159, 1242, 2),
(160, 1242, 3),
(161, 1242, 8),
(162, 1242, 11),
(163, 1242, 13);

-- --------------------------------------------------------

--
-- Table structure for table `d_siswa_berkas`
--

CREATE TABLE IF NOT EXISTS `d_siswa_berkas` (
`id` bigint(20) NOT NULL,
  `siswa_id` bigint(20) DEFAULT NULL,
  `berkas_id` bigint(20) DEFAULT NULL
) ENGINE=InnoDB AUTO_INCREMENT=6871 DEFAULT CHARSET=utf8;

--
-- Dumping data for table `d_siswa_berkas`
--

INSERT INTO `d_siswa_berkas` (`id`, `siswa_id`, `berkas_id`) VALUES
(3568, 837, 3),
(3569, 837, 6),
(3570, 837, 5),
(3572, 845, 5),
(3573, 845, 6),
(3574, 844, 5),
(3575, 844, 6),
(3576, 841, 5),
(3577, 842, 3),
(3579, 839, 5),
(3580, 839, 6),
(3584, 835, 3),
(3585, 835, 5),
(3586, 835, 6),
(3587, 838, 3),
(3588, 838, 5),
(3589, 838, 6),
(3590, 857, 1),
(3591, 857, 2),
(3592, 857, 3),
(3593, 857, 4),
(3594, 857, 5),
(3595, 857, 6),
(3596, 857, 7),
(3597, 857, 8),
(3598, 856, 3),
(3599, 851, 5),
(3600, 854, 3),
(3601, 854, 5),
(3602, 854, 6),
(3603, 858, 3),
(3604, 858, 5),
(3605, 835, 1),
(3606, 835, 4),
(3607, 835, 7),
(3608, 835, 8),
(3609, 861, 3),
(3610, 861, 4),
(3611, 861, 5),
(3612, 861, 6),
(3613, 861, 7),
(3617, 852, 1),
(3618, 852, 3),
(3619, 852, 4),
(3620, 852, 7),
(3621, 852, 8),
(3622, 852, 5),
(3623, 852, 6),
(3624, 861, 8),
(3625, 867, 3),
(3626, 867, 4),
(3627, 867, 5),
(3628, 867, 6),
(3629, 873, 3),
(3630, 873, 6),
(3631, 873, 5),
(3632, 873, 1),
(3635, 855, 3),
(3637, 855, 5),
(3638, 855, 6),
(3639, 872, 5),
(3640, 880, 5),
(3641, 880, 6),
(3642, 886, 1),
(3643, 886, 3),
(3644, 886, 4),
(3645, 886, 5),
(3646, 886, 6),
(3647, 886, 7),
(3648, 886, 8),
(3649, 844, 1),
(3650, 844, 3),
(3651, 844, 4),
(3652, 844, 7),
(3653, 844, 8),
(3654, 851, 1),
(3655, 851, 3),
(3656, 851, 4),
(3657, 851, 6),
(3658, 851, 7),
(3659, 851, 8),
(3660, 888, 1),
(3661, 888, 3),
(3662, 888, 4),
(3663, 888, 5),
(3664, 888, 6),
(3665, 888, 7),
(3666, 888, 8),
(3667, 847, 1),
(3668, 847, 3),
(3669, 847, 5),
(3670, 847, 6),
(3671, 847, 7),
(3672, 847, 8),
(3673, 883, 1),
(3674, 883, 3),
(3675, 837, 1),
(3676, 883, 5),
(3677, 883, 6),
(3678, 837, 4),
(3679, 883, 7),
(3680, 837, 7),
(3682, 837, 8),
(3683, 883, 8),
(3684, 890, 5),
(3685, 890, 6),
(3686, 890, 1),
(3687, 890, 3),
(3688, 890, 4),
(3689, 890, 7),
(3691, 890, 8),
(3692, 838, 1),
(3693, 838, 8),
(3694, 838, 7),
(3695, 858, 4),
(3696, 858, 6),
(3697, 858, 7),
(3698, 858, 8),
(3699, 849, 7),
(3700, 875, 1),
(3701, 875, 8),
(3702, 875, 7),
(3703, 849, 4),
(3704, 875, 6),
(3705, 875, 5),
(3706, 849, 8),
(3707, 849, 1),
(3708, 875, 4),
(3709, 875, 3),
(3710, 873, 4),
(3711, 873, 7),
(3712, 873, 8),
(3713, 899, 1),
(3714, 899, 8),
(3715, 884, 1),
(3716, 884, 3),
(3717, 899, 3),
(3718, 884, 6),
(3719, 884, 5),
(3720, 884, 7),
(3721, 884, 8),
(3722, 899, 4),
(3723, 899, 5),
(3724, 899, 6),
(3725, 839, 1),
(3726, 839, 7),
(3727, 839, 4),
(3728, 879, 1),
(3729, 879, 7),
(3730, 879, 4),
(3731, 860, 1),
(3732, 860, 8),
(3733, 860, 5),
(3734, 860, 4),
(3736, 877, 1),
(3737, 877, 8),
(3738, 877, 3),
(3739, 877, 5),
(3740, 877, 7),
(3741, 877, 6),
(3742, 862, 3),
(3743, 862, 5),
(3744, 862, 6),
(3745, 900, 5),
(3746, 900, 6),
(3747, 900, 4),
(3748, 900, 3),
(3749, 900, 7),
(3750, 900, 8),
(3751, 900, 1),
(3752, 856, 1),
(3753, 856, 4),
(3754, 856, 5),
(3755, 856, 6),
(3756, 856, 7),
(3757, 856, 8),
(3758, 845, 1),
(3759, 845, 8),
(3760, 845, 3),
(3761, 845, 4),
(3762, 902, 4),
(3763, 902, 8),
(3764, 902, 6),
(3765, 902, 3),
(3766, 902, 5),
(3767, 902, 7),
(3768, 864, 7),
(3769, 864, 8),
(3770, 864, 6),
(3771, 864, 5),
(3772, 864, 3),
(3773, 854, 1),
(3774, 854, 7),
(3775, 854, 8),
(3776, 854, 4),
(3777, 880, 1),
(3778, 880, 8),
(3779, 880, 7),
(3780, 880, 3),
(3781, 880, 4),
(3782, 908, 5),
(3783, 848, 8),
(3784, 848, 1),
(3785, 848, 7),
(3786, 848, 3),
(3787, 840, 1),
(3788, 840, 8),
(3789, 840, 7),
(3791, 879, 6),
(3793, 879, 5),
(3796, 850, 1),
(3797, 850, 7),
(3798, 850, 8),
(3799, 850, 3),
(3800, 850, 5),
(3801, 850, 6),
(3802, 850, 4),
(3803, 895, 1),
(3804, 895, 7),
(3805, 895, 8),
(3806, 895, 3),
(3807, 895, 5),
(3808, 895, 6),
(3809, 895, 4),
(3810, 855, 8),
(3811, 855, 4),
(3812, 855, 1),
(3814, 903, 1),
(3815, 903, 8),
(3816, 903, 7),
(3817, 903, 3),
(3818, 903, 4),
(3819, 903, 5),
(3820, 903, 6),
(3821, 874, 1),
(3822, 874, 8),
(3823, 874, 7),
(3824, 874, 3),
(3825, 874, 4),
(3826, 874, 5),
(3827, 874, 6),
(3828, 859, 8),
(3829, 859, 1),
(3830, 859, 3),
(3831, 859, 6),
(3832, 859, 5),
(3833, 859, 4),
(3834, 859, 7),
(3835, 866, 1),
(3836, 871, 1),
(3837, 871, 3),
(3838, 871, 4),
(3839, 871, 5),
(3840, 871, 6),
(3843, 894, 4),
(3844, 894, 5),
(3845, 894, 6),
(3847, 887, 8),
(3848, 887, 1),
(3849, 887, 6),
(3850, 887, 5),
(3851, 887, 4),
(3852, 887, 3),
(3853, 866, 8),
(3854, 866, 7),
(3855, 866, 3),
(3856, 866, 4),
(3857, 866, 5),
(3858, 866, 6),
(3861, 855, 7),
(3862, 848, 5),
(3863, 848, 6),
(3864, 860, 6),
(3865, 860, 3),
(3866, 878, 1),
(3867, 878, 8),
(3868, 878, 7),
(3869, 878, 6),
(3870, 878, 5),
(3871, 878, 4),
(3872, 878, 3),
(3873, 868, 1),
(3874, 868, 8),
(3875, 868, 7),
(3876, 868, 3),
(3877, 868, 4),
(3878, 868, 5),
(3879, 868, 6),
(3880, 872, 3),
(3881, 872, 6),
(3882, 872, 1),
(3883, 867, 1),
(3884, 867, 7),
(3885, 867, 8),
(3886, 901, 1),
(3887, 901, 4),
(3888, 901, 3),
(3889, 901, 5),
(3890, 901, 6),
(3891, 901, 7),
(3892, 901, 8),
(3893, 904, 1),
(3894, 904, 8),
(3895, 904, 4),
(3896, 904, 5),
(3897, 904, 6),
(3898, 904, 3),
(3899, 897, 1),
(3900, 897, 3),
(3901, 897, 4),
(3902, 897, 5),
(3903, 897, 6),
(3904, 897, 7),
(3905, 897, 8),
(3906, 898, 1),
(3907, 898, 3),
(3908, 898, 4),
(3909, 898, 5),
(3910, 898, 6),
(3911, 898, 7),
(3912, 898, 8),
(3913, 842, 1),
(3914, 842, 4),
(3915, 842, 5),
(3916, 842, 6),
(3917, 842, 7),
(3918, 842, 8),
(3919, 883, 4),
(3920, 847, 4),
(3921, 853, 1),
(3922, 853, 3),
(3923, 853, 4),
(3924, 853, 5),
(3925, 853, 6),
(3926, 853, 7),
(3927, 853, 8),
(3928, 872, 8),
(3929, 872, 7),
(3930, 872, 4),
(3931, 871, 7),
(3932, 871, 8),
(3933, 909, 5),
(3934, 909, 6),
(3935, 926, 5),
(3936, 926, 6),
(3937, 927, 5),
(3938, 927, 6),
(3939, 877, 4),
(3940, 916, 1),
(3941, 916, 8),
(3942, 916, 7),
(3943, 916, 5),
(3944, 916, 4),
(3945, 916, 3),
(3946, 916, 6),
(3947, 840, 6),
(3948, 840, 5),
(3949, 840, 4),
(3950, 840, 3),
(3951, 935, 3),
(3952, 935, 5),
(3953, 935, 6),
(3954, 907, 7),
(3955, 907, 8),
(3956, 907, 6),
(3957, 907, 5),
(3958, 907, 4),
(3959, 907, 3),
(3960, 848, 4),
(3961, 846, 1),
(3962, 846, 3),
(3963, 846, 4),
(3964, 846, 5),
(3965, 846, 8),
(3966, 846, 7),
(3967, 846, 6),
(3968, 941, 6),
(3969, 941, 5),
(3970, 941, 3),
(3971, 909, 3),
(3972, 909, 4),
(3973, 909, 1),
(3974, 909, 7),
(3975, 909, 8),
(3976, 938, 5),
(3977, 943, 1),
(3978, 943, 3),
(3979, 943, 5),
(3980, 943, 6),
(3981, 943, 8),
(3982, 911, 5),
(3983, 911, 6),
(3984, 912, 5),
(3985, 910, 5),
(3986, 910, 6),
(3987, 906, 1),
(3988, 906, 3),
(3989, 906, 4),
(3990, 906, 5),
(3991, 906, 6),
(3992, 906, 8),
(3993, 951, 5),
(3994, 951, 6),
(3995, 950, 5),
(3996, 950, 6),
(3997, 917, 1),
(3998, 917, 7),
(3999, 917, 8),
(4000, 917, 4),
(4001, 919, 3),
(4002, 917, 3),
(4003, 919, 5),
(4004, 919, 6),
(4005, 917, 5),
(4006, 917, 6),
(4007, 947, 1),
(4008, 927, 1),
(4009, 947, 8),
(4010, 927, 8),
(4011, 927, 7),
(4012, 927, 3),
(4013, 927, 4),
(4014, 947, 7),
(4015, 947, 3),
(4016, 947, 4),
(4017, 947, 5),
(4018, 947, 6),
(4019, 924, 1),
(4020, 924, 8),
(4021, 924, 7),
(4022, 924, 3),
(4023, 924, 5),
(4024, 924, 6),
(4025, 922, 1),
(4026, 922, 8),
(4027, 944, 1),
(4028, 944, 8),
(4029, 944, 4),
(4030, 922, 7),
(4031, 922, 6),
(4032, 922, 5),
(4033, 922, 3),
(4034, 944, 7),
(4035, 944, 5),
(4036, 944, 6),
(4037, 944, 3),
(4038, 936, 1),
(4039, 936, 7),
(4040, 936, 8),
(4041, 936, 3),
(4042, 936, 5),
(4043, 936, 6),
(4044, 912, 1),
(4045, 912, 7),
(4046, 912, 8),
(4047, 912, 3),
(4048, 912, 4),
(4049, 912, 6),
(4050, 939, 1),
(4051, 939, 7),
(4052, 939, 8),
(4053, 939, 5),
(4054, 939, 6),
(4055, 939, 4),
(4056, 939, 3),
(4057, 918, 8),
(4058, 918, 1),
(4059, 918, 5),
(4060, 918, 6),
(4061, 918, 3),
(4062, 926, 4),
(4063, 946, 1),
(4064, 946, 8),
(4065, 946, 7),
(4066, 946, 3),
(4067, 946, 6),
(4068, 946, 5),
(4069, 946, 4),
(4070, 914, 5),
(4071, 913, 1),
(4072, 913, 3),
(4073, 913, 4),
(4074, 913, 5),
(4075, 913, 6),
(4076, 913, 8),
(4077, 913, 7),
(4078, 935, 1),
(4079, 935, 4),
(4080, 935, 8),
(4081, 906, 7),
(4082, 949, 1),
(4083, 949, 8),
(4084, 949, 3),
(4085, 949, 4),
(4086, 949, 6),
(4088, 949, 5),
(4089, 949, 7),
(4090, 934, 1),
(4091, 934, 8),
(4092, 934, 3),
(4093, 934, 4),
(4094, 934, 5),
(4095, 934, 6),
(4096, 934, 7),
(4097, 925, 1),
(4098, 925, 3),
(4099, 925, 4),
(4100, 925, 5),
(4101, 925, 6),
(4102, 925, 7),
(4103, 925, 8),
(4104, 910, 1),
(4105, 910, 3),
(4106, 910, 4),
(4107, 910, 7),
(4108, 910, 8),
(4109, 933, 8),
(4110, 933, 7),
(4111, 933, 1),
(4112, 933, 4),
(4113, 933, 6),
(4114, 933, 3),
(4115, 933, 5),
(4122, 915, 1),
(4123, 915, 8),
(4124, 951, 1),
(4125, 915, 3),
(4126, 951, 3),
(4127, 915, 6),
(4128, 951, 4),
(4129, 915, 5),
(4130, 951, 7),
(4131, 951, 8),
(4132, 915, 7),
(4133, 950, 1),
(4134, 950, 7),
(4135, 950, 8),
(4136, 950, 3),
(4137, 950, 4),
(4138, 920, 1),
(4139, 920, 3),
(4140, 920, 5),
(4141, 920, 6),
(4142, 920, 7),
(4143, 863, 7),
(4144, 863, 8),
(4145, 863, 3),
(4146, 863, 4),
(4147, 863, 5),
(4148, 930, 1),
(4149, 930, 7),
(4150, 930, 3),
(4151, 930, 6),
(4152, 930, 5),
(4153, 938, 1),
(4154, 908, 1),
(4155, 938, 7),
(4156, 908, 3),
(4157, 938, 8),
(4158, 908, 4),
(4159, 938, 6),
(4160, 908, 6),
(4161, 908, 7),
(4162, 908, 8),
(4163, 923, 3),
(4164, 923, 5),
(4165, 923, 6),
(4166, 923, 7),
(4167, 963, 3),
(4168, 963, 5),
(4169, 963, 6),
(4170, 961, 1),
(4171, 961, 3),
(4172, 961, 4),
(4173, 961, 5),
(4174, 961, 6),
(4175, 961, 7),
(4176, 961, 8),
(4177, 930, 8),
(4178, 920, 8),
(4179, 965, 2),
(4180, 965, 5),
(4181, 965, 6),
(4182, 863, 6),
(4183, 968, 5),
(4184, 914, 6),
(4185, 914, 3),
(4186, 926, 7),
(4187, 926, 3),
(4188, 941, 1),
(4189, 941, 4),
(4190, 941, 7),
(4191, 941, 8),
(4192, 976, 5),
(4193, 976, 6),
(4194, 975, 5),
(4195, 970, 3),
(4196, 970, 5),
(4197, 970, 6),
(4198, 969, 4),
(4199, 969, 3),
(4200, 969, 5),
(4201, 969, 6),
(4202, 966, 3),
(4203, 966, 6),
(4204, 966, 5),
(4205, 907, 1),
(4206, 904, 7),
(4207, 923, 1),
(4208, 923, 4),
(4209, 923, 8),
(4211, 964, 1),
(4213, 964, 3),
(4214, 964, 4),
(4215, 964, 5),
(4216, 964, 6),
(4217, 964, 7),
(4218, 979, 5),
(4220, 919, 4),
(4221, 919, 1),
(4222, 919, 7),
(4223, 919, 8),
(4224, 914, 1),
(4225, 914, 4),
(4226, 914, 7),
(4227, 914, 8),
(4228, 924, 4),
(4229, 964, 2),
(4230, 978, 3),
(4231, 978, 5),
(4232, 978, 6),
(4233, 926, 1),
(4234, 926, 8),
(4235, 965, 3),
(4236, 984, 5),
(4237, 985, 1),
(4238, 985, 2),
(4239, 985, 3),
(4240, 985, 4),
(4241, 985, 5),
(4242, 985, 6),
(4243, 985, 8),
(4244, 943, 7),
(4245, 943, 4),
(4246, 936, 4),
(4247, 993, 5),
(4248, 993, 6),
(4249, 988, 5),
(4250, 988, 6),
(4251, 922, 4),
(4252, 989, 5),
(4253, 989, 6),
(4254, 965, 4),
(4255, 981, 5),
(4256, 981, 6),
(4257, 940, 8),
(4258, 940, 3),
(4259, 940, 1),
(4260, 940, 4),
(4261, 940, 5),
(4262, 940, 6),
(4263, 940, 7),
(4264, 999, 3),
(4265, 999, 5),
(4266, 999, 6),
(4267, 1005, 3),
(4268, 1005, 5),
(4269, 1005, 6),
(4270, 1000, 3),
(4271, 1000, 5),
(4272, 1000, 6),
(4273, 1008, 5),
(4274, 1008, 6),
(4275, 1008, 3),
(4276, 967, 1),
(4277, 967, 8),
(4278, 967, 7),
(4279, 967, 6),
(4280, 967, 5),
(4281, 967, 3),
(4282, 1011, 3),
(4283, 1011, 6),
(4284, 1011, 5),
(4285, 1013, 3),
(4286, 1013, 6),
(4287, 1013, 5),
(4288, 1018, 5),
(4289, 1009, 5),
(4290, 1009, 6),
(4291, 993, 8),
(4292, 993, 3),
(4293, 993, 7),
(4294, 993, 4),
(4295, 1030, 3),
(4296, 1030, 4),
(4297, 1030, 5),
(4298, 1030, 6),
(4299, 1030, 7),
(4300, 1030, 8),
(4301, 1031, 3),
(4302, 1031, 5),
(4303, 1031, 6),
(4304, 1026, 5),
(4305, 1026, 6),
(4306, 1000, 8),
(4307, 1000, 4),
(4308, 1000, 1),
(4309, 1027, 5),
(4310, 1031, 1),
(4311, 1031, 4),
(4312, 955, 1),
(4313, 955, 7),
(4314, 955, 8),
(4315, 955, 3),
(4316, 955, 6),
(4317, 955, 5),
(4318, 968, 1),
(4319, 968, 7),
(4320, 968, 8),
(4321, 968, 3),
(4322, 968, 4),
(4323, 968, 6),
(4324, 969, 1),
(4325, 969, 7),
(4326, 969, 8),
(4327, 971, 1),
(4328, 971, 8),
(4329, 971, 3),
(4330, 971, 4),
(4331, 971, 5),
(4332, 971, 6),
(4333, 975, 8),
(4334, 975, 1),
(4335, 975, 7),
(4336, 975, 6),
(4337, 975, 4),
(4338, 975, 3),
(4339, 976, 1),
(4340, 976, 8),
(4341, 976, 7),
(4342, 976, 4),
(4343, 976, 3),
(4344, 977, 3),
(4345, 977, 5),
(4346, 977, 6),
(4347, 979, 1),
(4348, 979, 3),
(4349, 979, 6),
(4350, 979, 7),
(4351, 979, 8),
(4352, 979, 4),
(4353, 981, 1),
(4354, 981, 3),
(4355, 981, 4),
(4356, 981, 7),
(4357, 981, 8),
(4358, 952, 1),
(4359, 952, 3),
(4360, 952, 4),
(4362, 952, 5),
(4363, 952, 7),
(4364, 970, 1),
(4365, 970, 8),
(4366, 965, 7),
(4367, 983, 1),
(4368, 983, 8),
(4369, 983, 7),
(4370, 983, 6),
(4371, 983, 5),
(4372, 983, 4),
(4373, 983, 3),
(4374, 984, 1),
(4375, 984, 3),
(4376, 984, 4),
(4377, 984, 6),
(4378, 984, 7),
(4379, 984, 8),
(4380, 986, 1),
(4381, 986, 8),
(4382, 986, 7),
(4383, 986, 3),
(4384, 986, 4),
(4385, 986, 5),
(4386, 986, 6),
(4387, 1026, 1),
(4388, 1026, 7),
(4389, 1026, 8),
(4390, 1026, 3),
(4391, 1026, 4),
(4392, 988, 1),
(4393, 988, 3),
(4394, 988, 7),
(4395, 989, 8),
(4397, 989, 3),
(4398, 989, 7),
(4399, 989, 1),
(4400, 990, 1),
(4401, 990, 8),
(4402, 990, 7),
(4403, 990, 6),
(4404, 990, 5),
(4405, 990, 3),
(4406, 990, 4),
(4407, 991, 1),
(4408, 991, 8),
(4409, 991, 7),
(4410, 991, 6),
(4411, 991, 5),
(4412, 991, 3),
(4413, 995, 1),
(4414, 995, 3),
(4415, 995, 4),
(4416, 995, 5),
(4417, 995, 6),
(4418, 995, 8),
(4419, 996, 1),
(4420, 996, 8),
(4421, 996, 7),
(4422, 996, 3),
(4423, 996, 6),
(4424, 996, 5),
(4425, 998, 1),
(4426, 998, 8),
(4427, 998, 7),
(4428, 998, 6),
(4429, 998, 5),
(4430, 998, 3),
(4431, 998, 4),
(4432, 999, 8),
(4433, 1002, 3),
(4434, 1002, 4),
(4435, 1002, 5),
(4436, 1002, 6),
(4437, 1003, 1),
(4438, 1003, 8),
(4439, 1003, 7),
(4440, 1003, 3),
(4441, 1003, 4),
(4442, 1003, 5),
(4443, 1003, 6),
(4444, 1005, 8),
(4445, 1006, 1),
(4446, 1006, 8),
(4447, 1006, 7),
(4448, 1006, 3),
(4449, 1006, 4),
(4450, 1006, 6),
(4451, 1006, 5),
(4452, 1010, 8),
(4453, 1010, 7),
(4454, 1010, 3),
(4455, 1010, 5),
(4457, 1011, 7),
(4458, 1011, 1),
(4459, 1012, 1),
(4460, 1012, 7),
(4461, 1012, 8),
(4462, 1012, 6),
(4463, 1012, 4),
(4464, 1012, 3),
(4465, 1012, 5),
(4466, 1013, 1),
(4467, 1013, 4),
(4468, 1013, 8),
(4469, 1013, 7),
(4470, 1014, 5),
(4471, 1014, 6),
(4472, 1016, 1),
(4473, 1016, 3),
(4474, 1016, 4),
(4475, 1016, 5),
(4476, 1016, 7),
(4477, 1016, 8),
(4478, 1016, 6),
(4479, 1018, 7),
(4480, 1018, 6),
(4481, 1018, 4),
(4483, 1018, 2),
(4484, 1018, 3),
(4485, 1019, 1),
(4486, 1019, 3),
(4487, 1019, 5),
(4488, 1019, 6),
(4489, 1021, 1),
(4490, 1021, 8),
(4491, 1021, 3),
(4492, 1021, 5),
(4493, 1021, 6),
(4494, 1024, 1),
(4495, 1024, 8),
(4496, 1024, 6),
(4497, 1024, 3),
(4498, 1024, 7),
(4499, 1024, 5),
(4500, 1024, 4),
(4501, 1025, 1),
(4502, 1025, 8),
(4503, 1025, 7),
(4504, 1025, 3),
(4505, 1025, 4),
(4506, 1025, 6),
(4507, 1025, 5),
(4508, 1027, 1),
(4509, 1027, 3),
(4510, 1027, 6),
(4511, 1027, 7),
(4512, 1027, 8),
(4513, 1028, 1),
(4514, 1028, 3),
(4515, 1028, 4),
(4516, 1028, 5),
(4517, 1028, 6),
(4518, 1028, 8),
(4519, 964, 8),
(4520, 1041, 1),
(4521, 1041, 3),
(4522, 1041, 4),
(4523, 1041, 5),
(4524, 1041, 6),
(4525, 1041, 7),
(4526, 1043, 3),
(4527, 1043, 5),
(4528, 1043, 6),
(4529, 992, 5),
(4530, 992, 6),
(4532, 1040, 5),
(4533, 1040, 6),
(4534, 1038, 5),
(4535, 1038, 6),
(4536, 1039, 5),
(4537, 1039, 6),
(4538, 1046, 1),
(4539, 1046, 3),
(4540, 1046, 4),
(4541, 1046, 5),
(4542, 1046, 6),
(4543, 1048, 1),
(4544, 1048, 8),
(4545, 1048, 7),
(4546, 1048, 5),
(4547, 1048, 6),
(4548, 1049, 5),
(4549, 1049, 6),
(4550, 1047, 1),
(4551, 1047, 3),
(4552, 1047, 5),
(4553, 1047, 6),
(4554, 1047, 7),
(4555, 1047, 8),
(4556, 1053, 1),
(4557, 1053, 3),
(4558, 1053, 4),
(4559, 1053, 5),
(4560, 1053, 6),
(4561, 1052, 6),
(4562, 1052, 5),
(4563, 1044, 5),
(4564, 1044, 6),
(4565, 1045, 5),
(4566, 1054, 4),
(4567, 1054, 5),
(4568, 1054, 6),
(4569, 1054, 3),
(4570, 957, 1),
(4571, 957, 4),
(4572, 957, 5),
(4573, 957, 6),
(4574, 957, 8),
(4575, 1052, 8),
(4576, 1052, 7),
(4577, 1052, 1),
(4578, 1052, 4),
(4579, 1052, 3),
(4580, 893, 1),
(4581, 893, 3),
(4582, 893, 4),
(4583, 893, 5),
(4584, 893, 6),
(4585, 893, 7),
(4586, 973, 1),
(4587, 973, 3),
(4588, 973, 5),
(4589, 973, 6),
(4590, 973, 7),
(4591, 973, 8),
(4592, 1044, 1),
(4593, 1044, 3),
(4594, 1044, 4),
(4595, 1044, 7),
(4596, 1021, 4),
(4597, 1021, 7),
(4598, 1029, 3),
(4599, 1029, 4),
(4600, 1029, 5),
(4601, 1029, 6),
(4602, 1029, 7),
(4603, 1029, 8),
(4604, 1057, 3),
(4605, 1057, 5),
(4606, 1057, 6),
(4607, 1057, 4),
(4608, 1032, 5),
(4609, 1032, 6),
(4610, 1032, 1),
(4611, 1032, 4),
(4612, 1032, 7),
(4613, 1032, 8),
(4614, 1032, 3),
(4615, 1048, 4),
(4616, 1048, 3),
(4617, 1050, 4),
(4618, 1011, 8),
(4619, 1011, 4),
(4620, 1010, 4),
(4621, 1042, 3),
(4622, 1042, 4),
(4623, 1058, 1),
(4624, 1058, 8),
(4625, 1058, 3),
(4626, 1058, 4),
(4627, 1058, 5),
(4628, 1058, 6),
(4629, 955, 4),
(4630, 1000, 7),
(4631, 982, 1),
(4632, 982, 3),
(4633, 982, 5),
(4634, 982, 6),
(4635, 982, 7),
(4636, 982, 8),
(4637, 995, 7),
(4638, 963, 1),
(4639, 963, 4),
(4640, 963, 7),
(4641, 963, 8),
(4642, 1030, 1),
(4643, 959, 1),
(4644, 959, 3),
(4645, 959, 4),
(4646, 959, 5),
(4647, 959, 6),
(4648, 959, 7),
(4649, 959, 8),
(4650, 1033, 4),
(4651, 1033, 5),
(4652, 1033, 6),
(4653, 1005, 4),
(4654, 1005, 1),
(4655, 1059, 4),
(4656, 1059, 5),
(4657, 1059, 6),
(4658, 1056, 3),
(4659, 1056, 1),
(4660, 1056, 7),
(4661, 1056, 8),
(4662, 1056, 4),
(4663, 1056, 5),
(4664, 1056, 6),
(4665, 989, 4),
(4666, 966, 4),
(4667, 966, 1),
(4668, 966, 8),
(4669, 966, 7),
(4670, 1060, 1),
(4671, 1060, 4),
(4672, 1060, 5),
(4673, 1060, 8),
(4674, 1060, 6),
(4675, 1060, 3),
(4676, 1061, 4),
(4677, 1061, 5),
(4678, 1061, 6),
(4679, 991, 4),
(4680, 1019, 4),
(4681, 1019, 8),
(4682, 1019, 7),
(4683, 978, 8),
(4684, 978, 7),
(4685, 978, 4),
(4686, 978, 1),
(4687, 977, 4),
(4688, 1014, 8),
(4689, 1014, 3),
(4690, 1014, 4),
(4691, 1027, 4),
(4692, 988, 4),
(4693, 967, 4),
(4694, 1031, 8),
(4695, 1063, 1),
(4696, 1063, 3),
(4697, 1063, 4),
(4698, 1063, 5),
(4699, 1063, 6),
(4700, 1063, 7),
(4701, 1063, 8),
(4702, 1066, 1),
(4703, 1066, 8),
(4704, 1066, 6),
(4705, 1066, 5),
(4706, 1066, 4),
(4707, 1066, 3),
(4708, 1068, 1),
(4709, 1068, 3),
(4710, 1068, 4),
(4711, 1068, 5),
(4712, 1068, 6),
(4713, 1068, 8),
(4714, 1062, 3),
(4715, 1062, 4),
(4716, 1062, 5),
(4717, 1062, 6),
(4718, 1067, 5),
(4719, 1055, 5),
(4720, 1061, 1),
(4721, 1061, 7),
(4722, 1061, 8),
(4723, 1061, 3),
(4724, 1067, 1),
(4725, 1067, 8),
(4726, 1067, 7),
(4727, 1067, 6),
(4728, 1067, 4),
(4729, 1067, 3),
(4730, 1072, 1),
(4731, 1072, 8),
(4732, 1072, 7),
(4733, 1072, 3),
(4734, 1072, 4),
(4735, 1072, 5),
(4736, 1072, 6),
(4737, 1074, 1),
(4738, 1074, 3),
(4739, 1074, 4),
(4740, 1074, 5),
(4741, 1074, 7),
(4742, 1074, 6),
(4743, 1055, 1),
(4744, 1055, 3),
(4745, 1055, 4),
(4746, 1055, 6),
(4747, 1055, 7),
(4748, 1055, 8),
(4749, 1040, 7),
(4750, 1040, 4),
(4751, 1040, 3),
(4752, 1078, 4),
(4753, 1078, 5),
(4754, 1078, 6),
(4755, 1079, 4),
(4756, 1079, 5),
(4757, 1080, 4),
(4758, 1080, 5),
(4759, 1080, 6),
(4760, 1082, 4),
(4761, 1082, 5),
(4762, 1082, 6),
(4763, 1081, 4),
(4764, 1081, 5),
(4765, 1081, 6),
(4766, 1083, 1),
(4767, 1083, 3),
(4768, 1083, 4),
(4769, 1083, 5),
(4770, 1083, 6),
(4771, 1075, 1),
(4772, 1075, 4),
(4773, 1075, 5),
(4774, 1075, 6),
(4775, 1075, 7),
(4776, 1075, 3),
(4777, 1069, 1),
(4778, 1069, 3),
(4779, 1069, 4),
(4780, 1069, 5),
(4781, 1069, 6),
(4782, 1069, 7),
(4783, 1069, 8),
(4784, 1078, 1),
(4785, 1078, 3),
(4786, 1078, 7),
(4787, 1078, 8),
(4788, 1077, 3),
(4789, 1077, 4),
(4790, 1077, 5),
(4791, 1077, 6),
(4792, 1087, 3),
(4793, 1087, 4),
(4794, 1087, 5),
(4795, 1087, 6),
(4796, 1089, 3),
(4797, 1089, 4),
(4798, 1089, 5),
(4799, 1089, 6),
(4800, 1090, 4),
(4801, 1090, 5),
(4802, 1090, 6),
(4803, 1096, 2),
(4804, 1096, 4),
(4805, 1096, 5),
(4806, 1096, 6),
(4807, 1096, 8),
(4808, 1098, 3),
(4809, 1098, 4),
(4810, 1098, 5),
(4811, 1098, 6),
(4812, 1104, 4),
(4813, 1104, 5),
(4814, 1104, 6),
(4815, 1102, 4),
(4816, 1102, 5),
(4817, 1102, 6),
(4818, 1102, 8),
(4819, 1103, 8),
(4820, 1103, 4),
(4821, 1103, 5),
(4822, 1103, 6),
(4823, 1091, 1),
(4824, 1091, 3),
(4825, 1101, 4),
(4826, 1101, 5),
(4827, 1101, 6),
(4828, 1100, 5),
(4829, 1099, 1),
(4830, 1099, 4),
(4831, 1099, 5),
(4832, 1099, 6),
(4833, 1097, 1),
(4834, 1097, 4),
(4835, 1097, 3),
(4836, 1097, 5),
(4837, 1097, 6),
(4838, 1095, 4),
(4839, 1095, 5),
(4840, 1095, 6),
(4841, 1105, 1),
(4842, 1105, 3),
(4843, 1105, 4),
(4844, 1105, 5),
(4845, 1105, 6),
(4846, 1105, 7),
(4847, 1105, 8),
(4848, 1106, 1),
(4849, 1106, 8),
(4850, 1106, 7),
(4851, 1106, 3),
(4852, 1106, 4),
(4853, 1106, 5),
(4854, 1106, 6),
(4855, 1088, 1),
(4857, 1088, 3),
(4858, 1088, 4),
(4859, 1088, 5),
(4860, 1088, 6),
(4861, 1088, 7),
(4862, 1088, 8),
(4863, 1090, 1),
(4864, 1090, 3),
(4865, 1090, 8),
(4866, 1116, 4),
(4867, 1116, 5),
(4868, 1117, 4),
(4869, 1117, 3),
(4870, 1117, 5),
(4871, 1117, 6),
(4872, 1113, 2),
(4873, 1113, 3),
(4874, 1113, 4),
(4875, 1113, 5),
(4876, 1113, 6),
(4877, 1113, 8),
(4878, 1119, 3),
(4879, 1119, 4),
(4880, 1119, 5),
(4881, 1119, 6),
(4882, 1119, 7),
(4883, 1119, 8),
(4884, 1120, 1),
(4885, 1120, 3),
(4886, 1120, 4),
(4887, 1120, 5),
(4888, 1120, 6),
(4889, 1120, 8),
(4890, 1118, 4),
(4891, 1118, 5),
(4892, 1118, 6),
(4893, 1122, 1),
(4894, 1122, 8),
(4895, 1122, 4),
(4896, 1122, 3),
(4897, 1122, 5),
(4898, 1122, 6),
(4899, 1123, 3),
(4900, 1123, 4),
(4901, 1123, 5),
(4902, 1123, 6),
(4903, 1140, 1),
(4904, 1076, 1),
(4905, 1109, 1),
(4906, 1109, 3),
(4907, 1109, 5),
(4908, 1109, 6),
(4909, 1109, 7),
(4910, 1109, 8),
(4911, 1148, 1),
(4912, 1148, 4),
(4913, 1148, 5),
(4914, 1148, 6),
(4915, 1148, 3),
(4916, 1151, 1),
(4917, 1151, 3),
(4918, 1151, 4),
(4919, 1151, 5),
(4920, 1151, 6),
(4921, 1151, 7),
(4922, 1151, 8),
(4923, 1150, 1),
(4924, 1150, 3),
(4925, 1150, 4),
(4926, 1150, 5),
(4927, 1150, 6),
(4928, 1150, 7),
(4929, 1150, 8),
(4930, 1077, 1),
(4931, 1077, 7),
(4932, 1077, 8),
(4933, 1164, 4),
(4934, 1164, 5),
(4935, 1163, 3),
(4936, 1163, 4),
(4937, 1163, 5),
(4938, 1163, 6),
(4939, 1165, 3),
(4940, 1165, 4),
(4941, 1165, 5),
(4942, 1165, 6),
(4943, 1160, 4),
(4944, 1160, 5),
(4945, 1152, 5),
(4946, 1152, 6),
(4947, 1124, 4),
(4948, 1124, 3),
(4949, 1124, 5),
(4950, 1124, 6),
(4951, 1167, 4),
(4952, 1167, 5),
(4953, 1167, 6),
(4954, 1167, 7),
(4955, 1167, 8),
(4956, 1167, 3),
(4957, 1166, 1),
(4958, 1166, 3),
(4959, 1166, 4),
(4960, 1166, 5),
(4961, 1166, 6),
(4962, 1129, 1),
(4963, 1129, 3),
(4964, 1129, 4),
(4965, 1129, 5),
(4967, 1129, 6),
(4968, 1129, 7),
(4969, 1129, 8),
(4970, 1168, 1),
(4971, 1168, 3),
(4972, 1168, 4),
(4973, 1168, 5),
(4974, 1168, 6),
(4975, 1168, 8),
(4977, 1169, 3),
(4978, 1169, 4),
(4979, 1169, 5),
(4980, 1169, 6),
(4981, 1145, 1),
(4982, 1145, 2),
(4983, 1145, 3),
(4984, 1145, 4),
(4985, 1145, 5),
(4986, 1145, 6),
(4987, 1145, 7),
(4988, 1145, 8),
(4989, 1158, 3),
(4990, 1158, 4),
(4991, 1158, 5),
(4992, 1158, 6),
(4993, 1158, 7),
(4994, 1158, 8),
(4995, 1172, 1),
(4996, 1172, 3),
(4997, 1172, 4),
(4998, 1172, 5),
(4999, 1172, 6),
(5000, 1172, 7),
(5001, 1172, 8),
(5002, 1159, 1),
(5003, 1159, 3),
(5004, 1159, 4),
(5005, 1159, 5),
(5006, 1159, 6),
(5007, 1159, 7),
(5008, 1159, 8),
(5009, 1171, 1),
(5010, 1171, 3),
(5011, 1171, 4),
(5012, 1171, 5),
(5013, 1171, 6),
(5014, 1171, 7),
(5015, 1171, 8),
(5016, 1170, 4),
(5017, 1170, 5),
(5018, 1170, 6),
(5019, 1170, 8),
(5020, 1176, 3),
(5021, 1176, 4),
(5022, 1176, 5),
(5023, 1176, 6),
(5024, 1177, 1),
(5025, 1177, 4),
(5026, 1177, 3),
(5027, 1177, 5),
(5028, 1177, 6),
(5029, 1177, 7),
(5030, 1177, 8),
(5031, 1178, 4),
(5032, 1178, 8),
(5033, 1178, 3),
(5034, 1178, 5),
(5035, 1178, 6),
(5036, 1178, 7),
(5037, 1180, 4),
(5038, 1180, 5),
(5039, 1180, 6),
(5040, 1180, 7),
(5041, 1180, 8),
(5042, 1162, 4),
(5043, 1162, 5),
(5044, 1173, 4),
(5045, 1173, 5),
(5046, 1174, 8),
(5047, 1174, 7),
(5048, 1174, 3),
(5049, 1174, 4),
(5050, 1174, 5),
(5051, 1174, 6),
(5052, 1179, 5),
(5053, 1179, 6),
(5054, 1179, 7),
(5055, 1182, 4),
(5056, 1182, 5),
(5057, 1182, 6),
(5058, 1092, 8),
(5059, 1092, 3),
(5060, 1092, 2),
(5061, 1092, 4),
(5062, 1092, 5),
(5063, 1092, 6),
(5064, 1236, 1),
(5065, 1236, 3),
(5066, 1236, 4),
(5067, 1236, 5),
(5068, 1236, 6),
(5069, 1236, 7),
(5070, 1236, 8),
(5071, 1127, 1),
(5072, 1127, 8),
(5073, 1127, 7),
(5074, 1127, 3),
(5075, 1127, 4),
(5076, 1127, 5),
(5077, 1127, 6),
(5078, 1211, 1),
(5079, 1211, 3),
(5080, 1211, 4),
(5081, 1211, 5),
(5082, 1211, 6),
(5083, 1237, 4),
(5084, 1237, 5),
(5085, 1237, 6),
(5086, 1234, 1),
(5087, 1234, 7),
(5088, 1234, 8),
(5089, 1234, 4),
(5090, 1234, 3),
(5091, 1234, 5),
(5092, 1234, 6),
(5093, 1180, 1),
(5094, 1180, 3),
(5095, 1211, 7),
(5096, 1227, 3),
(5097, 1227, 4),
(5098, 1227, 5),
(5099, 1227, 6),
(5100, 1233, 8),
(5101, 1233, 4),
(5102, 1233, 5),
(5103, 1222, 1),
(5104, 1222, 8),
(5105, 1222, 3),
(5106, 1222, 4),
(5107, 1222, 5),
(5108, 1222, 6),
(5109, 1232, 5),
(5110, 1232, 6),
(5111, 1231, 1),
(5112, 1231, 8),
(5113, 1231, 7),
(5114, 1231, 3),
(5115, 1231, 4),
(5116, 1231, 2),
(5117, 1231, 5),
(5118, 1231, 6),
(5119, 1203, 1),
(5120, 1203, 8),
(5121, 1203, 4),
(5122, 1203, 3),
(5123, 1203, 5),
(5124, 1203, 6),
(5125, 1204, 1),
(5126, 1204, 3),
(5127, 1204, 7),
(5128, 1204, 4),
(5129, 1204, 5),
(5130, 1204, 6),
(5131, 1230, 1),
(5132, 1230, 7),
(5133, 1230, 8),
(5134, 1230, 3),
(5135, 1230, 4),
(5136, 1230, 5),
(5137, 1230, 6),
(5138, 1228, 4),
(5139, 1228, 5),
(5140, 1228, 6),
(5141, 1229, 4),
(5142, 1229, 5),
(5143, 1229, 6),
(5144, 1112, 3),
(5145, 1112, 8),
(5146, 1112, 1),
(5147, 1112, 4),
(5148, 1112, 7),
(5149, 1112, 5),
(5150, 1112, 6),
(5151, 1195, 3),
(5152, 1195, 4),
(5153, 1195, 5),
(5154, 1195, 6),
(5155, 1131, 1),
(5156, 1131, 8),
(5157, 1131, 7),
(5158, 1131, 4),
(5159, 1131, 3),
(5160, 1131, 5),
(5161, 1131, 6),
(5162, 1214, 7),
(5163, 1214, 3),
(5164, 1214, 4),
(5166, 1214, 6),
(5167, 1071, 1),
(5168, 1071, 8),
(5169, 1071, 7),
(5170, 1071, 4),
(5171, 1199, 8),
(5172, 1199, 6),
(5173, 1226, 8),
(5174, 1226, 3),
(5175, 1226, 7),
(5176, 1226, 4),
(5177, 1226, 5),
(5178, 1226, 6),
(5179, 1225, 1),
(5180, 1225, 3),
(5181, 1225, 8),
(5182, 1225, 6),
(5183, 1225, 5),
(5184, 1224, 1),
(5185, 1224, 3),
(5186, 1224, 5),
(5187, 1224, 6),
(5188, 1221, 5),
(5189, 1221, 6),
(5190, 1223, 1),
(5191, 1223, 3),
(5192, 1223, 4),
(5193, 1223, 5),
(5194, 1223, 6),
(5195, 1220, 7),
(5196, 1220, 4),
(5197, 1220, 8),
(5198, 1220, 6),
(5199, 1220, 5),
(5200, 1185, 4),
(5201, 1185, 5),
(5202, 1185, 6),
(5203, 1202, 1),
(5204, 1202, 8),
(5205, 1202, 7),
(5206, 1202, 3),
(5207, 1202, 4),
(5208, 1202, 5),
(5209, 1202, 6),
(5210, 1218, 3),
(5211, 1218, 4),
(5212, 1218, 5),
(5213, 1218, 6),
(5214, 1219, 3),
(5215, 1219, 4),
(5216, 1219, 5),
(5218, 1215, 4),
(5219, 1215, 5),
(5220, 1215, 6),
(5221, 1130, 3),
(5222, 1130, 5),
(5223, 1130, 6),
(5224, 1212, 8),
(5225, 1212, 7),
(5226, 1212, 1),
(5227, 1212, 4),
(5228, 1212, 3),
(5229, 1212, 5),
(5230, 1212, 6),
(5231, 1210, 1),
(5232, 1210, 7),
(5233, 1210, 8),
(5234, 1210, 3),
(5235, 1210, 4),
(5236, 1210, 5),
(5237, 1210, 6),
(5238, 1249, 1),
(5239, 1249, 3),
(5240, 1249, 5),
(5241, 1249, 6),
(5242, 1243, 1),
(5243, 1243, 7),
(5244, 1243, 8),
(5245, 1243, 4),
(5246, 1243, 5),
(5247, 1243, 3),
(5248, 1243, 6),
(5249, 1244, 7),
(5250, 1244, 3),
(5251, 1244, 5),
(5252, 1244, 6),
(5253, 1244, 4),
(5254, 1245, 8),
(5255, 1245, 7),
(5256, 1245, 1),
(5257, 1245, 3),
(5258, 1245, 4),
(5259, 1245, 5),
(5260, 1245, 6),
(5261, 1246, 5),
(5262, 1246, 6),
(5263, 1253, 5),
(5264, 1247, 1),
(5265, 1247, 7),
(5266, 1247, 3),
(5267, 1247, 5),
(5268, 1247, 6),
(5269, 1247, 4),
(5270, 1256, 5),
(5271, 1256, 6),
(5272, 1260, 5),
(5273, 1260, 6),
(5274, 1257, 1),
(5275, 1257, 7),
(5276, 1257, 8),
(5277, 1257, 5),
(5278, 1257, 6),
(5279, 1258, 1),
(5280, 1258, 8),
(5281, 1258, 5),
(5282, 1258, 6),
(5283, 1261, 5),
(5284, 1261, 6),
(5285, 1248, 1),
(5286, 1248, 8),
(5287, 1248, 3),
(5288, 1248, 7),
(5289, 1248, 5),
(5290, 1248, 6),
(5291, 1248, 4),
(5292, 1273, 6),
(5293, 1273, 5),
(5294, 1273, 3),
(5295, 1265, 5),
(5296, 1268, 3),
(5297, 1268, 5),
(5298, 1268, 6),
(5299, 1269, 7),
(5300, 1269, 6),
(5301, 1269, 5),
(5302, 1269, 3),
(5303, 1275, 7),
(5304, 1275, 6),
(5305, 1275, 5),
(5306, 1272, 5),
(5307, 1272, 6),
(5308, 1272, 3),
(5309, 1272, 4),
(5310, 1277, 3),
(5311, 1277, 5),
(5312, 1277, 6),
(5313, 1280, 5),
(5314, 1280, 6),
(5315, 1279, 3),
(5316, 1279, 4),
(5317, 1279, 5),
(5318, 1279, 6),
(5319, 1285, 5),
(5320, 1285, 6),
(5321, 1280, 1),
(5322, 1280, 3),
(5323, 1280, 4),
(5324, 1280, 8),
(5325, 1286, 3),
(5326, 1286, 5),
(5327, 1286, 6),
(5328, 1287, 3),
(5329, 1287, 5),
(5330, 1284, 3),
(5331, 1284, 5),
(5332, 1284, 6),
(5333, 1266, 5),
(5334, 1289, 5),
(5335, 1289, 6),
(5336, 1288, 3),
(5337, 1288, 5),
(5338, 1288, 6),
(5339, 1294, 5),
(5340, 1293, 3),
(5341, 1293, 5),
(5342, 1293, 6),
(5343, 1292, 5),
(5344, 1292, 6),
(5345, 1297, 1),
(5346, 1297, 8),
(5347, 1297, 7),
(5348, 1297, 3),
(5349, 1297, 5),
(5350, 1297, 6),
(5351, 1295, 1),
(5352, 1295, 5),
(5353, 1295, 6),
(5354, 1301, 3),
(5355, 1301, 5),
(5356, 1301, 6),
(5357, 1299, 6),
(5358, 1298, 4),
(5359, 1298, 5),
(5360, 1298, 6),
(5361, 1298, 3),
(5362, 1292, 3),
(5363, 1295, 3),
(5364, 1242, 1),
(5365, 1242, 3),
(5366, 1242, 4),
(5367, 1242, 5),
(5368, 1242, 6),
(5369, 1242, 7),
(5370, 1242, 8),
(5371, 1303, 3),
(5372, 1303, 5),
(5373, 1303, 6),
(5374, 1304, 5),
(5375, 1305, 3),
(5376, 1305, 5),
(5377, 1307, 1),
(5378, 1307, 3),
(5379, 1307, 4),
(5380, 1307, 5),
(5381, 1307, 6),
(5382, 1301, 1),
(5383, 1301, 7),
(5384, 1301, 4),
(5385, 1301, 8),
(5386, 1280, 7),
(5387, 1279, 1),
(5388, 1279, 8),
(5389, 1279, 7),
(5390, 1268, 1),
(5391, 1268, 4),
(5392, 1268, 7),
(5393, 1268, 8),
(5394, 1263, 1),
(5395, 1263, 3),
(5396, 1263, 4),
(5397, 1263, 5),
(5398, 1263, 6),
(5399, 1263, 7),
(5400, 1263, 8),
(5401, 1293, 1),
(5402, 1293, 4),
(5403, 1293, 7),
(5404, 1293, 8),
(5405, 1261, 8),
(5406, 1261, 7),
(5407, 1261, 4),
(5408, 1261, 3),
(5409, 1273, 1),
(5410, 1273, 7),
(5411, 1283, 1),
(5412, 1283, 6),
(5413, 1283, 8),
(5414, 1283, 7),
(5415, 1283, 5),
(5416, 1283, 4),
(5417, 1283, 3),
(5418, 1303, 1),
(5419, 1303, 8),
(5420, 1303, 4),
(5421, 1256, 1),
(5422, 1256, 8),
(5423, 1256, 3),
(5424, 1256, 4),
(5425, 1256, 7),
(5426, 1305, 1),
(5427, 1305, 8),
(5428, 1305, 6),
(5429, 1305, 7),
(5430, 1288, 1),
(5431, 1288, 8),
(5432, 1288, 7),
(5433, 1257, 3),
(5434, 1294, 1),
(5435, 1294, 8),
(5436, 1294, 7),
(5437, 1266, 1),
(5438, 1266, 3),
(5439, 1266, 6),
(5440, 1296, 3),
(5441, 1296, 4),
(5442, 1296, 5),
(5443, 1296, 6),
(5444, 1294, 3),
(5445, 1294, 4),
(5446, 1294, 6),
(5447, 1299, 3),
(5448, 1304, 1),
(5449, 1304, 3),
(5450, 1304, 4),
(5451, 1304, 6),
(5452, 1304, 7),
(5453, 1295, 7),
(5454, 1295, 4),
(5455, 1291, 1),
(5456, 1291, 7),
(5457, 1291, 8),
(5458, 1291, 4),
(5459, 1291, 5),
(5460, 1291, 6),
(5461, 1291, 3),
(5462, 1298, 1),
(5463, 1289, 4),
(5464, 1298, 8),
(5465, 1304, 8),
(5466, 1252, 1),
(5467, 1252, 3),
(5468, 1252, 4),
(5469, 1252, 5),
(5470, 1252, 6),
(5471, 1267, 1),
(5472, 1267, 7),
(5473, 1267, 8),
(5474, 1267, 4),
(5475, 1267, 3),
(5476, 1267, 5),
(5477, 1267, 6),
(5478, 1284, 1),
(5479, 1284, 8),
(5480, 1284, 7),
(5481, 1284, 4),
(5482, 1270, 1),
(5483, 1270, 7),
(5484, 1270, 3),
(5485, 1270, 4),
(5486, 1270, 5),
(5487, 1270, 6),
(5488, 1270, 8),
(5489, 1303, 7),
(5490, 1249, 7),
(5491, 1249, 8),
(5492, 1249, 4),
(5493, 1275, 1),
(5494, 1258, 7),
(5495, 1278, 1),
(5496, 1278, 7),
(5497, 1278, 6),
(5498, 1278, 5),
(5499, 1278, 3),
(5500, 1278, 4),
(5501, 1278, 8),
(5502, 1287, 1),
(5503, 1287, 8),
(5504, 1287, 6),
(5505, 1287, 7),
(5506, 1290, 1),
(5507, 1290, 7),
(5508, 1290, 3),
(5509, 1290, 5),
(5510, 1290, 6),
(5511, 1247, 8),
(5512, 1285, 1),
(5513, 1285, 7),
(5514, 1285, 8),
(5515, 1285, 4),
(5516, 1286, 1),
(5517, 1286, 7),
(5518, 1286, 8),
(5519, 1286, 4),
(5520, 1269, 1),
(5521, 1269, 8),
(5522, 1269, 4),
(5523, 1259, 1),
(5524, 1259, 7),
(5525, 1259, 3),
(5526, 1260, 1),
(5527, 1260, 3),
(5528, 1260, 7),
(5529, 1260, 8),
(5530, 1251, 1),
(5531, 1251, 3),
(5532, 1251, 4),
(5533, 1251, 5),
(5534, 1251, 6),
(5535, 1251, 7),
(5536, 1251, 8),
(5537, 1287, 4),
(5538, 1272, 1),
(5539, 1272, 7),
(5540, 1272, 8),
(5541, 1262, 1),
(5542, 1262, 3),
(5543, 1262, 4),
(5544, 1262, 5),
(5545, 1262, 6),
(5546, 1262, 8),
(5547, 1274, 1),
(5548, 1274, 3),
(5549, 1274, 4),
(5550, 1274, 5),
(5551, 1274, 6),
(5552, 1274, 7),
(5553, 1274, 8),
(5554, 1250, 1),
(5555, 1250, 3),
(5556, 1250, 4),
(5557, 1250, 5),
(5558, 1250, 6),
(5559, 1250, 7),
(5560, 1250, 8),
(5561, 1271, 1),
(5562, 1271, 3),
(5563, 1271, 4),
(5564, 1271, 5),
(5565, 1271, 6),
(5566, 1271, 8),
(5567, 1260, 4),
(5568, 1290, 8),
(5569, 1290, 4),
(5570, 1271, 7),
(5571, 1296, 1),
(5572, 1296, 7),
(5573, 1296, 8),
(5574, 1306, 1),
(5575, 1306, 3),
(5576, 1306, 4),
(5577, 1306, 6),
(5578, 1306, 5),
(5579, 1306, 7),
(5580, 1306, 8),
(5581, 1252, 7),
(5582, 1252, 8),
(5583, 1259, 8),
(5584, 1259, 4),
(5585, 1259, 5),
(5586, 1259, 6),
(5587, 1305, 4),
(5588, 1264, 1),
(5589, 1264, 3),
(5590, 1264, 4),
(5591, 1264, 5),
(5592, 1264, 6),
(5593, 1264, 7),
(5594, 1264, 8),
(5595, 1299, 1),
(5596, 1299, 4),
(5597, 1299, 5),
(5598, 1299, 8),
(5599, 1244, 1),
(5600, 1292, 8),
(5601, 1292, 4),
(5602, 1266, 4),
(5603, 1266, 7),
(5604, 1266, 8),
(5605, 1297, 4),
(5606, 1275, 8),
(5607, 1275, 3),
(5608, 1337, 5),
(5609, 1337, 6),
(5610, 1333, 1),
(5611, 1333, 7),
(5612, 1333, 8),
(5613, 1333, 3),
(5614, 1333, 4),
(5615, 1333, 5),
(5616, 1333, 6),
(5617, 1336, 1),
(5618, 1336, 3),
(5619, 1336, 4),
(5620, 1336, 5),
(5621, 1336, 6),
(5622, 1334, 5),
(5623, 1334, 6),
(5624, 1319, 5),
(5625, 1319, 6),
(5626, 1329, 3),
(5627, 1329, 5),
(5628, 1329, 6),
(5629, 1327, 3),
(5630, 1327, 5),
(5631, 1327, 6),
(5632, 1331, 3),
(5633, 1331, 5),
(5634, 1331, 6),
(5635, 1330, 3),
(5636, 1330, 5),
(5637, 1330, 6),
(5638, 1326, 5),
(5639, 1324, 5),
(5640, 1323, 3),
(5641, 1323, 5),
(5642, 1323, 6),
(5643, 1316, 3),
(5644, 1316, 5),
(5645, 1316, 6),
(5646, 1318, 3),
(5647, 1318, 7),
(5648, 1318, 5),
(5649, 1318, 6),
(5650, 1317, 3),
(5651, 1317, 5),
(5652, 1317, 6),
(5653, 1315, 5),
(5654, 1312, 5),
(5655, 1311, 5),
(5656, 1311, 6),
(5657, 1310, 5),
(5658, 1310, 6),
(5659, 1308, 3),
(5660, 1308, 5),
(5661, 1309, 3),
(5662, 1309, 5),
(5663, 1309, 6),
(5664, 1282, 3),
(5665, 1282, 4),
(5666, 1282, 5),
(5667, 1282, 6),
(5668, 1282, 7),
(5669, 1338, 5),
(5670, 1338, 6),
(5671, 1282, 8),
(5672, 1282, 1),
(5673, 1350, 5),
(5674, 1350, 6),
(5675, 1348, 3),
(5676, 1348, 5),
(5677, 1348, 6),
(5678, 1343, 3),
(5679, 1343, 5),
(5680, 1343, 6),
(5681, 1341, 8),
(5682, 1341, 3),
(5683, 1341, 5),
(5684, 1341, 6),
(5685, 1355, 5),
(5686, 1354, 5),
(5687, 1357, 5),
(5688, 1357, 6),
(5689, 1364, 3),
(5690, 1364, 5),
(5691, 1364, 6),
(5692, 1363, 1),
(5693, 1363, 3),
(5694, 1363, 4),
(5695, 1363, 5),
(5696, 1363, 6),
(5697, 1363, 7),
(5698, 1363, 8),
(5699, 1362, 3),
(5700, 1362, 6),
(5701, 1362, 5),
(5702, 1367, 1),
(5703, 1367, 2),
(5704, 1367, 3),
(5705, 1367, 4),
(5706, 1367, 5),
(5707, 1367, 6),
(5708, 1367, 7),
(5709, 1367, 8),
(5710, 1372, 5),
(5711, 1365, 5),
(5712, 1365, 6),
(5713, 1365, 3),
(5714, 1365, 4),
(5715, 1373, 5),
(5716, 1382, 1),
(5717, 1382, 3),
(5718, 1382, 5),
(5719, 1382, 6),
(5720, 1382, 7),
(5721, 1379, 3),
(5722, 1379, 5),
(5723, 1379, 6),
(5724, 1381, 1),
(5725, 1381, 5),
(5726, 1381, 6),
(5727, 1384, 5),
(5728, 1384, 6),
(5729, 1385, 5),
(5730, 1385, 6),
(5731, 1386, 1),
(5732, 1386, 3),
(5733, 1386, 4),
(5734, 1386, 5),
(5735, 1386, 6),
(5736, 1391, 5),
(5737, 1391, 6),
(5738, 1390, 5),
(5739, 1390, 6),
(5740, 1386, 7),
(5741, 1386, 8),
(5742, 1384, 3),
(5743, 1384, 1),
(5744, 1384, 4),
(5745, 1384, 8),
(5746, 1346, 1),
(5747, 1346, 3),
(5748, 1346, 4),
(5749, 1346, 5),
(5750, 1346, 6),
(5751, 1346, 7),
(5752, 1346, 8),
(5753, 1318, 1),
(5754, 1389, 1),
(5755, 1389, 3),
(5756, 1389, 5),
(5757, 1389, 6),
(5758, 1368, 1),
(5759, 1368, 8),
(5760, 1368, 7),
(5761, 1368, 4),
(5762, 1392, 1),
(5763, 1392, 7),
(5764, 1392, 3),
(5765, 1392, 5),
(5766, 1392, 6),
(5767, 1360, 3),
(5768, 1360, 4),
(5769, 1360, 7),
(5770, 1360, 6),
(5771, 1360, 5),
(5772, 1325, 8),
(5773, 1325, 3),
(5774, 1325, 4),
(5775, 1325, 7),
(5776, 1325, 5),
(5777, 1325, 6),
(5778, 1330, 4),
(5779, 1337, 1),
(5780, 1337, 3),
(5781, 1337, 8),
(5782, 1337, 7),
(5783, 1362, 1),
(5784, 1362, 4),
(5785, 1362, 7),
(5786, 1362, 8),
(5787, 1321, 5),
(5788, 1321, 6),
(5789, 1350, 1),
(5790, 1350, 3),
(5791, 1350, 8),
(5792, 1374, 1),
(5793, 1374, 8),
(5795, 1374, 4),
(5796, 1374, 5),
(5797, 1374, 3),
(5798, 1374, 6),
(5799, 1334, 1),
(5800, 1334, 4),
(5801, 1334, 7),
(5802, 1334, 8),
(5803, 1334, 3),
(5804, 1312, 1),
(5805, 1312, 8),
(5806, 1312, 3),
(5807, 1312, 4),
(5808, 1312, 6),
(5809, 1385, 1),
(5810, 1385, 3),
(5811, 1385, 8),
(5812, 1326, 1),
(5813, 1326, 3),
(5814, 1326, 4),
(5815, 1326, 6),
(5816, 1326, 7),
(5817, 1326, 8),
(5818, 1377, 1),
(5819, 1377, 8),
(5820, 1377, 7),
(5821, 1377, 3),
(5822, 1377, 5),
(5823, 1377, 4),
(5824, 1377, 6),
(5825, 1376, 1),
(5826, 1376, 3),
(5827, 1376, 4),
(5828, 1376, 5),
(5829, 1376, 6),
(5830, 1376, 8),
(5831, 1354, 1),
(5832, 1354, 6),
(5833, 1354, 3),
(5834, 1354, 8),
(5835, 1356, 1),
(5836, 1356, 3),
(5837, 1356, 5),
(5838, 1356, 6),
(5839, 1356, 8),
(5840, 1356, 7),
(5841, 1311, 1),
(5842, 1311, 3),
(5843, 1311, 4),
(5844, 1311, 8),
(5845, 1311, 7),
(5846, 1368, 6),
(5847, 1368, 5),
(5848, 1393, 3),
(5849, 1393, 4),
(5850, 1393, 5),
(5851, 1393, 6),
(5852, 1396, 5),
(5853, 1396, 6),
(5854, 1399, 3),
(5855, 1399, 5),
(5856, 1399, 6),
(5857, 1398, 5),
(5858, 1398, 6),
(5859, 1396, 1),
(5860, 1396, 3),
(5861, 1396, 4),
(5862, 1396, 7),
(5863, 1396, 8),
(5864, 1382, 8),
(5865, 1342, 5),
(5866, 1342, 6),
(5867, 1342, 4),
(5868, 1342, 3),
(5869, 1342, 1),
(5870, 1319, 3),
(5871, 1341, 7),
(5872, 1324, 6),
(5873, 1351, 1),
(5874, 1351, 8),
(5875, 1351, 4),
(5876, 1351, 6),
(5877, 1399, 7),
(5878, 1403, 5),
(5879, 1402, 1),
(5880, 1402, 3),
(5881, 1402, 5),
(5882, 1402, 6),
(5883, 1402, 4),
(5884, 1389, 8),
(5885, 1389, 7),
(5886, 1389, 4),
(5887, 1391, 3),
(5888, 1391, 1),
(5889, 1405, 3),
(5890, 1405, 5),
(5891, 1405, 6),
(5892, 1387, 3),
(5893, 1387, 5),
(5894, 1387, 6),
(5895, 1407, 5),
(5896, 1407, 6),
(5897, 1406, 5),
(5898, 1348, 1),
(5899, 1348, 4),
(5900, 1348, 7),
(5901, 1348, 8),
(5902, 1316, 4),
(5903, 1316, 7),
(5904, 1316, 8),
(5905, 1316, 1),
(5906, 1337, 4),
(5907, 1338, 1),
(5908, 1338, 3),
(5909, 1338, 4),
(5910, 1338, 7),
(5911, 1338, 8),
(5912, 1390, 1),
(5913, 1390, 3),
(5914, 1390, 4),
(5915, 1390, 8),
(5916, 1390, 7),
(5917, 1329, 4),
(5918, 1329, 8),
(5919, 1343, 1),
(5920, 1343, 4),
(5921, 1343, 7),
(5922, 1343, 8),
(5923, 1402, 7),
(5924, 1402, 8),
(5925, 1409, 3),
(5926, 1409, 5),
(5927, 1409, 6),
(5928, 1403, 8),
(5929, 1403, 4),
(5930, 1403, 6),
(5931, 1403, 3),
(5932, 1408, 4),
(5933, 1408, 3),
(5934, 1408, 8),
(5935, 1408, 5),
(5936, 1408, 6),
(5937, 1359, 3),
(5938, 1359, 5),
(5939, 1359, 6),
(5940, 1381, 7),
(5941, 1365, 7),
(5942, 1365, 8),
(5943, 1371, 1),
(5944, 1371, 8),
(5945, 1371, 7),
(5946, 1371, 5),
(5947, 1371, 6),
(5948, 1371, 3),
(5949, 1360, 1),
(5950, 1416, 1),
(5951, 1416, 7),
(5952, 1416, 3),
(5953, 1416, 4),
(5954, 1416, 6),
(5955, 1416, 5),
(5956, 1417, 6),
(5957, 1417, 3),
(5958, 1417, 5),
(5959, 1372, 1),
(5960, 1372, 3),
(5961, 1372, 4),
(5962, 1372, 6),
(5963, 1372, 7),
(5964, 1372, 8),
(5965, 1378, 1),
(5966, 1378, 8),
(5967, 1378, 7),
(5968, 1378, 3),
(5969, 1378, 4),
(5970, 1378, 5),
(5971, 1378, 6),
(5972, 1375, 1),
(5973, 1375, 8),
(5974, 1375, 7),
(5975, 1375, 3),
(5976, 1375, 5),
(5977, 1375, 6),
(5978, 1309, 4),
(5979, 1309, 8),
(5980, 1309, 7),
(5981, 1309, 1),
(5982, 1347, 3),
(5983, 1347, 5),
(5984, 1347, 6),
(5985, 1347, 8),
(5986, 1347, 1),
(5987, 1327, 8),
(5988, 1327, 7),
(5989, 1310, 8),
(5990, 1310, 4),
(5991, 1370, 1),
(5992, 1370, 8),
(5993, 1370, 7),
(5994, 1370, 3),
(5995, 1370, 4),
(5996, 1370, 5),
(5997, 1370, 6),
(5998, 1308, 6),
(5999, 1308, 1),
(6000, 1308, 7),
(6001, 1308, 8),
(6002, 1406, 1),
(6003, 1406, 3),
(6004, 1406, 4),
(6005, 1406, 6),
(6006, 1406, 7),
(6007, 1406, 8),
(6008, 1388, 1),
(6009, 1388, 3),
(6010, 1388, 5),
(6011, 1388, 6),
(6012, 1388, 7),
(6013, 1388, 8),
(6014, 1328, 1),
(6015, 1328, 3),
(6016, 1328, 4),
(6017, 1328, 5),
(6018, 1328, 6),
(6019, 1328, 7),
(6020, 1328, 8),
(6021, 1373, 8),
(6022, 1373, 7),
(6023, 1373, 6),
(6024, 1392, 8),
(6025, 1392, 4),
(6026, 1344, 1),
(6027, 1344, 4),
(6028, 1344, 5),
(6029, 1344, 6),
(6030, 1344, 7),
(6031, 1344, 8),
(6032, 1394, 1),
(6033, 1394, 7),
(6034, 1394, 3),
(6035, 1394, 8),
(6036, 1394, 5),
(6037, 1394, 6),
(6038, 1321, 1),
(6039, 1321, 3),
(6040, 1321, 8),
(6041, 1319, 8),
(6042, 1319, 7),
(6043, 1319, 4),
(6044, 1319, 1),
(6045, 1391, 4),
(6046, 1391, 8),
(6047, 1353, 1),
(6048, 1353, 3),
(6049, 1353, 4),
(6050, 1353, 5),
(6051, 1353, 6),
(6052, 1353, 7),
(6053, 1353, 8),
(6054, 1394, 4),
(6055, 1318, 4),
(6056, 1318, 8),
(6057, 1385, 4),
(6058, 1416, 8),
(6059, 1349, 1),
(6060, 1349, 3),
(6061, 1349, 4),
(6062, 1349, 5),
(6063, 1349, 6),
(6064, 1349, 7),
(6065, 1349, 8),
(6066, 1345, 1),
(6067, 1345, 8),
(6068, 1345, 4),
(6069, 1345, 5),
(6070, 1345, 6),
(6071, 1369, 4),
(6072, 1364, 1),
(6073, 1364, 4),
(6074, 1364, 7),
(6075, 1364, 8),
(6076, 1355, 1),
(6077, 1355, 3),
(6078, 1355, 6),
(6079, 1355, 8),
(6080, 1330, 1),
(6081, 1330, 7),
(6082, 1330, 8),
(6083, 1331, 1),
(6084, 1331, 4),
(6085, 1331, 7),
(6086, 1331, 8),
(6087, 1380, 1),
(6088, 1380, 4),
(6089, 1380, 3),
(6090, 1380, 6),
(6091, 1380, 5),
(6092, 1380, 7),
(6093, 1352, 1),
(6094, 1352, 8),
(6095, 1352, 7),
(6096, 1352, 3),
(6097, 1352, 4),
(6098, 1324, 4),
(6099, 1324, 8),
(6100, 1359, 4),
(6101, 1359, 8),
(6102, 1347, 4),
(6103, 1347, 7),
(6104, 1417, 1),
(6105, 1417, 4),
(6106, 1417, 8),
(6107, 1417, 7),
(6108, 1421, 3),
(6109, 1421, 4),
(6110, 1421, 5),
(6111, 1421, 6),
(6112, 1421, 7),
(6113, 1420, 3),
(6114, 1420, 5),
(6115, 1420, 6),
(6116, 1342, 7),
(6117, 1342, 8),
(6118, 1422, 8),
(6119, 1422, 7),
(6120, 1422, 6),
(6121, 1422, 5),
(6122, 1422, 4),
(6123, 1422, 3),
(6124, 1423, 3),
(6125, 1423, 4),
(6126, 1423, 5),
(6127, 1423, 6),
(6128, 1376, 7),
(6129, 1424, 5),
(6130, 1424, 6),
(6131, 1410, 1),
(6132, 1410, 8),
(6133, 1410, 3),
(6135, 1410, 5),
(6136, 1410, 6),
(6137, 1419, 1),
(6138, 1419, 8),
(6139, 1419, 4),
(6140, 1419, 3),
(6141, 1419, 5),
(6142, 1419, 6),
(6143, 1419, 7),
(6144, 1404, 4),
(6145, 1404, 3),
(6146, 1404, 5),
(6147, 1404, 6),
(6148, 1404, 8),
(6149, 1426, 4),
(6150, 1426, 3),
(6151, 1426, 5),
(6152, 1426, 6),
(6153, 1426, 8),
(6154, 1426, 7),
(6155, 1366, 1),
(6156, 1366, 4),
(6157, 1366, 3),
(6158, 1366, 5),
(6159, 1366, 6),
(6160, 1302, 1),
(6161, 1302, 8),
(6162, 1302, 7),
(6163, 1302, 6),
(6164, 1302, 5),
(6165, 1302, 4),
(6166, 1302, 3),
(6167, 1413, 3),
(6168, 1413, 4),
(6169, 1413, 5),
(6170, 1413, 6),
(6171, 1429, 1),
(6172, 1429, 8),
(6173, 1429, 7),
(6174, 1429, 6),
(6175, 1429, 5),
(6176, 1429, 4),
(6177, 1428, 4),
(6178, 1428, 3),
(6179, 1428, 5),
(6180, 1428, 6),
(6181, 1428, 1),
(6182, 1428, 8),
(6183, 1379, 4),
(6184, 1379, 1),
(6185, 1430, 6),
(6186, 1430, 5),
(6187, 1430, 4),
(6188, 1425, 4),
(6189, 1425, 3),
(6190, 1425, 5),
(6191, 1425, 6),
(6192, 1431, 3),
(6193, 1431, 5),
(6194, 1431, 6),
(6195, 1432, 4),
(6196, 1432, 3),
(6197, 1432, 5),
(6198, 1432, 6),
(6199, 1431, 4),
(6200, 1433, 5),
(6201, 1433, 6),
(6202, 1434, 4),
(6203, 1434, 5),
(6204, 1434, 6),
(6205, 1339, 5),
(6206, 1339, 6),
(6207, 1358, 3),
(6208, 1358, 5),
(6209, 1358, 1),
(6210, 1358, 7),
(6211, 1435, 3),
(6212, 1435, 4),
(6213, 1435, 5),
(6214, 1435, 6),
(6215, 1436, 5),
(6216, 1418, 3),
(6217, 1418, 4),
(6218, 1418, 5),
(6219, 1418, 6),
(6220, 1436, 4),
(6221, 1436, 6),
(6222, 1436, 3),
(6223, 1437, 3),
(6224, 1437, 4),
(6225, 1437, 5),
(6226, 1437, 6),
(6227, 1401, 3),
(6228, 1401, 5),
(6229, 1401, 6),
(6230, 1434, 8),
(6231, 1434, 7),
(6232, 1434, 3),
(6233, 1434, 1),
(6234, 1440, 4),
(6235, 1440, 3),
(6236, 1440, 5),
(6237, 1439, 3),
(6238, 1439, 4),
(6239, 1439, 5),
(6240, 1439, 6),
(6241, 1438, 3),
(6242, 1438, 4),
(6243, 1438, 5),
(6244, 1438, 6),
(6245, 1357, 1),
(6246, 1357, 3),
(6247, 1357, 4),
(6248, 1432, 1),
(6249, 1432, 8),
(6250, 1442, 3),
(6251, 1442, 4),
(6252, 1442, 5),
(6253, 1442, 6),
(6254, 1445, 3),
(6255, 1445, 4),
(6256, 1445, 5),
(6257, 1444, 1),
(6258, 1444, 4),
(6259, 1444, 3),
(6260, 1444, 5),
(6261, 1444, 6),
(6262, 1446, 5),
(6263, 1446, 6),
(6264, 1441, 6),
(6265, 1441, 8),
(6266, 1441, 7),
(6267, 1441, 4),
(6268, 1441, 5),
(6269, 1441, 3),
(6270, 1441, 1),
(6271, 1447, 4),
(6272, 1447, 5),
(6273, 1447, 6),
(6274, 1254, 1),
(6275, 1254, 3),
(6276, 1254, 4),
(6277, 1254, 5),
(6278, 1254, 6),
(6279, 1254, 7),
(6280, 1254, 8),
(6281, 1448, 3),
(6282, 1448, 4),
(6283, 1448, 5),
(6284, 1448, 6),
(6285, 1449, 4),
(6286, 1449, 5),
(6287, 1449, 6),
(6288, 1449, 8),
(6289, 1446, 1),
(6290, 1446, 3),
(6291, 1446, 4),
(6292, 1446, 7),
(6293, 1446, 8),
(6294, 1451, 5),
(6295, 1451, 6),
(6296, 1451, 8),
(6297, 1456, 8),
(6298, 1456, 3),
(6299, 1456, 4),
(6300, 1456, 5),
(6301, 1456, 6),
(6302, 1459, 4),
(6303, 1459, 3),
(6304, 1459, 5),
(6305, 1459, 6),
(6306, 1461, 4),
(6307, 1461, 5),
(6308, 1461, 6),
(6309, 1462, 4),
(6310, 1462, 5),
(6311, 1462, 6),
(6312, 1463, 8),
(6313, 1463, 4),
(6314, 1463, 5),
(6315, 1463, 6),
(6316, 1463, 1),
(6317, 1454, 1),
(6318, 1454, 7),
(6319, 1454, 8),
(6320, 1454, 5),
(6321, 1454, 6),
(6322, 1454, 3),
(6323, 1464, 5),
(6324, 1465, 4),
(6325, 1465, 5),
(6326, 1466, 3),
(6327, 1466, 5),
(6328, 1466, 6),
(6329, 1455, 3),
(6330, 1455, 4),
(6331, 1455, 5),
(6332, 1455, 6),
(6333, 1455, 1),
(6334, 1455, 7),
(6335, 1455, 8),
(6336, 1467, 3),
(6337, 1467, 4),
(6338, 1467, 5),
(6339, 1467, 6),
(6340, 1468, 8),
(6341, 1468, 6),
(6342, 1468, 5),
(6343, 1468, 4),
(6344, 1450, 1),
(6345, 1450, 3),
(6346, 1450, 4),
(6347, 1450, 5),
(6348, 1450, 6),
(6349, 1469, 5),
(6350, 1469, 6),
(6351, 1464, 1),
(6352, 1464, 3),
(6353, 1464, 4),
(6354, 1464, 8),
(6355, 1464, 7),
(6356, 1464, 2),
(6357, 1470, 4),
(6358, 1470, 3),
(6359, 1470, 5),
(6360, 1470, 6),
(6361, 1470, 8),
(6362, 1472, 1),
(6363, 1472, 3),
(6364, 1472, 4),
(6365, 1472, 5),
(6366, 1472, 6),
(6367, 1472, 8),
(6368, 1474, 4),
(6369, 1474, 5),
(6370, 1474, 6),
(6371, 1475, 6),
(6372, 1475, 5),
(6373, 1475, 4),
(6374, 1475, 8),
(6375, 1473, 5),
(6376, 1473, 6),
(6377, 1476, 4),
(6378, 1476, 5),
(6379, 1476, 6),
(6380, 1452, 8),
(6381, 1452, 4),
(6382, 1452, 6),
(6383, 1452, 5),
(6384, 1477, 3),
(6385, 1477, 4),
(6386, 1477, 5),
(6387, 1477, 6),
(6389, 1471, 8),
(6390, 1471, 7),
(6391, 1471, 4),
(6392, 1471, 5),
(6393, 1471, 6),
(6394, 1471, 3),
(6395, 1479, 4),
(6396, 1479, 5),
(6397, 1480, 1),
(6398, 1480, 3),
(6399, 1480, 4),
(6400, 1480, 5),
(6401, 1480, 6),
(6402, 1481, 1),
(6403, 1481, 3),
(6404, 1481, 4),
(6405, 1481, 5),
(6406, 1481, 6),
(6407, 1481, 8),
(6408, 1482, 8),
(6409, 1482, 6),
(6410, 1482, 4),
(6411, 1482, 5),
(6412, 1479, 3),
(6413, 1479, 1),
(6414, 1479, 6),
(6415, 1479, 8),
(6416, 1479, 7),
(6417, 1473, 1),
(6418, 1473, 3),
(6419, 1473, 4),
(6420, 1473, 7),
(6421, 1473, 8),
(6422, 1485, 5),
(6423, 1485, 6),
(6424, 1483, 5),
(6425, 1478, 1),
(6426, 1478, 8),
(6427, 1478, 7),
(6428, 1478, 6),
(6429, 1478, 5),
(6430, 1478, 4),
(6431, 1478, 3),
(6432, 1486, 3),
(6433, 1486, 4),
(6434, 1486, 5),
(6435, 1486, 6),
(6436, 1483, 1),
(6437, 1483, 3),
(6438, 1483, 4),
(6439, 1483, 6),
(6440, 1483, 8),
(6441, 1487, 4),
(6442, 1487, 5),
(6443, 1487, 6),
(6444, 1486, 8),
(6445, 1488, 8),
(6446, 1488, 7),
(6447, 1488, 6),
(6448, 1488, 5),
(6449, 1488, 4),
(6450, 1488, 3),
(6451, 1488, 1),
(6452, 1484, 8),
(6453, 1484, 3),
(6454, 1484, 4),
(6455, 1484, 5),
(6456, 1484, 6),
(6457, 1491, 8),
(6458, 1491, 4),
(6459, 1491, 5),
(6460, 1491, 6),
(6461, 1490, 5),
(6462, 1489, 4),
(6463, 1489, 3),
(6464, 1489, 5),
(6465, 1489, 6),
(6466, 1485, 1),
(6467, 1493, 1),
(6468, 1493, 4),
(6469, 1493, 3),
(6470, 1493, 5),
(6471, 1493, 6),
(6472, 1493, 7),
(6473, 1492, 8),
(6474, 1492, 7),
(6475, 1492, 6),
(6476, 1492, 5),
(6477, 1492, 4),
(6478, 1492, 3),
(6479, 1492, 1),
(6480, 1458, 1),
(6481, 1458, 8),
(6482, 1458, 7),
(6483, 1458, 3),
(6484, 1458, 4),
(6485, 1458, 5),
(6486, 1458, 6),
(6487, 1494, 1),
(6488, 1494, 8),
(6489, 1494, 7),
(6490, 1494, 3),
(6491, 1494, 4),
(6492, 1494, 5),
(6493, 1494, 6),
(6494, 1490, 8),
(6495, 1490, 3),
(6496, 1490, 4),
(6497, 1490, 6),
(6498, 1495, 1),
(6499, 1495, 3),
(6500, 1495, 4),
(6501, 1495, 5),
(6502, 1495, 6),
(6503, 1495, 8),
(6504, 1496, 8),
(6505, 1496, 4),
(6506, 1496, 5),
(6507, 1496, 6),
(6508, 1498, 8),
(6509, 1498, 7),
(6510, 1498, 4),
(6511, 1498, 5),
(6512, 1498, 6),
(6513, 1498, 3),
(6514, 1497, 3),
(6515, 1497, 4),
(6516, 1497, 5),
(6517, 1497, 6),
(6518, 1461, 1),
(6519, 1461, 7),
(6520, 1461, 8),
(6521, 1461, 3),
(6522, 1500, 1),
(6523, 1500, 3),
(6524, 1500, 2),
(6525, 1500, 4),
(6526, 1500, 8),
(6527, 1500, 5),
(6528, 1500, 6),
(6529, 1501, 1),
(6530, 1501, 3),
(6531, 1501, 4),
(6532, 1501, 5),
(6533, 1501, 6),
(6534, 1501, 8),
(6535, 1496, 1),
(6536, 1503, 4),
(6537, 1503, 8),
(6538, 1503, 5),
(6539, 1503, 6),
(6540, 1502, 7),
(6541, 1502, 6),
(6542, 1502, 5),
(6543, 1502, 4),
(6544, 1502, 3),
(6545, 1499, 8),
(6546, 1499, 3),
(6547, 1499, 4),
(6548, 1499, 5),
(6549, 1499, 6),
(6550, 1497, 8),
(6551, 1497, 7),
(6552, 1497, 1),
(6553, 1498, 1),
(6554, 1504, 8),
(6555, 1504, 1),
(6556, 1504, 3),
(6557, 1504, 4),
(6558, 1504, 5),
(6559, 1504, 6),
(6560, 1503, 1),
(6561, 1503, 3),
(6562, 1505, 5),
(6563, 1505, 4),
(6564, 1506, 2),
(6565, 1506, 3),
(6566, 1506, 4),
(6567, 1506, 5),
(6568, 1506, 6),
(6569, 1506, 8),
(6570, 1506, 7),
(6571, 1505, 1),
(6572, 1505, 6),
(6573, 1505, 8),
(6574, 1505, 3),
(6575, 1508, 1),
(6576, 1508, 8),
(6577, 1508, 7),
(6578, 1508, 3),
(6579, 1508, 4),
(6580, 1508, 5),
(6581, 1508, 6),
(6582, 1507, 8),
(6583, 1507, 4),
(6584, 1507, 5),
(6585, 1507, 6),
(6586, 1465, 1),
(6587, 1465, 8),
(6588, 1465, 6),
(6589, 1465, 3),
(6590, 1513, 4),
(6591, 1513, 8),
(6592, 1513, 6),
(6593, 1513, 5),
(6594, 1512, 4),
(6595, 1512, 5),
(6596, 1512, 6),
(6597, 1512, 8),
(6598, 1510, 8),
(6599, 1510, 4),
(6600, 1510, 5),
(6601, 1510, 6),
(6602, 1511, 4),
(6603, 1511, 8),
(6604, 1511, 5),
(6605, 1514, 1),
(6606, 1514, 3),
(6607, 1514, 4),
(6608, 1514, 5),
(6609, 1514, 6),
(6610, 1514, 8),
(6611, 1513, 3),
(6612, 1513, 1),
(6613, 1512, 1),
(6614, 1512, 3),
(6615, 1509, 3),
(6616, 1509, 4),
(6617, 1509, 5),
(6618, 1509, 6),
(6619, 1509, 8),
(6620, 1516, 1),
(6621, 1516, 8),
(6622, 1516, 7),
(6623, 1516, 6),
(6624, 1516, 5),
(6625, 1516, 3),
(6626, 1516, 4),
(6627, 1518, 8),
(6628, 1518, 4),
(6629, 1518, 5),
(6630, 1518, 6),
(6631, 1517, 1),
(6632, 1517, 8),
(6633, 1517, 7),
(6634, 1517, 3),
(6635, 1517, 4),
(6636, 1517, 5),
(6637, 1517, 6),
(6638, 1519, 8),
(6639, 1519, 7),
(6640, 1519, 6),
(6641, 1519, 5),
(6642, 1519, 4),
(6643, 1519, 2),
(6644, 1519, 3),
(6645, 1515, 8),
(6646, 1515, 4),
(6647, 1515, 5),
(6648, 1515, 6),
(6649, 1522, 5),
(6650, 1521, 8),
(6651, 1521, 4),
(6652, 1521, 5),
(6653, 1521, 6),
(6654, 1520, 8),
(6655, 1520, 4),
(6656, 1520, 5),
(6657, 1520, 6),
(6658, 1518, 3),
(6659, 1518, 7),
(6660, 1522, 1),
(6661, 1522, 4),
(6662, 1522, 6),
(6663, 1522, 7),
(6664, 1522, 8),
(6665, 1522, 3),
(6666, 1528, 8),
(6667, 1528, 4),
(6668, 1528, 1),
(6669, 1528, 5),
(6670, 1528, 6),
(6671, 1523, 8),
(6672, 1523, 3),
(6673, 1523, 4),
(6674, 1523, 5),
(6675, 1523, 6),
(6676, 1523, 1),
(6677, 1476, 7),
(6678, 1476, 8),
(6679, 1476, 3),
(6680, 1476, 1),
(6681, 1531, 3),
(6682, 1531, 4),
(6683, 1531, 5),
(6684, 1531, 6),
(6685, 1532, 1),
(6686, 1532, 3),
(6687, 1532, 4),
(6688, 1532, 5),
(6689, 1532, 6),
(6690, 1532, 7),
(6691, 1532, 8),
(6692, 1529, 8),
(6693, 1529, 4),
(6694, 1529, 5),
(6695, 1529, 6),
(6696, 1529, 3),
(6697, 1521, 3),
(6698, 1521, 1),
(6699, 1525, 1),
(6700, 1525, 3),
(6701, 1525, 4),
(6702, 1525, 5),
(6703, 1525, 6),
(6704, 1534, 8),
(6705, 1534, 4),
(6706, 1534, 5),
(6707, 1527, 4),
(6708, 1527, 8),
(6709, 1527, 1),
(6710, 1527, 3),
(6711, 1527, 5),
(6712, 1527, 6),
(6713, 1527, 7),
(6714, 1518, 1),
(6715, 1529, 1),
(6716, 1536, 5),
(6717, 1520, 1),
(6718, 1520, 7),
(6719, 1520, 3),
(6720, 1510, 1),
(6721, 1510, 3),
(6722, 1510, 7),
(6723, 1538, 7),
(6724, 1538, 6),
(6725, 1538, 3),
(6726, 1538, 4),
(6727, 1538, 5),
(6728, 1538, 8),
(6729, 1460, 1),
(6730, 1460, 8),
(6731, 1460, 3),
(6732, 1460, 4),
(6733, 1460, 5),
(6734, 1460, 6),
(6735, 1537, 1),
(6736, 1537, 3),
(6737, 1537, 4),
(6738, 1537, 5),
(6739, 1537, 6),
(6740, 1537, 8),
(6741, 1530, 3),
(6742, 1530, 4),
(6743, 1530, 5),
(6744, 1530, 6),
(6745, 1539, 1),
(6746, 1539, 3),
(6747, 1539, 4),
(6748, 1539, 5),
(6749, 1539, 6),
(6750, 1533, 8),
(6751, 1533, 7),
(6752, 1533, 4),
(6753, 1533, 3),
(6754, 1533, 5),
(6755, 1533, 6),
(6756, 1533, 1),
(6757, 1531, 8),
(6758, 1531, 7),
(6759, 1531, 1),
(6760, 1525, 8),
(6761, 1525, 7),
(6762, 1545, 1),
(6763, 1545, 7),
(6764, 1545, 8),
(6765, 1545, 3),
(6766, 1545, 4),
(6767, 1545, 5),
(6768, 1545, 6),
(6769, 1547, 3),
(6770, 1547, 4),
(6771, 1547, 5),
(6772, 1547, 8),
(6773, 1546, 8),
(6774, 1546, 1),
(6775, 1546, 3),
(6776, 1546, 4),
(6777, 1546, 5),
(6778, 1546, 6),
(6779, 1546, 7),
(6783, 1544, 3),
(6784, 1544, 4),
(6785, 1544, 6),
(6786, 1544, 5),
(6787, 1544, 1),
(6788, 1526, 1),
(6789, 1526, 3),
(6790, 1526, 4),
(6791, 1526, 5),
(6792, 1526, 6),
(6793, 1526, 7),
(6794, 1526, 8),
(6795, 1397, 1),
(6796, 1397, 8),
(6797, 1397, 3),
(6798, 1397, 4),
(6799, 1397, 5),
(6800, 1397, 6),
(6801, 1569, 1),
(6802, 1569, 8),
(6803, 1569, 3),
(6804, 1569, 5),
(6805, 1569, 6),
(6806, 1570, 8),
(6807, 1570, 3),
(6808, 1570, 4),
(6809, 1570, 5),
(6810, 1570, 6),
(6811, 1541, 1),
(6812, 1541, 3),
(6813, 1541, 4),
(6814, 1541, 5),
(6815, 1541, 6),
(6816, 1541, 8),
(6817, 1572, 4),
(6818, 1572, 6),
(6819, 1572, 3),
(6820, 1572, 5),
(6821, 1585, 4),
(6822, 1585, 5),
(6823, 1585, 6),
(6824, 1585, 8),
(6825, 1592, 8),
(6826, 1592, 4),
(6827, 1592, 5),
(6828, 1592, 6),
(6829, 1596, 1),
(6830, 1596, 3),
(6831, 1596, 4),
(6832, 1596, 5),
(6833, 1596, 6),
(6834, 1596, 8),
(6835, 1596, 7),
(6836, 1586, 4),
(6837, 1586, 5),
(6838, 1586, 6),
(6839, 1603, 8),
(6840, 1603, 4),
(6841, 1603, 5),
(6842, 1603, 6),
(6843, 1602, 1),
(6844, 1602, 8),
(6845, 1602, 3),
(6846, 1602, 4),
(6847, 1602, 5),
(6848, 1602, 6),
(6849, 1605, 8),
(6850, 1605, 4),
(6851, 1605, 5),
(6852, 1605, 6),
(6853, 1606, 8),
(6854, 1606, 7),
(6855, 1606, 5),
(6856, 1606, 4),
(6857, 1607, 8),
(6858, 1607, 7),
(6859, 1607, 6),
(6860, 1607, 5),
(6861, 1607, 4),
(6862, 1607, 3),
(6863, 1607, 1),
(6864, 1608, 4),
(6866, 1608, 5),
(6867, 1608, 6),
(6868, 1611, 4),
(6869, 1611, 5),
(6870, 1611, 6);

-- --------------------------------------------------------

--
-- Table structure for table `d_soal_ujian_objektif`
--

CREATE TABLE IF NOT EXISTS `d_soal_ujian_objektif` (
`id` bigint(20) NOT NULL,
  `ujian_id` bigint(20) DEFAULT NULL,
  `soal` text,
  `soal_gambar` varchar(255) DEFAULT NULL,
  `soal_audio` varchar(255) DEFAULT NULL,
  `soal_video` varchar(255) DEFAULT NULL,
  `pilihan_a` text,
  `pilihan_b` text,
  `pilihan_c` text,
  `pilihan_d` text,
  `pilihan_e` text,
  `jawaban` enum('A','B','C','D','E') DEFAULT NULL,
  `aktif` enum('Y','N') DEFAULT 'Y'
) ENGINE=InnoDB AUTO_INCREMENT=549 DEFAULT CHARSET=utf8;

--
-- Dumping data for table `d_soal_ujian_objektif`
--

INSERT INTO `d_soal_ujian_objektif` (`id`, `ujian_id`, `soal`, `soal_gambar`, `soal_audio`, `soal_video`, `pilihan_a`, `pilihan_b`, `pilihan_c`, `pilihan_d`, `pilihan_e`, `jawaban`, `aktif`) VALUES
(234, NULL, NULL, NULL, NULL, NULL, NULL, NULL, NULL, NULL, NULL, NULL, 'Y'),
(235, NULL, NULL, NULL, NULL, NULL, NULL, NULL, NULL, NULL, NULL, NULL, 'Y'),
(236, NULL, NULL, NULL, NULL, NULL, NULL, NULL, NULL, NULL, NULL, NULL, 'Y'),
(237, NULL, NULL, NULL, NULL, NULL, NULL, NULL, NULL, NULL, NULL, NULL, 'Y'),
(238, NULL, NULL, NULL, NULL, NULL, NULL, NULL, NULL, NULL, NULL, NULL, 'Y'),
(349, 1, 'Soal-soal itu harus dikerjakan dengan teliti. Sinonim kata teliti pada kalimat terebut adalah ….', NULL, NULL, NULL, 'Ceroboh', ' Tepat', 'Sigap', 'Cepat', 'Cermat', 'E', 'Y'),
(350, 1, 'Jika Tinggi X Rendah, maka Ibu X...', NULL, NULL, NULL, 'Anak', 'Putri', 'Nenek', 'Kakek', 'Cucu', 'A', 'Y'),
(351, 1, '<p><span style="font-size:12.0pt"><span style="font-family:&quot;Times New Roman&quot;,serif">Peter seorang pelajar yang pandai, bahkan ia pernah meraih medali emas tingkat internasional di Bali dalam lomba fisika. Namun, ia tidak sombong dengan kepandaiannya itu. Ia selalu sopan dan baik kepada siapa saja.</span></span></p>\r\n\r\n<p>Peribahasa yang tepat untuk menggambarkan kehidupan di atas adalah ...</p>\r\n', NULL, NULL, NULL, '<p>Bagai air di atas daun talas.</p>\r\n', '<p>Tak ada gading yang tak retak.</p>\r\n', '<p>Bagai bumi dengan langit.</p>\r\n', '<p>Seperti ilmu padi kian berisi kian runduk.</p>\r\n', '<p>Ringan sama dijinjing, berat sama dipikul.</p>\r\n', 'D', 'Y'),
(352, 1, '<p>Bacalah paragraf berikut dengan saksama!</p>\r\n\r\n<p style="text-align:justify"><span style="font-size:12.0pt"><span style="font-family:&quot;Times New Roman&quot;,serif">Bencana alam sering terjadi di Indonesia. Bencana alam yang sering terjadi adalah tanah longsor, gempa bumi, gunung meletus, dan banjir. Hal ini disebabkan oleh posisi Indonesia yang berada di jalur Cincin Api Pasifik. Indonesia pernah mengalami bencana alam tsunami di Aceh, gempa di Lombok, banjir dan longsor di Sumatera, dan lain sebagainya. </span></span></p>\r\n\r\n<p>Gagasan pokok dari paragraf di atas adalah&hellip;.</p>\r\n', NULL, NULL, NULL, '<p>Indonesia mengalami bencana tsunami</p>\r\n', '<p>Posisi Indonesia berada di Cincin Api Pasifik</p>\r\n', '<p>Bencana alam sering terjadi di Indonesia</p>\r\n', '<p>Bencana longsor terjadi di Sumatera</p>\r\n', '<p>Bencana alam yang sering terjadi adalah tanah longsor</p>\r\n', 'C', 'Y'),
(353, 1, '<p style="text-align:justify">Cermatii kutipan cerita berikut!</p>\r\n\r\n<p style="text-align:justify"><span style="font-size:12.0pt"><span style="font-family:&quot;Times New Roman&quot;,serif">Ardi dan para relawan bergegas menyiapkan barak untuk para pengungsi. Tenda, tikar, dan lampu penerangan segera dia pasang. Tak lupa dapur umum juga dia siapkan. Obat-obatan, selimut, dan pos kesehatan pun telah didirikannya. Lapangan desa yang siang tadi masih lengang kini telah berubah drastis. Hiruk pikuk para relawan bertambah ramai dengan kedatangan para pengungsi. Mereka telah meninggalkan rumah di lereng gunung. Kesehatan jiwa lebih mereka utamakan.</span></span></p>\r\n\r\n<p>Latar tempat cerita tersebut adalah&hellip;.</p>\r\n', NULL, NULL, NULL, '<p>pos kesehatan</p>\r\n', '<p>lapangan desa</p>\r\n', '<p>barak pengungsian</p>\r\n', '<p>lereng gunun</p>\r\n', '<p>balai desa</p>\r\n', 'B', 'Y'),
(354, 1, '<p>Cermati poster berikut!</p>\r\n\r\n<p><img alt="" src="/ppdb/assets/kcfinder/upload/files/soal%20ppdb%202023%20bin%20no%204.png" style="height:320px; width:431px" /></p>\r\n\r\n<p>Bagaimana cara untuk menjaga kesehatan mental selama melakukan isolasi mandiri?</p>\r\n', NULL, NULL, NULL, '<p>memprioritaskan pengaturan kegiatan terutama rutinitas primer</p>\r\n', '<p>rutinitas primer dilaksanakan setelah terpenuhi rutinitas skunder</p>\r\n', '<p>mengatur waktu untuk kegiatan rutinitas baik primer maupun sekunder</p>\r\n', '<p>aktivitas utama yang dilakukan sebagai rutinitas adalah tidur dan olahraga</p>\r\n', '<p>memprioritaskan kegiatan primer dan mengesampingkan kegiatan skunder</p>\r\n', 'C', 'Y'),
(355, 1, '<p style="text-align:justify">Cermati kutipan artikel berikut!</p>\r\n\r\n<p style="text-align:justify"><span style="font-size:12.0pt"><span style="font-family:&quot;Times New Roman&quot;,serif">Menteri Pendidikan, Kebudayaan, Riset, dan Teknologi (Kemendikbud Ristek), Nadiem Makarim mengungkapkan bahwa sekitar 80 persen orang tua siswa menginginkan pembelajaran tatap muka (PTM) terbatas bagi anak-anaknya. Namun, hingga saat ini baru 55 persen sekolah yang membuka PTM terbatas. Mendikbud mengatakan, untuk mendukung PTM terbatas perlu peran orang tua sebagai garda terdepan dalam menjaga kesehatan dan pendidikan anak-anak. &quot;Orang tua adalah garda depan (pemenuhan) kesehatan dan pendidikan bagi anak-anaknya. Mereka harus berperan aktif agar sekolah disiplin menjalankan protokol kesehatan (prokes),&quot; ucap Nadiem. Nadiem berpesan kepada semua elemen bahwa peraturan mengenai PTM sudah jelas. Jadi orang tua, guru, tenaga pendidik, dan masyarakat lain di sekolah tinggal mengikuti aturan yang berlaku untuk melakukan pembelajaran tatap muka.</span></span></p>\r\n\r\n<p>Apa maksud orang tua menjadi garda terdepan dalam pembelajaran tatap muka?</p>\r\n', NULL, NULL, NULL, '<p>Orang tua harus berperan aktif supaya sekolah tetap tertib menjalankan protokol kesehatan.</p>\r\n', '<p>Orang tua bertanggung jawab penuh terhadap kemajuan belajar dan kesehatan para siswa.</p>\r\n', '<p>Orang tua wajib mengikuti aturan yang berlaku untuk mendukung pembelajaran tatap muka.</p>\r\n', '<p>Orang tua sudah sewajarnya menjadi ujung tombak pendamping kegiatan bagi anak- anaknya.</p>\r\n', '<p>Orang tua menjadi guru pengganti untuk anak-anaknya selama pandemi</p>\r\n', 'A', 'Y'),
(356, 1, '<p style="text-align:justify">Dokter melakukan &hellip; setelah mencermati hasil rontgen tulang belakang Andi.</p>\r\n\r\n<p style="text-align:justify">Kata yang tepat untuk melengkapi kalimat tersebut adalah &hellip;.</p>\r\n', NULL, NULL, NULL, '<p>Transfusi</p>\r\n', '<p>Diagnosis</p>\r\n', '<p>Injeksi</p>\r\n', '<p>Terapi</p>\r\n', '<p>Evaluasi</p>\r\n', 'B', 'Y'),
(357, 1, '<p style="text-align:justify"><span style="font-size:12.0pt"><span style="font-family:&quot;Times New Roman&quot;,serif">Cermati berita berikut! </span></span></p>\r\n\r\n<p style="text-align:justify"><span style="font-size:12.0pt"><span style="font-family:&quot;Times New Roman&quot;,serif">Berita tentang peristiwa kematian Sofia, seorang gadis kecil berusia 7 tahun tak ayal membuat masyarakat Indonesia geram. Gadis kecil lucu tersebut tewas di tangan ibu angkatnya sendiri dan dikubur di halaman belakang rumah, tepat di bawah kandang kelinci peliharaan keluarga. Sofia memang hanyalah anak angkat dari keluarga Stefanus. Ia kerapkali diperlakukan layaknya seorang budak di rumah tersebut. </span></span></p>\r\n\r\n<p style="text-align:justify"><span style="font-size:12.0pt"><span style="font-family:&quot;Times New Roman&quot;,serif">Berita tersebut berisikan tentang...</span></span></p>\r\n\r\n<p style="text-align:justify">&nbsp;</p>\r\n', NULL, NULL, NULL, '<p>kasus penganiayaan orang tua kandung terhadap anak</p>\r\n', '<p>kekerasan orang tua oleh anak kandung</p>\r\n', '<p>peristiwa pembunuhan seorang anak oleh ibu angkatnya sendiri</p>\r\n', '<p>perlakuan layaknya budak oleh ibu angkat</p>\r\n', '<p>peristiwa kematian seorang anak</p>\r\n', 'C', 'Y'),
(358, 1, '<p style="text-align:justify"><span style="font-size:12.0pt"><span style="font-family:&quot;Times New Roman&quot;,serif">&ldquo;Nada, minggu depan kita harus pindah ke Jogjakarta. Ayah dipindahtugaskan di sana.&rdquo; Bagaikan petir di siang bolong menyambar Nada yang seketika itu langsung diam mematung.</span></span></p>\r\n\r\n<p style="text-align:justify"><span style="font-size:12.0pt"><span style="font-family:&quot;Times New Roman&quot;,serif">Makna simbol petir di siang bolong pada kutipan cerpen tersebut adalah&hellip;.</span></span></p>\r\n', NULL, NULL, NULL, '<p>merasa sedih&nbsp;&nbsp;&nbsp;&nbsp;&nbsp;&nbsp;</p>\r\n', '<p>merasa heran</p>\r\n', '<p>merasa bingung</p>\r\n', '<p>sangat terkejut</p>\r\n', '<p>merasa takut</p>\r\n', 'D', 'Y'),
(359, 1, '<p style="text-align:justify">Hi, good morning&hellip;</p>\r\n\r\n<p style="text-align:justify">My name is Evander Steward. You can call me Evan. I was born in Glasgow on February 1st 2001. I am currently studying a first-year graduate student at The School of Simulation and Visualisation at The Glasgow School of Art.</p>\r\n\r\n<p style="text-align:justify">I love music. Usually, I spend my time after school to create a song about my journey or enjoy food at the local restaurant. My favourite day is weekend! Because I&#39;m free to do what I please and going out with my friends. Normally I spend my weekend along the side of the River Kelvin at the Kelvingrove Park just to have a leisurely stroll, or sit down for enjoying view.</p>\r\n\r\n<p style="text-align:justify"><span style="font-size:8.0pt">Source: </span><a href="https://www.ef.co.id/englishfirst/kids/blog/10-contoh-introducing-myself-dalam-bahasa-inggris/"><span style="font-size:8.0pt">https://www.ef.co.id/englishfirst/kids/blog/10-contoh-introducing-myself-dalam-bahasa-inggris/</span></a></p>\r\n\r\n<p>What is the text about?</p>\r\n', NULL, NULL, NULL, '<p>The Glasgow School of Art</p>\r\n', '<p>Spending weekend</p>\r\n', '<p>Evander Steward</p>\r\n', '<p>The Local Restaurant</p>\r\n', '<p>Kelvingrove Park</p>\r\n', 'C', 'Y'),
(360, 1, '<p style="text-align:justify">Hi, good morning&hellip;</p>\r\n\r\n<p style="text-align:justify">My name is Evander Steward. You can call me Evan. I was born in Glasgow on February 1st 2001. I am currently studying a first-year graduate student at The School of Simulation and Visualisation at The Glasgow School of Art.</p>\r\n\r\n<p style="text-align:justify">I love music. Usually, I spend my time after school to create a song about my journey or enjoy food at the local restaurant. My favourite day is weekend! Because I&#39;m free to do what I please and going out with my friends. Normally I spend my weekend along the side of the River Kelvin at the Kelvingrove Park just to have a leisurely stroll, or sit down for enjoying view.</p>\r\n\r\n<p style="text-align:justify">Source: <a href="https://www.ef.co.id/englishfirst/kids/blog/10-contoh-introducing-myself-dalam-bahasa-inggris/">https://www.ef.co.id/englishfirst/kids/blog/10-contoh-introducing-myself-dalam-bahasa-inggris/</a></p>\r\n\r\n<p>What does paragraph two talk about?</p>\r\n', NULL, NULL, NULL, '<p>The writer&rsquo;s favourite</p>\r\n', '<p>Evan&rsquo;s song writing</p>\r\n', '<p>Evan&rsquo;s favourite day</p>\r\n', '<p>The Local Restaurant</p>\r\n', '<p>Kelvingrove Park</p>\r\n', 'A', 'Y'),
(361, 1, '<p style="text-align:justify">Hi, good morning&hellip;</p>\r\n\r\n<p style="text-align:justify">My name is Evander Steward. You can call me Evan. I was born in Glasgow on February 1st 2001. I am currently studying a first-year graduate student at The School of Simulation and Visualisation at The Glasgow School of Art.</p>\r\n\r\n<p style="text-align:justify">I love music. Usually, I spend my time after school to create a song about my journey or enjoy food at the local restaurant. My favourite day is weekend! Because I&#39;m free to do what I please and going out with my friends. Normally I spend my weekend along the side of the River Kelvin at the Kelvingrove Park just to have a leisurely stroll, or sit down for enjoying view.</p>\r\n\r\n<p style="text-align:justify"><span style="font-size:8.0pt">Source: </span><a href="https://www.ef.co.id/englishfirst/kids/blog/10-contoh-introducing-myself-dalam-bahasa-inggris/"><span style="font-size:8.0pt">https://www.ef.co.id/englishfirst/kids/blog/10-contoh-introducing-myself-dalam-bahasa-inggris/</span></a></p>\r\n\r\n<p>&ldquo;&hellip; to have a leisurely stroll, or sit down for enjoying view.&rdquo; The similar word to word &ldquo;stroll&rdquo; is &hellip;</p>\r\n', NULL, NULL, NULL, '<p>walk</p>\r\n', '<p>sit</p>\r\n', '<p>sleep</p>\r\n', '<p>stand</p>\r\n', '<p>run</p>\r\n', 'A', 'Y'),
(362, 1, '<p style="text-align:center"><strong><span style="font-size:12.0pt">Suramadu Bridge</span></strong></p>\r\n\r\n<p style="text-align:justify"><span style="font-size:12.0pt">The Suramadu Bridge (Indonesian: Jembatan Suramadu), also known as the Surabaya&ndash;Madura Bridge, is a bridge with three cable-stayed sections constructed between Surabaya on the island of Java and the town of Bangkalan on the island of Madura in Indonesia. Opened on June 10, 2009, the 5.4-km bridge is the longest in Indonesia and the first bridge to cross the Madura Strait.</span></p>\r\n\r\n<p style="text-align:justify"><span style="font-size:12.0pt">The cable-stayed portion has three spans with lengths 192 m, 434 m and 192 m. The bridge has two lanes in each direction plus an emergency lane and a dedicated lane for motorcycles. The first toll bridge in Indonesia, fares have been initially set at Rp. 30,000 (US$3 in 2009) for four-wheeled vehicles and Rp. 3,000 (US$0.30) for two-wheelers.</span></p>\r\n\r\n<p style="text-align:justify"><span style="font-size:12.0pt">The bridge was built by a consortium of Indonesian companies PT Adhi Karya and PT Waskita Karya working with China Road and Bridge Corp. and China Harbor Engineering Co. Ltd. The total cost of the project, including connecting roads, has been estimated at 4.5 trillion rupiah (US$445 million).</span></p>\r\n\r\n<p style="text-align:justify"><span style="font-size:12.0pt">Construction was started on August 20, 2003. In July 2004, a girder collapsed, killing one worker and injuring nine others. Work on the bridge halted at the end of 2004 due to lack of funds, but was restarted in November 2005. The main span of the bridge was connected on March 31, 2009, and the bridge was opened to the public in June 10, 2009.Within a week of the opening, it was discovered that nuts and bolts as well as maintenance lamps had been stolen and that there was evidence of vandalism of cables supporting the main span.</span></p>\r\n\r\n<p>Suramadu&rsquo;s bridge also known as&hellip;.</p>\r\n', NULL, NULL, NULL, '<p>Longest bridge</p>\r\n', '<p>sura and madu</p>\r\n', '<p>Surabaya-Madura bridge</p>\r\n', '<p>toll bridge</p>\r\n', '<p>overpass</p>\r\n', 'C', 'Y'),
(363, 1, '<p style="text-align:center"><strong><span style="font-size:12.0pt">Suramadu Bridge</span></strong></p>\r\n\r\n<p style="text-align:justify"><span style="font-size:12.0pt">The Suramadu Bridge (Indonesian: Jembatan Suramadu), also known as the Surabaya&ndash;Madura Bridge, is a bridge with three cable-stayed sections constructed between Surabaya on the island of Java and the town of Bangkalan on the island of Madura in Indonesia. Opened on June 10, 2009, the 5.4-km bridge is the longest in Indonesia and the first bridge to cross the Madura Strait.</span></p>\r\n\r\n<p style="text-align:justify"><span style="font-size:12.0pt">The cable-stayed portion has three spans with lengths 192 m, 434 m and 192 m. The bridge has two lanes in each direction plus an emergency lane and a dedicated lane for motorcycles. The first toll bridge in Indonesia, fares have been initially set at Rp. 30,000 (US$3 in 2009) for four-wheeled vehicles and Rp. 3,000 (US$0.30) for two-wheelers.</span></p>\r\n\r\n<p style="text-align:justify"><span style="font-size:12.0pt">The bridge was built by a consortium of Indonesian companies PT Adhi Karya and PT Waskita Karya working with China Road and Bridge Corp. and China Harbor Engineering Co. Ltd. The total cost of the project, including connecting roads, has been estimated at 4.5 trillion rupiah (US$445 million).</span></p>\r\n\r\n<p style="text-align:justify"><span style="font-size:12.0pt">Construction was started on August 20, 2003. In July 2004, a girder collapsed, killing one worker and injuring nine others. Work on the bridge halted at the end of 2004 due to lack of funds, but was restarted in November 2005. The main span of the bridge was connected on March 31, 2009, and the bridge was opened to the public in June 10, 2009.Within a week of the opening, it was discovered that nuts and bolts as well as maintenance lamps had been stolen and that there was evidence of vandalism of cables supporting the main span.</span></p>\r\n\r\n<p>Suramadu&rsquo;s bridge connects the island&hellip;.</p>\r\n', NULL, NULL, NULL, '<p>Java and Sumatra</p>\r\n', '<p>Java and Bali</p>\r\n', '<p>Sumatra and Kalimantan</p>\r\n', '<p>Java and Madura</p>\r\n', '<p>Surabaya and Bali</p>\r\n', 'D', 'Y'),
(364, 1, '<p style="text-align:center"><strong><span style="font-size:12.0pt">Suramadu Bridge</span></strong></p>\r\n\r\n<p style="text-align:justify"><span style="font-size:12.0pt">The Suramadu Bridge (Indonesian: Jembatan Suramadu), also known as the Surabaya&ndash;Madura Bridge, is a bridge with three cable-stayed sections constructed between Surabaya on the island of Java and the town of Bangkalan on the island of Madura in Indonesia. Opened on June 10, 2009, the 5.4-km bridge is the longest in Indonesia and the first bridge to cross the Madura Strait.</span></p>\r\n\r\n<p style="text-align:justify"><span style="font-size:12.0pt">The cable-stayed portion has three spans with lengths 192 m, 434 m and 192 m. The bridge has two lanes in each direction plus an emergency lane and a dedicated lane for motorcycles. The first toll bridge in Indonesia, fares have been initially set at Rp. 30,000 (US$3 in 2009) for four-wheeled vehicles and Rp. 3,000 (US$0.30) for two-wheelers.</span></p>\r\n\r\n<p style="text-align:justify"><span style="font-size:12.0pt">The bridge was built by a consortium of Indonesian companies PT Adhi Karya and PT Waskita Karya working with China Road and Bridge Corp. and China Harbor Engineering Co. Ltd. The total cost of the project, including connecting roads, has been estimated at 4.5 trillion rupiah (US$445 million).</span></p>\r\n\r\n<p style="text-align:justify"><span style="font-size:12.0pt">Construction was started on August 20, 2003. In July 2004, a girder collapsed, killing one worker and injuring nine others. Work on the bridge halted at the end of 2004 due to lack of funds, but was restarted in November 2005. The main span of the bridge was connected on March 31, 2009, and the bridge was opened to the public in June 10, 2009.Within a week of the opening, it was discovered that nuts and bolts as well as maintenance lamps had been stolen and that there was evidence of vandalism of cables supporting the main span.</span></p>\r\n\r\n<p>&ldquo;&hellip; it was discovered that nuts and bolts &hellip;&rdquo; The word &ldquo;it&rdquo; refers to &hellip;</p>\r\n', NULL, NULL, NULL, '<p>The bridge</p>\r\n', '<p>The workers</p>\r\n', '<p>Nuts and Bolts</p>\r\n', '<p>The Companies</p>\r\n', '<p>Cost of The Project</p>\r\n', 'A', 'Y'),
(365, 1, '<p style="margin-left:0cm; text-align:center"><strong>How to Install Printer Software to Your Computer</strong></p>\r\n\r\n<p style="margin-left:0cm; text-align:justify"><span style="font-size:12.0pt"><span style="background-color:white">In order to make your computer detect the printer, you must first install the software from the CD provided inside the box. You need to open the box and get the CD, after that follow these following instructions to successfully install the software.</span></span></p>\r\n\r\n<p style="margin-left:0cm"><span style="font-size:12.0pt">You need:</span></p>\r\n\r\n<ol>\r\n	<li><span style="font-size:12.0pt"><span style="background-color:white">CPU&nbsp;&nbsp;&nbsp;&nbsp;&nbsp;&nbsp;&nbsp;&nbsp;&nbsp;&nbsp;&nbsp;&nbsp;&nbsp;&nbsp;&nbsp;&nbsp;&nbsp;&nbsp;&nbsp;&nbsp;&nbsp;&nbsp;&nbsp;&nbsp;&nbsp;&nbsp;&nbsp;&nbsp;&nbsp;&nbsp;&nbsp;&nbsp;&nbsp;&nbsp;&nbsp;&nbsp;&nbsp;&nbsp;&nbsp;&nbsp;&nbsp;&nbsp;&nbsp;&nbsp;&nbsp;&nbsp;&nbsp;&nbsp;&nbsp;&nbsp;&nbsp;&nbsp;&nbsp;&nbsp;&nbsp;&nbsp;&nbsp; 4. Mouse</span></span></li>\r\n	<li><span style="font-size:12.0pt"><span style="background-color:white">Monitor&nbsp;&nbsp;&nbsp;&nbsp;&nbsp;&nbsp;&nbsp;&nbsp;&nbsp;&nbsp;&nbsp;&nbsp;&nbsp;&nbsp;&nbsp;&nbsp;&nbsp;&nbsp;&nbsp;&nbsp;&nbsp;&nbsp;&nbsp;&nbsp;&nbsp;&nbsp;&nbsp;&nbsp;&nbsp;&nbsp;&nbsp;&nbsp;&nbsp;&nbsp;&nbsp;&nbsp;&nbsp;&nbsp;&nbsp;&nbsp;&nbsp;&nbsp;&nbsp;&nbsp;&nbsp;&nbsp;&nbsp;&nbsp;&nbsp;&nbsp;&nbsp; 5. Printer</span></span></li>\r\n	<li><span style="font-size:12.0pt"><span style="background-color:white">Keyboard&nbsp;&nbsp;&nbsp;&nbsp;&nbsp;&nbsp;&nbsp;&nbsp;&nbsp;&nbsp;&nbsp;&nbsp;&nbsp;&nbsp;&nbsp;&nbsp;&nbsp;&nbsp;&nbsp;&nbsp;&nbsp;&nbsp;&nbsp;&nbsp;&nbsp;&nbsp;&nbsp;&nbsp;&nbsp;&nbsp;&nbsp;&nbsp;&nbsp;&nbsp;&nbsp;&nbsp;&nbsp;&nbsp;&nbsp;&nbsp;&nbsp;&nbsp;&nbsp;&nbsp;&nbsp;&nbsp;&nbsp;&nbsp;&nbsp; 6. CD Printer Software</span></span></li>\r\n</ol>\r\n\r\n<p style="margin-left:0cm"><span style="font-size:12.0pt">Here are the steps to </span><strong><span style="background-color:white">install printer software to your computer:</span></strong></p>\r\n\r\n<ol>\r\n	<li style="text-align:justify"><span style="font-size:12.0pt">Insert the CD into the CD Room on your computer.</span></li>\r\n	<li style="text-align:justify"><span style="font-size:12.0pt">Wait until the CD Room finish reading the CD</span></li>\r\n	<li style="text-align:justify"><span style="font-size:12.0pt">A dialogue box will pop out on your computer screen, giving you an option to install the software, choose &ldquo;Yes&rdquo; to continue with the installation process.</span></li>\r\n	<li style="text-align:justify"><span style="font-size:12.0pt">Next, the dialogue box will let you to choose your &ldquo;Country Region&rdquo;, choose &ldquo;Asia&rdquo; if you live within Asia continent. Then click &ldquo;Next&rdquo; button.</span></li>\r\n	<li style="text-align:justify"><span style="font-size:12.0pt">After that, choose your country, then click &ldquo;Next&rdquo; button.</span></li>\r\n	<li style="text-align:justify"><span style="font-size:12.0pt">Next, the dialogue box will let you to choose type of installation, the best is to choose &ldquo;Easy Install&rdquo; option, but if you are an expert, you can also choose &ldquo;Custom Install&rdquo; option.</span></li>\r\n	<li style="text-align:justify"><span style="font-size:12.0pt">After that click &ldquo;Install&rdquo; button, wait for about 10 minutes.</span></li>\r\n	<li style="text-align:justify"><span style="font-size:12.0pt">During the installation process is running, plug the power cable into the electricity socket, and then turn on the printer by pressing the power button (if your printer is Canon Pixma iP2770 there are two buttons on your printer and the power button is the one on top.)</span></li>\r\n	<li style="text-align:justify"><span style="font-size:12.0pt">At the end of the installation process, (make sure the printer is on) we need to plug the printer USB cable into the USB socket on your computer so the software will be able to synchronize with the device.</span></li>\r\n	<li style="text-align:justify"><span style="font-size:12.0pt">Installation process is complete and your printer is ready to use.</span></li>\r\n</ol>\r\n\r\n<p>&nbsp;</p>\r\n\r\n<p>What does the text tell about?</p>\r\n', NULL, NULL, NULL, '<p>Installing Mouse</p>\r\n', '<p>Inserting CD</p>\r\n', '<p>Using Printer</p>\r\n', '<p>Installing Printer</p>\r\n', '<p>Inserting USB device</p>\r\n', 'D', 'Y'),
(366, 1, '<p style="margin-left:0cm; text-align:center"><strong>How to Install Printer Software to Your Computer</strong></p>\r\n\r\n<p>In order to make your computer detect the printer, you must first install the software from the CD provided inside the box. You need to open the box and get the CD, after that follow these following instructions to successfully install the software.</p>\r\n\r\n<p>You need:</p>\r\n\r\n<ol>\r\n	<li>CPU&nbsp;&nbsp;&nbsp;&nbsp;&nbsp;&nbsp;&nbsp;&nbsp;&nbsp;&nbsp;&nbsp;&nbsp;&nbsp;&nbsp;&nbsp;&nbsp;&nbsp;&nbsp;&nbsp;&nbsp;&nbsp;&nbsp;&nbsp;&nbsp;&nbsp;&nbsp;&nbsp;&nbsp;&nbsp;&nbsp;&nbsp;&nbsp;&nbsp;&nbsp;&nbsp;&nbsp;&nbsp;&nbsp;&nbsp;&nbsp;&nbsp;&nbsp;&nbsp;&nbsp;&nbsp;&nbsp;&nbsp;&nbsp;&nbsp;&nbsp;&nbsp;&nbsp;&nbsp;&nbsp;&nbsp;&nbsp;&nbsp; 4. Mouse</li>\r\n	<li>Monitor&nbsp; &nbsp; &nbsp; &nbsp; &nbsp; &nbsp; &nbsp; &nbsp; &nbsp; &nbsp; &nbsp; &nbsp; &nbsp; &nbsp; &nbsp; &nbsp; &nbsp; &nbsp; &nbsp; &nbsp; &nbsp; &nbsp; &nbsp; &nbsp; &nbsp; &nbsp; &nbsp;5. Printer</li>\r\n	<li>Keyboard&nbsp;&nbsp;&nbsp;&nbsp;&nbsp;&nbsp;&nbsp;&nbsp;&nbsp;&nbsp;&nbsp;&nbsp;&nbsp;&nbsp;&nbsp;&nbsp;&nbsp;&nbsp;&nbsp;&nbsp;&nbsp;&nbsp;&nbsp;&nbsp;&nbsp;&nbsp;&nbsp;&nbsp;&nbsp;&nbsp;&nbsp;&nbsp;&nbsp;&nbsp;&nbsp;&nbsp;&nbsp;&nbsp;&nbsp;&nbsp;&nbsp;&nbsp;&nbsp;&nbsp;&nbsp;&nbsp;&nbsp;&nbsp;&nbsp; 6. CD Printer Software</li>\r\n</ol>\r\n\r\n<p>Here are the steps to <strong>install printer software to your computer:</strong></p>\r\n\r\n<ol>\r\n	<li>Insert the CD into the CD Room on your computer.</li>\r\n	<li>Wait until the CD Room finish reading the CD</li>\r\n	<li>A dialogue box will pop out on your computer screen, giving you an option to install the software, choose &ldquo;Yes&rdquo; to continue with the installation process.</li>\r\n	<li>Next, the dialogue box will let you to choose your &ldquo;Country Region&rdquo;, choose &ldquo;Asia&rdquo; if you live within Asia continent. Then click &ldquo;Next&rdquo; button.</li>\r\n	<li>After that, choose your country, then click &ldquo;Next&rdquo; button.</li>\r\n	<li>Next, the dialogue box will let you to choose type of installation, the best is to choose &ldquo;Easy Install&rdquo; option, but if you are an expert, you can also choose &ldquo;Custom Install&rdquo; option.</li>\r\n	<li>After that click &ldquo;Install&rdquo; button, wait for about 10 minutes.</li>\r\n	<li>During the installation process is running, plug the power cable into the electricity socket, and then turn on the printer by pressing the power button (if your printer is Canon Pixma iP2770 there are two buttons on your printer and the power button is the one on top.)</li>\r\n	<li>At the end of the installation process, (make sure the printer is on) we need to plug the printer USB cable into the USB socket on your computer so the software will be able to synchronize with the device.</li>\r\n	<li>Installation process is complete and your printer is ready to use.</li>\r\n</ol>\r\n\r\n<p>What is the next step after choosing country region for the installation?</p>\r\n', NULL, NULL, NULL, '<p>Connect the USB cable into the PC.</p>\r\n', '<p>Insert CD installation</p>\r\n', '<p>Turn on the printer</p>\r\n', '<p>Choose the installation type.</p>\r\n', '<p>Turn on the PC</p>\r\n', 'D', 'Y'),
(367, 1, '<p style="margin-left:0cm; text-align:center"><strong>How to Install Printer Software to Your Computer</strong></p>\r\n\r\n<p style="margin-left:0cm; text-align:justify"><span style="font-size:12.0pt"><span style="background-color:white">In order to make your computer detect the printer, you must first install the software from the CD provided inside the box. You need to open the box and get the CD, after that follow these following instructions to successfully install the software.</span></span></p>\r\n\r\n<p style="margin-left:0cm"><span style="font-size:12.0pt">You need:</span></p>\r\n\r\n<ol>\r\n	<li><span style="font-size:12.0pt"><span style="background-color:white">CPU&nbsp;&nbsp;&nbsp;&nbsp;&nbsp;&nbsp;&nbsp;&nbsp;&nbsp;&nbsp;&nbsp;&nbsp;&nbsp;&nbsp;&nbsp;&nbsp;&nbsp;&nbsp;&nbsp;&nbsp;&nbsp;&nbsp;&nbsp;&nbsp;&nbsp;&nbsp;&nbsp;&nbsp;&nbsp;&nbsp;&nbsp;&nbsp;&nbsp;&nbsp;&nbsp;&nbsp;&nbsp;&nbsp;&nbsp;&nbsp;&nbsp;&nbsp;&nbsp;&nbsp;&nbsp;&nbsp;&nbsp;&nbsp;&nbsp;&nbsp;&nbsp;&nbsp;&nbsp;&nbsp;&nbsp;&nbsp;&nbsp; 4. Mouse</span></span></li>\r\n	<li><span style="font-size:12.0pt"><span style="background-color:white">Monitor&nbsp;&nbsp;&nbsp;&nbsp;&nbsp;&nbsp;&nbsp;&nbsp;&nbsp;&nbsp;&nbsp;&nbsp;&nbsp;&nbsp;&nbsp;&nbsp;&nbsp;&nbsp;&nbsp;&nbsp;&nbsp;&nbsp;&nbsp;&nbsp;&nbsp;&nbsp;&nbsp;&nbsp;&nbsp;&nbsp;&nbsp;&nbsp;&nbsp;&nbsp;&nbsp;&nbsp;&nbsp;&nbsp;&nbsp;&nbsp;&nbsp;&nbsp;&nbsp;&nbsp;&nbsp;&nbsp;&nbsp;&nbsp;&nbsp;&nbsp;&nbsp; 5. Printer</span></span></li>\r\n	<li><span style="font-size:12.0pt"><span style="background-color:white">Keyboard&nbsp;&nbsp;&nbsp;&nbsp;&nbsp;&nbsp;&nbsp;&nbsp;&nbsp;&nbsp;&nbsp;&nbsp;&nbsp;&nbsp;&nbsp;&nbsp;&nbsp;&nbsp;&nbsp;&nbsp;&nbsp;&nbsp;&nbsp;&nbsp;&nbsp;&nbsp;&nbsp;&nbsp;&nbsp;&nbsp;&nbsp;&nbsp;&nbsp;&nbsp;&nbsp;&nbsp;&nbsp;&nbsp;&nbsp;&nbsp;&nbsp;&nbsp;&nbsp;&nbsp;&nbsp;&nbsp;&nbsp;&nbsp;&nbsp; 6. CD Printer Software</span></span></li>\r\n</ol>\r\n\r\n<p style="margin-left:0cm"><span style="font-size:12.0pt">Here are the steps to </span><strong><span style="background-color:white">install printer software to your computer:</span></strong></p>\r\n\r\n<ol>\r\n	<li style="text-align:justify"><span style="font-size:12.0pt">Insert the CD into the CD Room on your computer.</span></li>\r\n	<li style="text-align:justify"><span style="font-size:12.0pt">Wait until the CD Room finish reading the CD</span></li>\r\n	<li style="text-align:justify"><span style="font-size:12.0pt">A dialogue box will pop out on your computer screen, giving you an option to install the software, choose &ldquo;Yes&rdquo; to continue with the installation process.</span></li>\r\n	<li style="text-align:justify"><span style="font-size:12.0pt">Next, the dialogue box will let you to choose your &ldquo;Country Region&rdquo;, choose &ldquo;Asia&rdquo; if you live within Asia continent. Then click &ldquo;Next&rdquo; button.</span></li>\r\n	<li style="text-align:justify"><span style="font-size:12.0pt">After that, choose your country, then click &ldquo;Next&rdquo; button.</span></li>\r\n	<li style="text-align:justify"><span style="font-size:12.0pt">Next, the dialogue box will let you to choose type of installation, the best is to choose &ldquo;Easy Install&rdquo; option, but if you are an expert, you can also choose &ldquo;Custom Install&rdquo; option.</span></li>\r\n	<li style="text-align:justify"><span style="font-size:12.0pt">After that click &ldquo;Install&rdquo; button, wait for about 10 minutes.</span></li>\r\n	<li style="text-align:justify"><span style="font-size:12.0pt">During the installation process is running, plug the power cable into the electricity socket, and then turn on the printer by pressing the power button (if your printer is Canon Pixma iP2770 there are two buttons on your printer and the power button is the one on top.)</span></li>\r\n	<li style="text-align:justify"><span style="font-size:12.0pt">At the end of the installation process, (make sure the printer is on) we need to plug the printer USB cable into the USB socket on your computer so the software will be able to synchronize with the device.</span></li>\r\n	<li style="text-align:justify"><span style="font-size:12.0pt">Installation process is complete and your printer is ready to use.</span></li>\r\n</ol>\r\n\r\n<p><span style="font-size:14px">Word &ldquo;you&rdquo; in the text refers to &hellip;</span></p>\r\n', NULL, NULL, NULL, '<p>The printer company</p>\r\n', '<p>The writer</p>\r\n', '<p>The dialogue</p>\r\n', '<p>The reader</p>\r\n', '<p>The computer</p>\r\n', 'D', 'Y'),
(368, 1, '<p><strong>How to Install Printer Software to Your Computer</strong></p>\r\n\r\n<p>In order to make your computer detect the printer, you must first install the software from the CD provided inside the box. You need to open the box and get the CD, after that follow these following instructions to successfully install the software.</p>\r\n\r\n<p>You need:</p>\r\n\r\n<ol>\r\n	<li>CPU&nbsp;&nbsp;&nbsp;&nbsp;&nbsp;&nbsp;&nbsp;&nbsp;&nbsp;&nbsp;&nbsp;&nbsp;&nbsp;&nbsp;&nbsp;&nbsp;&nbsp;&nbsp;&nbsp;&nbsp;&nbsp;&nbsp;&nbsp;&nbsp;&nbsp;&nbsp;&nbsp;&nbsp;&nbsp;&nbsp;&nbsp;&nbsp;&nbsp;&nbsp;&nbsp;&nbsp;&nbsp;&nbsp;&nbsp;&nbsp;&nbsp;&nbsp;&nbsp;&nbsp;&nbsp;&nbsp;&nbsp;&nbsp;&nbsp;&nbsp;&nbsp;&nbsp;&nbsp;&nbsp;&nbsp;&nbsp;&nbsp; 4. Mouse</li>\r\n	<li>Monitor&nbsp;&nbsp;&nbsp;&nbsp;&nbsp;&nbsp;&nbsp;&nbsp;&nbsp;&nbsp;&nbsp;&nbsp;&nbsp;&nbsp;&nbsp;&nbsp;&nbsp;&nbsp;&nbsp;&nbsp;&nbsp;&nbsp;&nbsp;&nbsp;&nbsp;&nbsp;&nbsp;&nbsp;&nbsp;&nbsp;&nbsp;&nbsp;&nbsp;&nbsp;&nbsp;&nbsp;&nbsp;&nbsp;&nbsp;&nbsp;&nbsp;&nbsp;&nbsp;&nbsp;&nbsp;&nbsp;&nbsp;&nbsp;&nbsp;&nbsp;&nbsp; 5. Printer</li>\r\n	<li>Keyboard&nbsp;&nbsp;&nbsp;&nbsp;&nbsp;&nbsp;&nbsp;&nbsp;&nbsp;&nbsp;&nbsp;&nbsp;&nbsp;&nbsp;&nbsp;&nbsp;&nbsp;&nbsp;&nbsp;&nbsp;&nbsp;&nbsp;&nbsp;&nbsp;&nbsp;&nbsp;&nbsp;&nbsp;&nbsp;&nbsp;&nbsp;&nbsp;&nbsp;&nbsp;&nbsp;&nbsp;&nbsp;&nbsp;&nbsp;&nbsp;&nbsp;&nbsp;&nbsp;&nbsp;&nbsp;&nbsp;&nbsp;&nbsp;&nbsp; 6. CD Printer Software</li>\r\n</ol>\r\n\r\n<p>Here are the steps to&nbsp;<strong>install printer software to your computer:</strong></p>\r\n\r\n<ol>\r\n	<li>Insert the CD into the CD Room on your computer.</li>\r\n	<li>Wait until the CD Room finish reading the CD</li>\r\n	<li>A dialogue box will pop out on your computer screen, giving you an option to install the software, choose &ldquo;Yes&rdquo; to continue with the installation process.</li>\r\n	<li>Next, the dialogue box will let you to choose your &ldquo;Country Region&rdquo;, choose &ldquo;Asia&rdquo; if you live within Asia continent. Then click &ldquo;Next&rdquo; button.</li>\r\n	<li>After that, choose your country, then click &ldquo;Next&rdquo; button.</li>\r\n	<li>Next, the dialogue box will let you to choose type of installation, the best is to choose &ldquo;Easy Install&rdquo; option, but if you are an expert, you can also choose &ldquo;Custom Install&rdquo; option.</li>\r\n	<li>After that click &ldquo;Install&rdquo; button, wait for about 10 minutes.</li>\r\n	<li>During the installation process is running, plug the power cable into the electricity socket, and then turn on the printer by pressing the power button (if your printer is Canon Pixma iP2770 there are two buttons on your printer and the power button is the one on top.)</li>\r\n	<li>At the end of the installation process, (make sure the printer is on) we need to plug the printer USB cable into the USB socket on your computer so the software will be able to synchronize with the device.</li>\r\n	<li>Installation process is complete and your printer is ready to use.</li>\r\n</ol>\r\n\r\n<p>The synonym of word &ldquo;choose&rdquo; in the text is &hellip;</p>\r\n', NULL, NULL, NULL, '<p>abandon</p>\r\n', '<p>ignore</p>\r\n', '<p>select</p>\r\n', '<p>complete</p>\r\n', '<p>press</p>\r\n', 'C', 'Y'),
(369, 1, 'Dua angka berikutnya dari barisan 1, 3, 4, -1, 7, - 5, …, …', NULL, NULL, NULL, '11, -10', '10, -9', ' 11, -8', '8, -6', '6, -8', 'B', 'Y'),
(370, 1, 'Jika hari kemarin adalah Selasa, maka sepuluh hari kedepan adalah hari . . ', NULL, NULL, NULL, 'Sabtu', ' Minggu', ' Jum''at', 'Kamis', 'Selasa', 'A', 'Y'),
(371, 1, 'Seorang anak berjalan 3 langkah kedepan dari tempat dia berdiri, kemudian melangkah kebelakang sejauh 10 langkah. Berapa jarak dia saat ini dari awal mula berdiri?', NULL, NULL, NULL, '3 langkah', ' 5 langkah', '7 langkah', '9 langkah', ' 10 langkah', 'C', 'Y'),
(372, 1, 'Sebuah baju dijual toko dengan harga Rp. 110.000,00., khusus pada hari ini baju tersebut berdiskon 10%. Berapa harga jual baju tersebut hari ini?', NULL, NULL, NULL, ' Rp. 111.000', 'Rp. 109.000', 'Rp. 100.000', 'Rp. 99.000', 'Rp. 95.000', 'D', 'Y'),
(373, 1, 'Sebuah bangunan dikerjakan sebanyak 6 orang dan dapat diselesaikan selama 12 hari. Jika pemilik bangunan ingin menyelesaikan dalam 8 hari, berapa orang yang dibutuhkan?', NULL, NULL, NULL, '8 orang', '10 orang', '12 orang', ' 14 orang', ' 16 orang', 'C', 'Y'),
(374, 1, 'Bustomi sudah sampai sekolah tepat pada pukul 07.12 WIB, padahal dia baru keluar dari rumah pada pukul 06.36 WIB. Berapa lama perjalanan dari rumahnya ke sekolah?', NULL, NULL, NULL, ' 28 menit', '30 menit', '32 menit', '34 menit', '36 menit', 'E', 'Y'),
(375, 1, 'Sebuah bangunan mempunyai luas 60 meter persegi. Jika salah satu panjangnya adalah 5 meter maka keliling bangunan tersebut adalah . . . Meter', NULL, NULL, NULL, '12', '17', '24', '29', '34', 'E', 'Y'),
(376, 1, '2, 2, 3, 3, 4, 6, 4, 6, …', NULL, NULL, NULL, '7', '8', '9', '10', '11', 'C', 'Y'),
(377, 1, '5 - 2 x 10 + 5 = . . .', NULL, NULL, NULL, '-10', '-5', '0', '25', '35', 'A', 'Y'),
(378, 1, 'Hasil perkalian (2/3)2 x (3/4)2 adalah . . . . ', NULL, NULL, NULL, 'A.    1/3', 'B.     1/4', '3', '6', '9', 'B', 'Y'),
(379, 1, 'Tangan yang basah tidak boleh untuk', NULL, NULL, NULL, 'menyentuh kabel listrik', 'menyentuh air', 'menyentuh bumi', 'menyentuh tembok', 'menyentuh tubuh', 'A', 'Y'),
(380, 1, 'Berikut ini adalah contoh sumber listrik, yaitu …', NULL, NULL, NULL, 'lampu', 'dioda', 'baterai', 'kipas angin', 'pegas', 'C', 'Y'),
(381, 1, 'Berikut ini adalah contoh penghantar listrik yang baik …', NULL, NULL, NULL, 'Tembaga', 'kayu', 'plastik', 'nilon', 'kaca', 'A', 'Y'),
(382, 1, 'Benda yang tidak dapat menghantarkan listrik disebut …', NULL, NULL, NULL, 'Tembaga', 'kayu', 'perak', 'besi', 'aluminium', 'B', 'Y'),
(383, 1, 'Benda yang dapat menghantarkan listrik disebut …', NULL, NULL, NULL, 'asiliator', 'Konduktor', 'Isolator', 'Transformator', 'Transistor', 'B', 'Y'),
(384, 1, 'Hal yang dilarang ketika memasang kabel …', NULL, NULL, NULL, 'Tangan yang basah', 'perut yang lapar ', 'hati yang galau', 'kepala yang emosi', 'gigi yang sakit', 'A', 'Y'),
(385, 1, 'Petir termasuk dalam kategori listrik yang …', NULL, NULL, NULL, 'sangat kecil', 'sangat besar', 'biasa saja', 'tidak berbahaya', 'tidak ada listriknya', 'B', 'Y'),
(386, 1, 'Kabel berguna untuk …', NULL, NULL, NULL, 'menghantarkan listrik', 'menghantarkan udara', 'menghantarkan api', 'menghantarkan gas', 'menghantarkan pahala', 'A', 'Y'),
(387, 1, 'Berikut ini adalah contoh sumber listrik, kecuali …', NULL, NULL, NULL, 'Motor listrik', 'Generator', 'ACCU', 'BATERAI', 'PANEL SURYA', 'A', 'Y'),
(388, 1, 'Berikut ini adalah contoh dari penghantar listrik,kecuali … ', NULL, NULL, NULL, 'Perak', 'kabel', 'Tembaga', 'Plastik', 'Aluminium', 'D', 'Y'),
(389, 7, 'Soal-soal itu harus dikerjakan dengan teliti. Sinonim kata teliti pada kalimat terebut adalah ….', NULL, NULL, NULL, 'Ceroboh', ' Tepat', 'Sigap', 'Cepat', 'Cermat', 'E', 'Y'),
(390, 7, 'Jika Tinggi X Rendah, maka Ibu X...', NULL, NULL, NULL, 'Anak', 'Putri', 'Nenek', 'Kakek', 'Cucu', 'A', 'Y'),
(391, 7, '<p style="text-align:justify">Peter seorang pelajar yang pandai, bahkan ia pernah meraih medali emas tingkat internasional di Bali dalam lomba fisika. Namun, ia tidak sombong dengan kepandaiannya itu. Ia selalu sopan dan baik kepada siapa saja.</p>\r\n\r\n<p style="text-align:justify">Peribahasa yang tepat untuk menggambarkan kehidupan di atas adalah ...</p>\r\n', NULL, NULL, NULL, '<p>Bagai air di atas daun talas.</p>\r\n', '<p>Tak ada gading yang tak retak.</p>\r\n', '<p>Bagai bumi dengan langit.</p>\r\n', '<p>Seperti ilmu padi kian berisi kian runduk.</p>\r\n', '<p>Ringan sama dijinjing, berat sama dipikul.</p>\r\n', 'D', 'Y'),
(392, 7, '<p style="text-align:justify">Bacalah paragraf berikut dengan saksama!</p>\r\n\r\n<p style="text-align:justify">Bencana alam sering terjadi di Indonesia. Bencana alam yang sering terjadi adalah tanah longsor, gempa bumi, gunung meletus, dan banjir. Hal ini disebabkan oleh posisi Indonesia yang berada di jalur Cincin Api Pasifik. Indonesia pernah mengalami bencana alam tsunami di Aceh, gempa di Lombok, banjir dan longsor di Sumatera, dan lain sebagainya.</p>\r\n\r\n<p style="text-align:justify">Gagasan pokok dari paragraf di atas adalah&hellip;.</p>\r\n', NULL, NULL, NULL, '<p>Indonesia mengalami bencana tsunami</p>\r\n', '<p>Posisi Indonesia berada di Cincin Api Pasifik</p>\r\n', '<p>Bencana alam sering terjadi di Indonesia</p>\r\n', '<p>Bencana longsor terjadi di Sumatera</p>\r\n', '<p>Bencana alam yang sering terjadi adalah tanah longsor</p>\r\n', 'C', 'Y'),
(393, 7, '<p style="text-align:justify">Cermatii kutipan cerita berikut!</p>\r\n\r\n<p style="text-align:justify">Ardi dan para relawan bergegas menyiapkan barak untuk para pengungsi. Tenda, tikar, dan lampu penerangan segera dia pasang. Tak lupa dapur umum juga dia siapkan. Obat-obatan, selimut, dan pos kesehatan pun telah didirikannya. Lapangan desa yang siang tadi masih lengang kini telah berubah drastis. Hiruk pikuk para relawan bertambah ramai dengan kedatangan para pengungsi. Mereka telah meninggalkan rumah di lereng gunung. Kesehatan jiwa lebih mereka utamakan.</p>\r\n\r\n<p style="text-align:justify">Latar tempat cerita tersebut adalah&hellip;.</p>\r\n', NULL, NULL, NULL, '<p>pos kesehatan</p>\r\n', '<p>lapangan desa</p>\r\n', '<p>barak pengungsian</p>\r\n', '<p>lereng gunun</p>\r\n', '<p>balai desa</p>\r\n', 'B', 'Y'),
(394, 7, '<p>Cermati poster berikut!</p>\r\n\r\n<p><img alt="" src="/ppdb/assets/kcfinder/upload/files/soal%20ppdb%202023%20bin%20no%204.png" style="height:320px; width:431px" /></p>\r\n\r\n<p>Bagaimana cara untuk menjaga kesehatan mental selama melakukan isolasi mandiri?</p>\r\n', NULL, NULL, NULL, '<p>memprioritaskan pengaturan kegiatan terutama rutinitas primer</p>\r\n', '<p>rutinitas primer dilaksanakan setelah terpenuhi rutinitas skunder</p>\r\n', '<p>mengatur waktu untuk kegiatan rutinitas baik primer maupun sekunder</p>\r\n', '<p>aktivitas utama yang dilakukan sebagai rutinitas adalah tidur dan olahraga</p>\r\n', '<p>memprioritaskan kegiatan primer dan mengesampingkan kegiatan skunder</p>\r\n', 'C', 'Y'),
(395, 7, '<p style="text-align:justify">Cermati kutipan artikel berikut!</p>\r\n\r\n<p style="text-align:justify">Menteri Pendidikan, Kebudayaan, Riset, dan Teknologi (Kemendikbud Ristek), Nadiem Makarim mengungkapkan bahwa sekitar 80 persen orang tua siswa menginginkan pembelajaran tatap muka (PTM) terbatas bagi anak-anaknya. Namun, hingga saat ini baru 55 persen sekolah yang membuka PTM terbatas. Mendikbud mengatakan, untuk mendukung PTM terbatas perlu peran orang tua sebagai garda terdepan dalam menjaga kesehatan dan pendidikan anak-anak. &quot;Orang tua adalah garda depan (pemenuhan) kesehatan dan pendidikan bagi anak-anaknya. Mereka harus berperan aktif agar sekolah disiplin menjalankan protokol kesehatan (prokes),&quot; ucap Nadiem. Nadiem berpesan kepada semua elemen bahwa peraturan mengenai PTM sudah jelas. Jadi orang tua, guru, tenaga pendidik, dan masyarakat lain di sekolah tinggal mengikuti aturan yang berlaku untuk melakukan pembelajaran tatap muka.</p>\r\n\r\n<p style="text-align:justify">Apa maksud orang tua menjadi garda terdepan dalam pembelajaran tatap muka?</p>\r\n', NULL, NULL, NULL, '<p>Orang tua harus berperan aktif supaya sekolah tetap tertib menjalankan protokol kesehatan.</p>\r\n', '<p>Orang tua bertanggung jawab penuh terhadap kemajuan belajar dan kesehatan para siswa.</p>\r\n', '<p>Orang tua wajib mengikuti aturan yang berlaku untuk mendukung pembelajaran tatap muka.</p>\r\n', '<p>Orang tua sudah sewajarnya menjadi ujung tombak pendamping kegiatan bagi anak- anaknya.</p>\r\n', '<p>Orang tua menjadi guru pengganti untuk anak-anaknya selama pandemi</p>\r\n', 'A', 'Y'),
(396, 7, '<p>Dokter melakukan &hellip; setelah mencermati hasil rontgen tulang belakang Andi.</p>\r\n\r\n<p style="text-align:justify">Kata yang tepat untuk melengkapi kalimat tersebut adalah &hellip;</p>\r\n', NULL, NULL, NULL, '<p>Transfusi</p>\r\n', '<p>Diagnosis</p>\r\n', '<p>Injeksi</p>\r\n', '<p>Terapi</p>\r\n', '<p>Evaluasi</p>\r\n', 'B', 'Y'),
(397, 7, '<p style="text-align:justify">Cermati berita berikut!</p>\r\n\r\n<p style="text-align:justify">Berita tentang peristiwa kematian Sofia, seorang gadis kecil berusia 7 tahun tak ayal membuat masyarakat Indonesia geram. Gadis kecil lucu tersebut tewas di tangan ibu angkatnya sendiri dan dikubur di halaman belakang rumah, tepat di bawah kandang kelinci peliharaan keluarga. Sofia memang hanyalah anak angkat dari keluarga Stefanus. Ia kerapkali diperlakukan layaknya seorang budak di rumah tersebut.</p>\r\n\r\n<p style="text-align:justify">Berita tersebut berisikan tentang...</p>\r\n', NULL, NULL, NULL, '<p>kasus penganiayaan orang tua kandung terhadap anak</p>\r\n', '<p>kekerasan orang tua oleh anak kandung</p>\r\n', '<p>peristiwa pembunuhan seorang anak oleh ibu angkatnya sendiri</p>\r\n', '<p>perlakuan layaknya budak oleh ibu angkat</p>\r\n', '<p>peristiwa kematian seorang anak</p>\r\n', 'C', 'Y'),
(398, 7, '<p style="text-align:justify">&ldquo;Nada, minggu depan kita harus pindah ke Jogjakarta. Ayah dipindahtugaskan di sana.&rdquo; Bagaikan petir di siang bolong menyambar Nada yang seketika itu langsung diam mematung.</p>\r\n\r\n<p style="text-align:justify">Makna simbol petir di siang bolong pada kutipan cerpen tersebut adalah&hellip;.</p>\r\n', NULL, NULL, NULL, '<p>merasa sedih&nbsp;&nbsp;&nbsp;&nbsp;&nbsp;&nbsp;</p>\r\n', '<p>merasa heran</p>\r\n', '<p>merasa bingung</p>\r\n', '<p>sangat terkejut</p>\r\n', '<p>merasa takut</p>\r\n', 'D', 'Y'),
(399, 7, '<p style="text-align:justify">Hi, good morning&hellip;</p>\r\n\r\n<p style="text-align:justify">My name is Evander Steward. You can call me Evan. I was born in Glasgow on February 1st 2001. I am currently studying a first-year graduate student at The School of Simulation and Visualisation at The Glasgow School of Art.</p>\r\n\r\n<p style="text-align:justify">I love music. Usually, I spend my time after school to create a song about my journey or enjoy food at the local restaurant. My favourite day is weekend! Because I&#39;m free to do what I please and going out with my friends. Normally I spend my weekend along the side of the River Kelvin at the Kelvingrove Park just to have a leisurely stroll, or sit down for enjoying view.</p>\r\n\r\n<p style="text-align:justify">Source:&nbsp;<a href="https://www.ef.co.id/englishfirst/kids/blog/10-contoh-introducing-myself-dalam-bahasa-inggris/">https://www.ef.co.id/englishfirst/kids/blog/10-contoh-introducing-myself-dalam-bahasa-inggris/</a></p>\r\n\r\n<p>&nbsp;</p>\r\n\r\n<p>What is the text about?</p>\r\n', NULL, NULL, NULL, '<p>The Glasgow School of Art</p>\r\n', '<p>Spending weekend</p>\r\n', '<p>Evander Steward</p>\r\n', '<p>The Local Restaurant</p>\r\n', '<p>Kelvingrove Park</p>\r\n', 'C', 'Y'),
(400, 7, '<p style="text-align:justify">Hi, good morning&hellip;</p>\r\n\r\n<p style="text-align:justify">My name is Evander Steward. You can call me Evan. I was born in Glasgow on February 1st 2001. I am currently studying a first-year graduate student at The School of Simulation and Visualisation at The Glasgow School of Art.</p>\r\n\r\n<p style="text-align:justify">I love music. Usually, I spend my time after school to create a song about my journey or enjoy food at the local restaurant. My favourite day is weekend! Because I&#39;m free to do what I please and going out with my friends. Normally I spend my weekend along the side of the River Kelvin at the Kelvingrove Park just to have a leisurely stroll, or sit down for enjoying view.</p>\r\n\r\n<p style="text-align:justify">Source:&nbsp;<a href="https://www.ef.co.id/englishfirst/kids/blog/10-contoh-introducing-myself-dalam-bahasa-inggris/">https://www.ef.co.id/englishfirst/kids/blog/10-contoh-introducing-myself-dalam-bahasa-inggris/</a></p>\r\n\r\n<p>What does paragraph two talk about?</p>\r\n', NULL, NULL, NULL, '<p>The writer&rsquo;s favourite</p>\r\n', '<p>Evan&rsquo;s song writing</p>\r\n', '<p>Evan&rsquo;s favourite day</p>\r\n', '<p>The Local Restaurant</p>\r\n', '<p>Kelvingrove Park</p>\r\n', 'A', 'Y'),
(401, 7, '<p style="text-align:justify">Hi, good morning&hellip;</p>\r\n\r\n<p style="text-align:justify">My name is Evander Steward. You can call me Evan. I was born in Glasgow on February 1st 2001. I am currently studying a first-year graduate student at The School of Simulation and Visualisation at The Glasgow School of Art.</p>\r\n\r\n<p style="text-align:justify">I love music. Usually, I spend my time after school to create a song about my journey or enjoy food at the local restaurant. My favourite day is weekend! Because I&#39;m free to do what I please and going out with my friends. Normally I spend my weekend along the side of the River Kelvin at the Kelvingrove Park just to have a leisurely stroll, or sit down for enjoying view.</p>\r\n\r\n<p style="text-align:justify">Source:&nbsp;<a href="https://www.ef.co.id/englishfirst/kids/blog/10-contoh-introducing-myself-dalam-bahasa-inggris/">https://www.ef.co.id/englishfirst/kids/blog/10-contoh-introducing-myself-dalam-bahasa-inggris/</a></p>\r\n\r\n<p>&ldquo;&hellip; to have a leisurely stroll, or sit down for enjoying view.&rdquo; The similar word to word &ldquo;stroll&rdquo; is &hellip;</p>\r\n', NULL, NULL, NULL, '<p>walk</p>\r\n', '<p>sit</p>\r\n', '<p>sleep</p>\r\n', '<p>stand</p>\r\n', '<p>run</p>\r\n', 'A', 'Y');
INSERT INTO `d_soal_ujian_objektif` (`id`, `ujian_id`, `soal`, `soal_gambar`, `soal_audio`, `soal_video`, `pilihan_a`, `pilihan_b`, `pilihan_c`, `pilihan_d`, `pilihan_e`, `jawaban`, `aktif`) VALUES
(402, 7, '<p style="text-align:justify"><strong>Suramadu Bridge</strong></p>\r\n\r\n<p style="text-align:justify">The Suramadu Bridge (Indonesian: Jembatan Suramadu), also known as the Surabaya&ndash;Madura Bridge, is a bridge with three cable-stayed sections constructed between Surabaya on the island of Java and the town of Bangkalan on the island of Madura in Indonesia. Opened on June 10, 2009, the 5.4-km bridge is the longest in Indonesia and the first bridge to cross the Madura Strait.</p>\r\n\r\n<p style="text-align:justify">The cable-stayed portion has three spans with lengths 192 m, 434 m and 192 m. The bridge has two lanes in each direction plus an emergency lane and a dedicated lane for motorcycles. The first toll bridge in Indonesia, fares have been initially set at Rp. 30,000 (US$3 in 2009) for four-wheeled vehicles and Rp. 3,000 (US$0.30) for two-wheelers.</p>\r\n\r\n<p style="text-align:justify">The bridge was built by a consortium of Indonesian companies PT Adhi Karya and PT Waskita Karya working with China Road and Bridge Corp. and China Harbor Engineering Co. Ltd. The total cost of the project, including connecting roads, has been estimated at 4.5 trillion rupiah (US$445 million).</p>\r\n\r\n<p style="text-align:justify">Construction was started on August 20, 2003. In July 2004, a girder collapsed, killing one worker and injuring nine others. Work on the bridge halted at the end of 2004 due to lack of funds, but was restarted in November 2005. The main span of the bridge was connected on March 31, 2009, and the bridge was opened to the public in June 10, 2009.Within a week of the opening, it was discovered that nuts and bolts as well as maintenance lamps had been stolen and that there was evidence of vandalism of cables supporting the main span.</p>\r\n\r\n<p>Suramadu&rsquo;s bridge also known as&hellip;.</p>\r\n', NULL, NULL, NULL, '<p>Longest bridge</p>\r\n', '<p>sura and madu</p>\r\n', '<p>Surabaya-Madura bridge</p>\r\n', '<p>toll bridge</p>\r\n', '<p>overpass</p>\r\n', 'C', 'Y'),
(403, 7, '<p style="text-align:justify"><strong>Suramadu Bridge</strong></p>\r\n\r\n<p style="text-align:justify">The Suramadu Bridge (Indonesian: Jembatan Suramadu), also known as the Surabaya&ndash;Madura Bridge, is a bridge with three cable-stayed sections constructed between Surabaya on the island of Java and the town of Bangkalan on the island of Madura in Indonesia. Opened on June 10, 2009, the 5.4-km bridge is the longest in Indonesia and the first bridge to cross the Madura Strait.</p>\r\n\r\n<p style="text-align:justify">The cable-stayed portion has three spans with lengths 192 m, 434 m and 192 m. The bridge has two lanes in each direction plus an emergency lane and a dedicated lane for motorcycles. The first toll bridge in Indonesia, fares have been initially set at Rp. 30,000 (US$3 in 2009) for four-wheeled vehicles and Rp. 3,000 (US$0.30) for two-wheelers.</p>\r\n\r\n<p style="text-align:justify">The bridge was built by a consortium of Indonesian companies PT Adhi Karya and PT Waskita Karya working with China Road and Bridge Corp. and China Harbor Engineering Co. Ltd. The total cost of the project, including connecting roads, has been estimated at 4.5 trillion rupiah (US$445 million).</p>\r\n\r\n<p style="text-align:justify">Construction was started on August 20, 2003. In July 2004, a girder collapsed, killing one worker and injuring nine others. Work on the bridge halted at the end of 2004 due to lack of funds, but was restarted in November 2005. The main span of the bridge was connected on March 31, 2009, and the bridge was opened to the public in June 10, 2009.Within a week of the opening, it was discovered that nuts and bolts as well as maintenance lamps had been stolen and that there was evidence of vandalism of cables supporting the main span.</p>\r\n\r\n<p>Suramadu&rsquo;s bridge connects the island&hellip;.</p>\r\n', NULL, NULL, NULL, '<p>Java and Sumatra</p>\r\n', '<p>Java and Bali</p>\r\n', '<p>Sumatra and Kalimantan</p>\r\n', '<p>Java and Madura</p>\r\n', '<p>Surabaya and Bali</p>\r\n', 'D', 'Y'),
(404, 7, '<p style="text-align:justify"><strong>Suramadu Bridge</strong></p>\r\n\r\n<p style="text-align:justify">The Suramadu Bridge (Indonesian: Jembatan Suramadu), also known as the Surabaya&ndash;Madura Bridge, is a bridge with three cable-stayed sections constructed between Surabaya on the island of Java and the town of Bangkalan on the island of Madura in Indonesia. Opened on June 10, 2009, the 5.4-km bridge is the longest in Indonesia and the first bridge to cross the Madura Strait.</p>\r\n\r\n<p style="text-align:justify">The cable-stayed portion has three spans with lengths 192 m, 434 m and 192 m. The bridge has two lanes in each direction plus an emergency lane and a dedicated lane for motorcycles. The first toll bridge in Indonesia, fares have been initially set at Rp. 30,000 (US$3 in 2009) for four-wheeled vehicles and Rp. 3,000 (US$0.30) for two-wheelers.</p>\r\n\r\n<p style="text-align:justify">The bridge was built by a consortium of Indonesian companies PT Adhi Karya and PT Waskita Karya working with China Road and Bridge Corp. and China Harbor Engineering Co. Ltd. The total cost of the project, including connecting roads, has been estimated at 4.5 trillion rupiah (US$445 million).</p>\r\n\r\n<p style="text-align:justify">Construction was started on August 20, 2003. In July 2004, a girder collapsed, killing one worker and injuring nine others. Work on the bridge halted at the end of 2004 due to lack of funds, but was restarted in November 2005. The main span of the bridge was connected on March 31, 2009, and the bridge was opened to the public in June 10, 2009.Within a week of the opening, it was discovered that nuts and bolts as well as maintenance lamps had been stolen and that there was evidence of vandalism of cables supporting the main span.</p>\r\n\r\n<p style="text-align:justify">&ldquo;&hellip; it was discovered that nuts and bolts &hellip;&rdquo; The word &ldquo;it&rdquo; refers to &hellip;</p>\r\n', NULL, NULL, NULL, '<p>The bridge</p>\r\n', '<p>The workers</p>\r\n', '<p>Nuts and Bolts</p>\r\n', '<p>The Companies</p>\r\n', '<p>Cost of The Project</p>\r\n', 'A', 'Y'),
(405, 7, '<p style="text-align:center"><strong>How to Install Printer Software to Your Computer</strong></p>\r\n\r\n<p style="text-align:justify">In order to make your computer detect the printer, you must first install the software from the CD provided inside the box. You need to open the box and get the CD, after that follow these following instructions to successfully install the software.</p>\r\n\r\n<p style="text-align:justify">You need:</p>\r\n\r\n<ol>\r\n	<li style="text-align: justify;">CPU&nbsp;&nbsp;&nbsp;&nbsp;&nbsp;&nbsp;&nbsp;&nbsp;&nbsp;&nbsp;&nbsp;&nbsp;&nbsp;&nbsp;&nbsp;&nbsp;&nbsp;&nbsp;&nbsp;&nbsp;&nbsp;&nbsp;&nbsp;&nbsp;&nbsp;&nbsp;&nbsp;&nbsp;&nbsp;&nbsp;&nbsp;&nbsp;&nbsp;&nbsp;&nbsp;&nbsp;&nbsp;&nbsp;&nbsp;&nbsp;&nbsp;&nbsp;&nbsp;&nbsp;&nbsp;&nbsp;&nbsp;&nbsp;&nbsp;&nbsp;&nbsp;&nbsp;&nbsp;&nbsp;&nbsp;&nbsp;&nbsp; 4. Mouse</li>\r\n	<li style="text-align: justify;">Monitor&nbsp;&nbsp;&nbsp;&nbsp;&nbsp;&nbsp;&nbsp;&nbsp;&nbsp;&nbsp;&nbsp;&nbsp;&nbsp;&nbsp;&nbsp;&nbsp;&nbsp;&nbsp;&nbsp;&nbsp;&nbsp;&nbsp;&nbsp;&nbsp;&nbsp;&nbsp;&nbsp;&nbsp;&nbsp;&nbsp;&nbsp;&nbsp;&nbsp;&nbsp;&nbsp;&nbsp;&nbsp;&nbsp;&nbsp;&nbsp;&nbsp;&nbsp;&nbsp;&nbsp;&nbsp;&nbsp;&nbsp;&nbsp;&nbsp;&nbsp;&nbsp; 5. Printer</li>\r\n	<li style="text-align: justify;">Keyboard&nbsp;&nbsp;&nbsp;&nbsp;&nbsp;&nbsp;&nbsp;&nbsp;&nbsp;&nbsp;&nbsp;&nbsp;&nbsp;&nbsp;&nbsp;&nbsp;&nbsp;&nbsp;&nbsp;&nbsp;&nbsp;&nbsp;&nbsp;&nbsp;&nbsp;&nbsp;&nbsp;&nbsp;&nbsp;&nbsp;&nbsp;&nbsp;&nbsp;&nbsp;&nbsp;&nbsp;&nbsp;&nbsp;&nbsp;&nbsp;&nbsp;&nbsp;&nbsp;&nbsp;&nbsp;&nbsp;&nbsp;&nbsp;&nbsp; 6. CD Printer Software</li>\r\n</ol>\r\n\r\n<p style="text-align:justify">Here are the steps to&nbsp;<strong>install printer software to your computer:</strong></p>\r\n\r\n<ol>\r\n	<li style="text-align: justify;">Insert the CD into the CD Room on your computer.</li>\r\n	<li style="text-align: justify;">Wait until the CD Room finish reading the CD</li>\r\n	<li style="text-align: justify;">A dialogue box will pop out on your computer screen, giving you an option to install the software, choose &ldquo;Yes&rdquo; to continue with the installation process.</li>\r\n	<li style="text-align: justify;">Next, the dialogue box will let you to choose your &ldquo;Country Region&rdquo;, choose &ldquo;Asia&rdquo; if you live within Asia continent. Then click &ldquo;Next&rdquo; button.</li>\r\n	<li style="text-align: justify;">After that, choose your country, then click &ldquo;Next&rdquo; button.</li>\r\n	<li style="text-align: justify;">Next, the dialogue box will let you to choose type of installation, the best is to choose &ldquo;Easy Install&rdquo; option, but if you are an expert, you can also choose &ldquo;Custom Install&rdquo; option.</li>\r\n	<li style="text-align: justify;">After that click &ldquo;Install&rdquo; button, wait for about 10 minutes.</li>\r\n	<li style="text-align: justify;">During the installation process is running, plug the power cable into the electricity socket, and then turn on the printer by pressing the power button (if your printer is Canon Pixma iP2770 there are two buttons on your printer and the power button is the one on top.)</li>\r\n	<li style="text-align: justify;">At the end of the installation process, (make sure the printer is on) we need to plug the printer USB cable into the USB socket on your computer so the software will be able to synchronize with the device.</li>\r\n	<li style="text-align: justify;">Installation process is complete and your printer is ready to use.</li>\r\n</ol>\r\n\r\n<p>What does the text tell about?</p>\r\n', NULL, NULL, NULL, '<p>Installing Mouse</p>\r\n', '<p>Inserting CD</p>\r\n', '<p>Using Printer</p>\r\n', '<p>Installing Printer</p>\r\n', '<p>Inserting USB device</p>\r\n', 'D', 'Y'),
(406, 7, '<p style="text-align:center"><strong>How to Install Printer Software to Your Computer</strong></p>\r\n\r\n<p style="text-align:justify">In order to make your computer detect the printer, you must first install the software from the CD provided inside the box. You need to open the box and get the CD, after that follow these following instructions to successfully install the software.</p>\r\n\r\n<p style="text-align:justify">You need:</p>\r\n\r\n<ol>\r\n	<li style="text-align: justify;">CPU&nbsp;&nbsp;&nbsp;&nbsp;&nbsp;&nbsp;&nbsp;&nbsp;&nbsp;&nbsp;&nbsp;&nbsp;&nbsp;&nbsp;&nbsp;&nbsp;&nbsp;&nbsp;&nbsp;&nbsp;&nbsp;&nbsp;&nbsp;&nbsp;&nbsp;&nbsp;&nbsp;&nbsp;&nbsp;&nbsp;&nbsp;&nbsp;&nbsp;&nbsp;&nbsp;&nbsp;&nbsp;&nbsp;&nbsp;&nbsp;&nbsp;&nbsp;&nbsp;&nbsp;&nbsp;&nbsp;&nbsp;&nbsp;&nbsp;&nbsp;&nbsp;&nbsp;&nbsp;&nbsp;&nbsp;&nbsp;&nbsp; 4. Mouse</li>\r\n	<li style="text-align: justify;">Monitor&nbsp;&nbsp;&nbsp;&nbsp;&nbsp;&nbsp;&nbsp;&nbsp;&nbsp;&nbsp;&nbsp;&nbsp;&nbsp;&nbsp;&nbsp;&nbsp;&nbsp;&nbsp;&nbsp;&nbsp;&nbsp;&nbsp;&nbsp;&nbsp;&nbsp;&nbsp;&nbsp;&nbsp;&nbsp;&nbsp;&nbsp;&nbsp;&nbsp;&nbsp;&nbsp;&nbsp;&nbsp;&nbsp;&nbsp;&nbsp;&nbsp;&nbsp;&nbsp;&nbsp;&nbsp;&nbsp;&nbsp;&nbsp;&nbsp;&nbsp;&nbsp; 5. Printer</li>\r\n	<li style="text-align: justify;">Keyboard&nbsp;&nbsp;&nbsp;&nbsp;&nbsp;&nbsp;&nbsp;&nbsp;&nbsp;&nbsp;&nbsp;&nbsp;&nbsp;&nbsp;&nbsp;&nbsp;&nbsp;&nbsp;&nbsp;&nbsp;&nbsp;&nbsp;&nbsp;&nbsp;&nbsp;&nbsp;&nbsp;&nbsp;&nbsp;&nbsp;&nbsp;&nbsp;&nbsp;&nbsp;&nbsp;&nbsp;&nbsp;&nbsp;&nbsp;&nbsp;&nbsp;&nbsp;&nbsp;&nbsp;&nbsp;&nbsp;&nbsp;&nbsp;&nbsp; 6. CD Printer Software</li>\r\n</ol>\r\n\r\n<p style="text-align:justify">Here are the steps to&nbsp;<strong>install printer software to your computer:</strong></p>\r\n\r\n<ol>\r\n	<li style="text-align: justify;">Insert the CD into the CD Room on your computer.</li>\r\n	<li style="text-align: justify;">Wait until the CD Room finish reading the CD</li>\r\n	<li style="text-align: justify;">A dialogue box will pop out on your computer screen, giving you an option to install the software, choose &ldquo;Yes&rdquo; to continue with the installation process.</li>\r\n	<li style="text-align: justify;">Next, the dialogue box will let you to choose your &ldquo;Country Region&rdquo;, choose &ldquo;Asia&rdquo; if you live within Asia continent. Then click &ldquo;Next&rdquo; button.</li>\r\n	<li style="text-align: justify;">After that, choose your country, then click &ldquo;Next&rdquo; button.</li>\r\n	<li style="text-align: justify;">Next, the dialogue box will let you to choose type of installation, the best is to choose &ldquo;Easy Install&rdquo; option, but if you are an expert, you can also choose &ldquo;Custom Install&rdquo; option.</li>\r\n	<li style="text-align: justify;">After that click &ldquo;Install&rdquo; button, wait for about 10 minutes.</li>\r\n	<li style="text-align: justify;">During the installation process is running, plug the power cable into the electricity socket, and then turn on the printer by pressing the power button (if your printer is Canon Pixma iP2770 there are two buttons on your printer and the power button is the one on top.)</li>\r\n	<li style="text-align: justify;">At the end of the installation process, (make sure the printer is on) we need to plug the printer USB cable into the USB socket on your computer so the software will be able to synchronize with the device.</li>\r\n	<li style="text-align: justify;">Installation process is complete and your printer is ready to use.</li>\r\n</ol>\r\n\r\n<p>What is the next step after choosing country region for the installation?</p>\r\n', NULL, NULL, NULL, '<p>Connect the USB cable into the PC.</p>\r\n', '<p>Insert CD installation</p>\r\n', '<p>Turn on the printer</p>\r\n', '<p>Choose the installation type.</p>\r\n', '<p>Turn on the PC</p>\r\n', 'D', 'Y'),
(407, 7, '<p style="text-align:center"><strong>How to Install Printer Software to Your Computer</strong></p>\r\n\r\n<p style="text-align:justify">In order to make your computer detect the printer, you must first install the software from the CD provided inside the box. You need to open the box and get the CD, after that follow these following instructions to successfully install the software.</p>\r\n\r\n<p style="text-align:justify">You need:</p>\r\n\r\n<ol>\r\n	<li style="text-align: justify;">CPU&nbsp;&nbsp;&nbsp;&nbsp;&nbsp;&nbsp;&nbsp;&nbsp;&nbsp;&nbsp;&nbsp;&nbsp;&nbsp;&nbsp;&nbsp;&nbsp;&nbsp;&nbsp;&nbsp;&nbsp;&nbsp;&nbsp;&nbsp;&nbsp;&nbsp;&nbsp;&nbsp;&nbsp;&nbsp;&nbsp;&nbsp;&nbsp;&nbsp;&nbsp;&nbsp;&nbsp;&nbsp;&nbsp;&nbsp;&nbsp;&nbsp;&nbsp;&nbsp;&nbsp;&nbsp;&nbsp;&nbsp;&nbsp;&nbsp;&nbsp;&nbsp;&nbsp;&nbsp;&nbsp;&nbsp;&nbsp;&nbsp; 4. Mouse</li>\r\n	<li style="text-align: justify;">Monitor&nbsp;&nbsp;&nbsp;&nbsp;&nbsp;&nbsp;&nbsp;&nbsp;&nbsp;&nbsp;&nbsp;&nbsp;&nbsp;&nbsp;&nbsp;&nbsp;&nbsp;&nbsp;&nbsp;&nbsp;&nbsp;&nbsp;&nbsp;&nbsp;&nbsp;&nbsp;&nbsp;&nbsp;&nbsp;&nbsp;&nbsp;&nbsp;&nbsp;&nbsp;&nbsp;&nbsp;&nbsp;&nbsp;&nbsp;&nbsp;&nbsp;&nbsp;&nbsp;&nbsp;&nbsp;&nbsp;&nbsp;&nbsp;&nbsp;&nbsp;&nbsp; 5. Printer</li>\r\n	<li style="text-align: justify;">Keyboard&nbsp;&nbsp;&nbsp;&nbsp;&nbsp;&nbsp;&nbsp;&nbsp;&nbsp;&nbsp;&nbsp;&nbsp;&nbsp;&nbsp;&nbsp;&nbsp;&nbsp;&nbsp;&nbsp;&nbsp;&nbsp;&nbsp;&nbsp;&nbsp;&nbsp;&nbsp;&nbsp;&nbsp;&nbsp;&nbsp;&nbsp;&nbsp;&nbsp;&nbsp;&nbsp;&nbsp;&nbsp;&nbsp;&nbsp;&nbsp;&nbsp;&nbsp;&nbsp;&nbsp;&nbsp;&nbsp;&nbsp;&nbsp;&nbsp; 6. CD Printer Software</li>\r\n</ol>\r\n\r\n<p style="text-align:justify">Here are the steps to&nbsp;<strong>install printer software to your computer:</strong></p>\r\n\r\n<ol>\r\n	<li style="text-align: justify;">Insert the CD into the CD Room on your computer.</li>\r\n	<li style="text-align: justify;">Wait until the CD Room finish reading the CD</li>\r\n	<li style="text-align: justify;">A dialogue box will pop out on your computer screen, giving you an option to install the software, choose &ldquo;Yes&rdquo; to continue with the installation process.</li>\r\n	<li style="text-align: justify;">Next, the dialogue box will let you to choose your &ldquo;Country Region&rdquo;, choose &ldquo;Asia&rdquo; if you live within Asia continent. Then click &ldquo;Next&rdquo; button.</li>\r\n	<li style="text-align: justify;">After that, choose your country, then click &ldquo;Next&rdquo; button.</li>\r\n	<li style="text-align: justify;">Next, the dialogue box will let you to choose type of installation, the best is to choose &ldquo;Easy Install&rdquo; option, but if you are an expert, you can also choose &ldquo;Custom Install&rdquo; option.</li>\r\n	<li style="text-align: justify;">After that click &ldquo;Install&rdquo; button, wait for about 10 minutes.</li>\r\n	<li style="text-align: justify;">During the installation process is running, plug the power cable into the electricity socket, and then turn on the printer by pressing the power button (if your printer is Canon Pixma iP2770 there are two buttons on your printer and the power button is the one on top.)</li>\r\n	<li style="text-align: justify;">At the end of the installation process, (make sure the printer is on) we need to plug the printer USB cable into the USB socket on your computer so the software will be able to synchronize with the device.</li>\r\n	<li style="text-align: justify;">Installation process is complete and your printer is ready to use.</li>\r\n</ol>\r\n\r\n<p>Word &ldquo;you&rdquo; in the text refers to &hellip;</p>\r\n', NULL, NULL, NULL, '<p>The printer company</p>\r\n', '<p>The writer</p>\r\n', '<p>The dialogue</p>\r\n', '<p>The reader</p>\r\n', '<p>The computer</p>\r\n', 'D', 'Y'),
(408, 7, '<p style="text-align:center"><strong>How to Install Printer Software to Your Computer</strong></p>\r\n\r\n<p style="text-align:justify">In order to make your computer detect the printer, you must first install the software from the CD provided inside the box. You need to open the box and get the CD, after that follow these following instructions to successfully install the software.</p>\r\n\r\n<p style="text-align:justify">You need:</p>\r\n\r\n<ol>\r\n	<li style="text-align: justify;">CPU&nbsp;&nbsp;&nbsp;&nbsp;&nbsp;&nbsp;&nbsp;&nbsp;&nbsp;&nbsp;&nbsp;&nbsp;&nbsp;&nbsp;&nbsp;&nbsp;&nbsp;&nbsp;&nbsp;&nbsp;&nbsp;&nbsp;&nbsp;&nbsp;&nbsp;&nbsp;&nbsp;&nbsp;&nbsp;&nbsp;&nbsp;&nbsp;&nbsp;&nbsp;&nbsp;&nbsp;&nbsp;&nbsp;&nbsp;&nbsp;&nbsp;&nbsp;&nbsp;&nbsp;&nbsp;&nbsp;&nbsp;&nbsp;&nbsp;&nbsp;&nbsp;&nbsp;&nbsp;&nbsp;&nbsp;&nbsp;&nbsp; 4. Mouse</li>\r\n	<li style="text-align: justify;">Monitor&nbsp;&nbsp;&nbsp;&nbsp;&nbsp;&nbsp;&nbsp;&nbsp;&nbsp;&nbsp;&nbsp;&nbsp;&nbsp;&nbsp;&nbsp;&nbsp;&nbsp;&nbsp;&nbsp;&nbsp;&nbsp;&nbsp;&nbsp;&nbsp;&nbsp;&nbsp;&nbsp;&nbsp;&nbsp;&nbsp;&nbsp;&nbsp;&nbsp;&nbsp;&nbsp;&nbsp;&nbsp;&nbsp;&nbsp;&nbsp;&nbsp;&nbsp;&nbsp;&nbsp;&nbsp;&nbsp;&nbsp;&nbsp;&nbsp;&nbsp;&nbsp; 5. Printer</li>\r\n	<li style="text-align: justify;">Keyboard&nbsp;&nbsp;&nbsp;&nbsp;&nbsp;&nbsp;&nbsp;&nbsp;&nbsp;&nbsp;&nbsp;&nbsp;&nbsp;&nbsp;&nbsp;&nbsp;&nbsp;&nbsp;&nbsp;&nbsp;&nbsp;&nbsp;&nbsp;&nbsp;&nbsp;&nbsp;&nbsp;&nbsp;&nbsp;&nbsp;&nbsp;&nbsp;&nbsp;&nbsp;&nbsp;&nbsp;&nbsp;&nbsp;&nbsp;&nbsp;&nbsp;&nbsp;&nbsp;&nbsp;&nbsp;&nbsp;&nbsp;&nbsp;&nbsp; 6. CD Printer Software</li>\r\n</ol>\r\n\r\n<p style="text-align:justify">Here are the steps to&nbsp;<strong>install printer software to your computer:</strong></p>\r\n\r\n<ol>\r\n	<li style="text-align: justify;">Insert the CD into the CD Room on your computer.</li>\r\n	<li style="text-align: justify;">Wait until the CD Room finish reading the CD</li>\r\n	<li style="text-align: justify;">A dialogue box will pop out on your computer screen, giving you an option to install the software, choose &ldquo;Yes&rdquo; to continue with the installation process.</li>\r\n	<li style="text-align: justify;">Next, the dialogue box will let you to choose your &ldquo;Country Region&rdquo;, choose &ldquo;Asia&rdquo; if you live within Asia continent. Then click &ldquo;Next&rdquo; button.</li>\r\n	<li style="text-align: justify;">After that, choose your country, then click &ldquo;Next&rdquo; button.</li>\r\n	<li style="text-align: justify;">Next, the dialogue box will let you to choose type of installation, the best is to choose &ldquo;Easy Install&rdquo; option, but if you are an expert, you can also choose &ldquo;Custom Install&rdquo; option.</li>\r\n	<li style="text-align: justify;">After that click &ldquo;Install&rdquo; button, wait for about 10 minutes.</li>\r\n	<li style="text-align: justify;">During the installation process is running, plug the power cable into the electricity socket, and then turn on the printer by pressing the power button (if your printer is Canon Pixma iP2770 there are two buttons on your printer and the power button is the one on top.)</li>\r\n	<li style="text-align: justify;">At the end of the installation process, (make sure the printer is on) we need to plug the printer USB cable into the USB socket on your computer so the software will be able to synchronize with the device.</li>\r\n	<li style="text-align: justify;">Installation process is complete and your printer is ready to use.</li>\r\n</ol>\r\n\r\n<p>The synonym of word &ldquo;choose&rdquo; in the text is &hellip;</p>\r\n', NULL, NULL, NULL, '<p>abandon</p>\r\n', '<p>ignore</p>\r\n', '<p>select</p>\r\n', '<p>complete</p>\r\n', '<p>press</p>\r\n', 'C', 'Y'),
(409, 7, 'Dua angka berikutnya dari barisan 1, 3, 4, -1, 7, - 5, …, …', NULL, NULL, NULL, '11, -10', '10, -9', ' 11, -8', '8, -6', '6, -8', 'B', 'Y'),
(410, 7, 'Jika hari kemarin adalah Selasa, maka sepuluh hari kedepan adalah hari . . ', NULL, NULL, NULL, 'Sabtu', ' Minggu', ' Jum''at', 'Kamis', 'Selasa', 'A', 'Y'),
(411, 7, 'Seorang anak berjalan 3 langkah kedepan dari tempat dia berdiri, kemudian melangkah kebelakang sejauh 10 langkah. Berapa jarak dia saat ini dari awal mula berdiri?', NULL, NULL, NULL, '3 langkah', ' 5 langkah', '7 langkah', '9 langkah', ' 10 langkah', 'C', 'Y'),
(412, 7, 'Sebuah baju dijual toko dengan harga Rp. 110.000,00., khusus pada hari ini baju tersebut berdiskon 10%. Berapa harga jual baju tersebut hari ini?', NULL, NULL, NULL, ' Rp. 111.000', 'Rp. 109.000', 'Rp. 100.000', 'Rp. 99.000', 'Rp. 95.000', 'D', 'Y'),
(413, 7, 'Sebuah bangunan dikerjakan sebanyak 6 orang dan dapat diselesaikan selama 12 hari. Jika pemilik bangunan ingin menyelesaikan dalam 8 hari, berapa orang yang dibutuhkan?', NULL, NULL, NULL, '8 orang', '10 orang', '12 orang', ' 14 orang', ' 16 orang', 'C', 'Y'),
(414, 7, 'Bustomi sudah sampai sekolah tepat pada pukul 07.12 WIB, padahal dia baru keluar dari rumah pada pukul 06.36 WIB. Berapa lama perjalanan dari rumahnya ke sekolah?', NULL, NULL, NULL, ' 28 menit', '30 menit', '32 menit', '34 menit', '36 menit', 'E', 'Y'),
(415, 7, 'Sebuah bangunan mempunyai luas 60 meter persegi. Jika salah satu panjangnya adalah 5 meter maka keliling bangunan tersebut adalah . . . Meter', NULL, NULL, NULL, '12', '17', '24', '29', '34', 'E', 'Y'),
(416, 7, '2, 2, 3, 3, 4, 6, 4, 6, …', NULL, NULL, NULL, '7', '8', '9', '10', '11', 'C', 'Y'),
(417, 7, '5 - 2 x 10 + 5 = . . .', NULL, NULL, NULL, '-10', '-5', '0', '25', '35', 'A', 'Y'),
(418, 7, 'Hasil perkalian (2/3)2 x (3/4)2 adalah . . . . ', NULL, NULL, NULL, 'A.    1/3', 'B.     1/4', '3', '6', '9', 'B', 'Y'),
(419, 7, 'Pada satuan panjang terdapat satuan yang milimeter. Apabila ada suatu ukuran yang memiliki panjang 11 cm kemudian dikonversi menjadi satuan milimeter (mm) maka menjadi berapakah panjang satuan tersebut ?', NULL, NULL, NULL, '110mm', '120mm', '130mm', '140mm', '150mm', 'A', 'Y'),
(420, 7, '<p><img alt="" src="/ppdb/assets/kcfinder/upload/files/Soal%20PPDB%202.jpg" style="height:700px; width:700px" /></p>\r\n\r\n<p>Perhatikan gambar diatas. Gambar diatas merupakan sebuah alat bantu dalam proses pekerjaan teknik. Apakah nama dari alat tersebut ?</p>\r\n', NULL, NULL, NULL, '<p>Obeng</p>\r\n', '<p>Palu</p>\r\n', '<p>Kunci pas</p>\r\n', '<p>Tracker</p>\r\n', '<p>Penggaris</p>\r\n', 'B', 'Y'),
(421, 7, '<p><img alt="" src="/ppdb/assets/kcfinder/upload/files/Soal%20PPDB%203.jfif" style="height:800px; width:800px" /></p>\r\n\r\n<p>Perhatikan gambar diatas. Gambar diatas merupakan sebuah alat bantu dalam proses menggambar. Apakah nama alat tersebut ?</p>\r\n', NULL, NULL, NULL, '<p>Penggaris</p>\r\n', '<p>Pensil</p>\r\n', '<p>Jangka</p>\r\n', '<p>Penghapus</p>\r\n', '<p>Tipe-x</p>\r\n', 'C', 'Y'),
(422, 7, '<p><img alt="" src="/ppdb/assets/kcfinder/upload/files/Soal%20PPDB%204.jpg" style="height:576px; width:1024px" /></p>\r\n\r\n<p>Perhatikan gambar diatas. Gambar diatas merupakan salah satu alat bantu dalam mengukur suatu benda. Apakah nama alat bantu ukur tersebut ?</p>\r\n', NULL, NULL, NULL, '<p>Micrometer</p>\r\n', '<p>Jangka</p>\r\n', '<p>Meteran</p>\r\n', '<p>Jangka sorong</p>\r\n', '<p>Penggaris</p>\r\n', 'D', 'Y'),
(423, 7, '<p><img alt="" src="/ppdb/assets/kcfinder/upload/files/Soal%20PPDB%205.jfif" style="height:640px; width:640px" /></p>\r\n\r\n<p>Perhatikan gambar diatas. Gambar diatas merupakan sebuah alat bantu dalam proses menggambar. Apakah nama alat tersebut ?</p>\r\n', NULL, NULL, NULL, '<p>Pensil</p>\r\n', '<p>Jangka</p>\r\n', '<p>Penghapus</p>\r\n', '<p>Tipe-x</p>\r\n', '<p>Penggaris</p>\r\n', 'E', 'Y'),
(424, 7, 'Pada satuan panjang terdapat satuan yang centimeter. Apabila ada suatu ukuran yang memiliki panjang 250mm kemudian dikonversi menjadi satuan centimeter (cm) maka menjadi berapakah panjang satuan tersebut ?', NULL, NULL, NULL, '25cm', '35cm', '45cm', '55cm', '65cm', 'A', 'Y'),
(425, 7, 'Terdapat sebuah lingkaran dengan radius (Jari-jari) 30cm, berapakah diameter dari lingkaran tersebut ?', NULL, NULL, NULL, '50cm', '60cm', '80cm', '40cm', '15cm', 'B', 'Y'),
(426, 7, 'Terdapat sebuah lingkaran dengan diameter 30cm, berapakah radius (Jari-jari) dari lingkaran tersebut ?', NULL, NULL, NULL, '10cm', '30cm', '15cm', '40cm', '20cm', 'C', 'Y'),
(427, 7, '<p><img alt="" src="/ppdb/assets/kcfinder/upload/files/Soal%20PPDB%209.jpg" style="height:720px; width:900px" /></p>\r\n\r\n<p>Perhatikan gambar diatas. Gambar diatas merupakan sebuah simbol bahaya. Menunjukkan bahaya apakah simbol tersebut ?</p>\r\n', NULL, NULL, NULL, '<p>Konslet</p>\r\n', '<p>Licin</p>\r\n', '<p>Kabut</p>\r\n', '<p>Terbakar</p>\r\n', '<p>Hujan</p>\r\n', 'D', 'Y'),
(428, 7, '<p><img alt="" src="/ppdb/assets/kcfinder/upload/files/Soal%20PPDB%2010.JPEG" style="height:1600px; width:1600px" /></p>\r\n\r\n<p>Perhatikan gambar diatas. Gambar diatas merupakan sebuah simbol bahaya. Menunjukkan bahaya apakah simbol tersebut ?</p>\r\n', NULL, NULL, NULL, '<p>Cairan mudah terbakar</p>\r\n', '<p>Bahan tahan bakar</p>\r\n', '<p>Area terjadi kebakaran</p>\r\n', '<p>Lahan mudah terbakar</p>\r\n', '<p>Gas mudah terbakar</p>\r\n', 'E', 'Y'),
(429, 8, 'Soal-soal itu harus dikerjakan dengan teliti. Sinonim kata teliti pada kalimat terebut adalah ….', NULL, NULL, NULL, 'Ceroboh', ' Tepat', 'Sigap', 'Cepat', 'Cermat', 'E', 'Y'),
(430, 8, 'Jika Tinggi X Rendah, maka Ibu X...', NULL, NULL, NULL, 'Anak', 'Putri', 'Nenek', 'Kakek', 'Cucu', 'A', 'Y'),
(431, 8, '<p style="text-align:justify">Peter seorang pelajar yang pandai, bahkan ia pernah meraih medali emas tingkat internasional di Bali dalam lomba fisika. Namun, ia tidak sombong dengan kepandaiannya itu. Ia selalu sopan dan baik kepada siapa saja.</p>\r\n\r\n<p style="text-align:justify">Peribahasa yang tepat untuk menggambarkan kehidupan di atas adalah ...</p>\r\n', NULL, NULL, NULL, '<p>Bagai air di atas daun talas.</p>\r\n', '<p>Tak ada gading yang tak retak.</p>\r\n', '<p>Bagai bumi dengan langit.</p>\r\n', '<p>Seperti ilmu padi kian berisi kian runduk.</p>\r\n', '<p>Ringan sama dijinjing, berat sama dipikul.</p>\r\n', 'D', 'Y'),
(432, 8, '<p style="text-align:justify">Bacalah paragraf berikut dengan saksama!</p>\r\n\r\n<p style="text-align:justify">Bencana alam sering terjadi di Indonesia. Bencana alam yang sering terjadi adalah tanah longsor, gempa bumi, gunung meletus, dan banjir. Hal ini disebabkan oleh posisi Indonesia yang berada di jalur Cincin Api Pasifik. Indonesia pernah mengalami bencana alam tsunami di Aceh, gempa di Lombok, banjir dan longsor di Sumatera, dan lain sebagainya.</p>\r\n\r\n<p style="text-align:justify">Gagasan pokok dari paragraf di atas adalah&hellip;.</p>\r\n', NULL, NULL, NULL, '<p>Indonesia mengalami bencana tsunami</p>\r\n', '<p>Posisi Indonesia berada di Cincin Api Pasifik</p>\r\n', '<p>Bencana alam sering terjadi di Indonesia</p>\r\n', '<p>Bencana longsor terjadi di Sumatera</p>\r\n', '<p>Bencana alam yang sering terjadi adalah tanah longsor</p>\r\n', 'C', 'Y'),
(433, 8, '<p style="text-align:justify">Cermatii kutipan cerita berikut!</p>\r\n\r\n<p style="text-align:justify">Ardi dan para relawan bergegas menyiapkan barak untuk para pengungsi. Tenda, tikar, dan lampu penerangan segera dia pasang. Tak lupa dapur umum juga dia siapkan. Obat-obatan, selimut, dan pos kesehatan pun telah didirikannya. Lapangan desa yang siang tadi masih lengang kini telah berubah drastis. Hiruk pikuk para relawan bertambah ramai dengan kedatangan para pengungsi. Mereka telah meninggalkan rumah di lereng gunung. Kesehatan jiwa lebih mereka utamakan.</p>\r\n\r\n<p style="text-align:justify">Latar tempat cerita tersebut adalah&hellip;.</p>\r\n', NULL, NULL, NULL, '<p>pos kesehatan</p>\r\n', '<p>lapangan desa</p>\r\n', '<p>barak pengungsian</p>\r\n', '<p>lereng gunun</p>\r\n', '<p>balai desa</p>\r\n', 'B', 'Y'),
(434, 8, '<p>Cermati poster berikut!</p>\r\n\r\n<p><img alt="" src="/ppdb/assets/kcfinder/upload/files/soal%20ppdb%202023%20bin%20no%204.png" style="height:320px; width:431px" /></p>\r\n\r\n<p>Bagaimana cara untuk menjaga kesehatan mental selama melakukan isolasi mandiri?</p>\r\n', NULL, NULL, NULL, '<p>memprioritaskan pengaturan kegiatan terutama rutinitas primer</p>\r\n', '<p>rutinitas primer dilaksanakan setelah terpenuhi rutinitas skunder</p>\r\n', '<p>mengatur waktu untuk kegiatan rutinitas baik primer maupun sekunder</p>\r\n', '<p>aktivitas utama yang dilakukan sebagai rutinitas adalah tidur dan olahraga</p>\r\n', '<p>memprioritaskan kegiatan primer dan mengesampingkan kegiatan skunder</p>\r\n', 'C', 'Y'),
(435, 8, '<p style="text-align:justify">Cermati kutipan artikel berikut!</p>\r\n\r\n<p style="text-align:justify">Menteri Pendidikan, Kebudayaan, Riset, dan Teknologi (Kemendikbud Ristek), Nadiem Makarim mengungkapkan bahwa sekitar 80 persen orang tua siswa menginginkan pembelajaran tatap muka (PTM) terbatas bagi anak-anaknya. Namun, hingga saat ini baru 55 persen sekolah yang membuka PTM terbatas. Mendikbud mengatakan, untuk mendukung PTM terbatas perlu peran orang tua sebagai garda terdepan dalam menjaga kesehatan dan pendidikan anak-anak. &quot;Orang tua adalah garda depan (pemenuhan) kesehatan dan pendidikan bagi anak-anaknya. Mereka harus berperan aktif agar sekolah disiplin menjalankan protokol kesehatan (prokes),&quot; ucap Nadiem. Nadiem berpesan kepada semua elemen bahwa peraturan mengenai PTM sudah jelas. Jadi orang tua, guru, tenaga pendidik, dan masyarakat lain di sekolah tinggal mengikuti aturan yang berlaku untuk melakukan pembelajaran tatap muka.</p>\r\n\r\n<p style="text-align:justify">Apa maksud orang tua menjadi garda terdepan dalam pembelajaran tatap muka?</p>\r\n\r\n<p style="text-align:justify">&nbsp;</p>\r\n', NULL, NULL, NULL, '<p>Orang tua harus berperan aktif supaya sekolah tetap tertib menjalankan protokol kesehatan.</p>\r\n', '<p>Orang tua bertanggung jawab penuh terhadap kemajuan belajar dan kesehatan para siswa.</p>\r\n', '<p>Orang tua wajib mengikuti aturan yang berlaku untuk mendukung pembelajaran tatap muka.</p>\r\n', '<p>Orang tua sudah sewajarnya menjadi ujung tombak pendamping kegiatan bagi anak- anaknya.</p>\r\n', '<p>Orang tua menjadi guru pengganti untuk anak-anaknya selama pandemi</p>\r\n', 'A', 'Y'),
(436, 8, '<p>Dokter melakukan &hellip; setelah mencermati hasil rontgen tulang belakang Andi.</p>\r\n\r\n<p>Kata yang tepat untuk melengkapi kalimat tersebut adalah &hellip;.</p>\r\n', NULL, NULL, NULL, '<p>Transfusi</p>\r\n', '<p>Diagnosis</p>\r\n', '<p>Injeksi</p>\r\n', '<p>Terapi</p>\r\n', '<p>Evaluasi</p>\r\n', 'B', 'Y'),
(437, 8, '<p style="text-align:justify">Cermati berita berikut!</p>\r\n\r\n<p style="text-align:justify">Berita tentang peristiwa kematian Sofia, seorang gadis kecil berusia 7 tahun tak ayal membuat masyarakat Indonesia geram. Gadis kecil lucu tersebut tewas di tangan ibu angkatnya sendiri dan dikubur di halaman belakang rumah, tepat di bawah kandang kelinci peliharaan keluarga. Sofia memang hanyalah anak angkat dari keluarga Stefanus. Ia kerapkali diperlakukan layaknya seorang budak di rumah tersebut.</p>\r\n\r\n<p style="text-align:justify">Berita tersebut berisikan tentang...</p>\r\n', NULL, NULL, NULL, '<p>kasus penganiayaan orang tua kandung terhadap anak</p>\r\n', '<p>kekerasan orang tua oleh anak kandung</p>\r\n', '<p>peristiwa pembunuhan seorang anak oleh ibu angkatnya sendiri</p>\r\n', '<p>perlakuan layaknya budak oleh ibu angkat</p>\r\n', '<p>peristiwa kematian seorang anak</p>\r\n', 'C', 'Y'),
(438, 8, '<p style="text-align:justify">&ldquo;Nada, minggu depan kita harus pindah ke Jogjakarta. Ayah dipindahtugaskan di sana.&rdquo; Bagaikan petir di siang bolong menyambar Nada yang seketika itu langsung diam mematung.</p>\r\n\r\n<p style="text-align:justify">Makna simbol petir di siang bolong pada kutipan cerpen tersebut adalah&hellip;.</p>\r\n', NULL, NULL, NULL, '<p>merasa sedih&nbsp;&nbsp;&nbsp;&nbsp;&nbsp;&nbsp;</p>\r\n', '<p>merasa heran</p>\r\n', '<p>merasa bingung</p>\r\n', '<p>sangat terkejut</p>\r\n', '<p>merasa takut</p>\r\n', 'D', 'Y'),
(439, 8, '<p style="text-align:justify">Hi, good morning&hellip;</p>\r\n\r\n<p style="text-align:justify">My name is Evander Steward. You can call me Evan. I was born in Glasgow on February 1st 2001. I am currently studying a first-year graduate student at The School of Simulation and Visualisation at The Glasgow School of Art.</p>\r\n\r\n<p style="text-align:justify">I love music. Usually, I spend my time after school to create a song about my journey or enjoy food at the local restaurant. My favourite day is weekend! Because I&#39;m free to do what I please and going out with my friends. Normally I spend my weekend along the side of the River Kelvin at the Kelvingrove Park just to have a leisurely stroll, or sit down for enjoying view.</p>\r\n\r\n<p style="text-align:justify">Source:&nbsp;<a href="https://www.ef.co.id/englishfirst/kids/blog/10-contoh-introducing-myself-dalam-bahasa-inggris/">https://www.ef.co.id/englishfirst/kids/blog/10-contoh-introducing-myself-dalam-bahasa-inggris/</a></p>\r\n\r\n<p style="text-align:justify">What is the text about?</p>\r\n', NULL, NULL, NULL, '<p>The Glasgow School of Art</p>\r\n', '<p>Spending weekend</p>\r\n', '<p>Evander Steward</p>\r\n', '<p>The Local Restaurant</p>\r\n', '<p>Kelvingrove Park</p>\r\n', 'C', 'Y'),
(440, 8, '<p style="text-align:justify">Hi, good morning&hellip;</p>\r\n\r\n<p style="text-align:justify">My name is Evander Steward. You can call me Evan. I was born in Glasgow on February 1st 2001. I am currently studying a first-year graduate student at The School of Simulation and Visualisation at The Glasgow School of Art.</p>\r\n\r\n<p style="text-align:justify">I love music. Usually, I spend my time after school to create a song about my journey or enjoy food at the local restaurant. My favourite day is weekend! Because I&#39;m free to do what I please and going out with my friends. Normally I spend my weekend along the side of the River Kelvin at the Kelvingrove Park just to have a leisurely stroll, or sit down for enjoying view.</p>\r\n\r\n<p style="text-align:justify">Source:&nbsp;<a href="https://www.ef.co.id/englishfirst/kids/blog/10-contoh-introducing-myself-dalam-bahasa-inggris/">https://www.ef.co.id/englishfirst/kids/blog/10-contoh-introducing-myself-dalam-bahasa-inggris/</a></p>\r\n\r\n<p style="text-align:justify">What does paragraph two talk about?</p>\r\n', NULL, NULL, NULL, '<p>The writer&rsquo;s favourite</p>\r\n', '<p>Evan&rsquo;s song writing</p>\r\n', '<p>Evan&rsquo;s favourite day</p>\r\n', '<p>The Local Restaurant</p>\r\n', '<p>Kelvingrove Park</p>\r\n', 'A', 'Y'),
(441, 8, '<p style="text-align:justify">Hi, good morning&hellip;</p>\r\n\r\n<p style="text-align:justify">My name is Evander Steward. You can call me Evan. I was born in Glasgow on February 1st 2001. I am currently studying a first-year graduate student at The School of Simulation and Visualisation at The Glasgow School of Art.</p>\r\n\r\n<p style="text-align:justify">I love music. Usually, I spend my time after school to create a song about my journey or enjoy food at the local restaurant. My favourite day is weekend! Because I&#39;m free to do what I please and going out with my friends. Normally I spend my weekend along the side of the River Kelvin at the Kelvingrove Park just to have a leisurely stroll, or sit down for enjoying view.</p>\r\n\r\n<p style="text-align:justify">Source:&nbsp;<a href="https://www.ef.co.id/englishfirst/kids/blog/10-contoh-introducing-myself-dalam-bahasa-inggris/">https://www.ef.co.id/englishfirst/kids/blog/10-contoh-introducing-myself-dalam-bahasa-inggris/</a></p>\r\n\r\n<p style="text-align:justify">&ldquo;&hellip; to have a leisurely stroll, or sit down for enjoying view.&rdquo; The similar word to word &ldquo;stroll&rdquo; is &hellip;</p>\r\n', NULL, NULL, NULL, '<p>walk</p>\r\n', '<p>sit</p>\r\n', '<p>sleep</p>\r\n', '<p>stand</p>\r\n', '<p>run</p>\r\n', 'A', 'Y'),
(442, 8, '<p style="text-align:justify"><strong>Suramadu Bridge</strong></p>\r\n\r\n<p style="text-align:justify">The Suramadu Bridge (Indonesian: Jembatan Suramadu), also known as the Surabaya&ndash;Madura Bridge, is a bridge with three cable-stayed sections constructed between Surabaya on the island of Java and the town of Bangkalan on the island of Madura in Indonesia. Opened on June 10, 2009, the 5.4-km bridge is the longest in Indonesia and the first bridge to cross the Madura Strait.</p>\r\n\r\n<p style="text-align:justify">The cable-stayed portion has three spans with lengths 192 m, 434 m and 192 m. The bridge has two lanes in each direction plus an emergency lane and a dedicated lane for motorcycles. The first toll bridge in Indonesia, fares have been initially set at Rp. 30,000 (US$3 in 2009) for four-wheeled vehicles and Rp. 3,000 (US$0.30) for two-wheelers.</p>\r\n\r\n<p style="text-align:justify">The bridge was built by a consortium of Indonesian companies PT Adhi Karya and PT Waskita Karya working with China Road and Bridge Corp. and China Harbor Engineering Co. Ltd. The total cost of the project, including connecting roads, has been estimated at 4.5 trillion rupiah (US$445 million).</p>\r\n\r\n<p style="text-align:justify">Construction was started on August 20, 2003. In July 2004, a girder collapsed, killing one worker and injuring nine others. Work on the bridge halted at the end of 2004 due to lack of funds, but was restarted in November 2005. The main span of the bridge was connected on March 31, 2009, and the bridge was opened to the public in June 10, 2009.Within a week of the opening, it was discovered that nuts and bolts as well as maintenance lamps had been stolen and that there was evidence of vandalism of cables supporting the main span.</p>\r\n\r\n<p style="text-align:justify">Suramadu&rsquo;s bridge also known as&hellip;.</p>\r\n', NULL, NULL, NULL, '<p>Longest bridge</p>\r\n', '<p>sura and madu</p>\r\n', '<p>Surabaya-Madura bridge</p>\r\n', '<p>toll bridge</p>\r\n', '<p>overpass</p>\r\n', 'C', 'Y'),
(443, 8, '<p style="text-align:justify"><strong>Suramadu Bridge</strong></p>\r\n\r\n<p style="text-align:justify">The Suramadu Bridge (Indonesian: Jembatan Suramadu), also known as the Surabaya&ndash;Madura Bridge, is a bridge with three cable-stayed sections constructed between Surabaya on the island of Java and the town of Bangkalan on the island of Madura in Indonesia. Opened on June 10, 2009, the 5.4-km bridge is the longest in Indonesia and the first bridge to cross the Madura Strait.</p>\r\n\r\n<p style="text-align:justify">The cable-stayed portion has three spans with lengths 192 m, 434 m and 192 m. The bridge has two lanes in each direction plus an emergency lane and a dedicated lane for motorcycles. The first toll bridge in Indonesia, fares have been initially set at Rp. 30,000 (US$3 in 2009) for four-wheeled vehicles and Rp. 3,000 (US$0.30) for two-wheelers.</p>\r\n\r\n<p style="text-align:justify">The bridge was built by a consortium of Indonesian companies PT Adhi Karya and PT Waskita Karya working with China Road and Bridge Corp. and China Harbor Engineering Co. Ltd. The total cost of the project, including connecting roads, has been estimated at 4.5 trillion rupiah (US$445 million).</p>\r\n\r\n<p style="text-align:justify">Construction was started on August 20, 2003. In July 2004, a girder collapsed, killing one worker and injuring nine others. Work on the bridge halted at the end of 2004 due to lack of funds, but was restarted in November 2005. The main span of the bridge was connected on March 31, 2009, and the bridge was opened to the public in June 10, 2009.Within a week of the opening, it was discovered that nuts and bolts as well as maintenance lamps had been stolen and that there was evidence of vandalism of cables supporting the main span.</p>\r\n\r\n<p style="text-align:justify">Suramadu&rsquo;s bridge connects the island&hellip;.</p>\r\n', NULL, NULL, NULL, '<p>Java and Sumatra</p>\r\n', '<p>Java and Bali</p>\r\n', '<p>Sumatra and Kalimantan</p>\r\n', '<p>Java and Madura</p>\r\n', '<p>Surabaya and Bali</p>\r\n', 'D', 'Y'),
(444, 8, '<p style="text-align:justify"><strong>Suramadu Bridge</strong></p>\r\n\r\n<p style="text-align:justify">The Suramadu Bridge (Indonesian: Jembatan Suramadu), also known as the Surabaya&ndash;Madura Bridge, is a bridge with three cable-stayed sections constructed between Surabaya on the island of Java and the town of Bangkalan on the island of Madura in Indonesia. Opened on June 10, 2009, the 5.4-km bridge is the longest in Indonesia and the first bridge to cross the Madura Strait.</p>\r\n\r\n<p style="text-align:justify">The cable-stayed portion has three spans with lengths 192 m, 434 m and 192 m. The bridge has two lanes in each direction plus an emergency lane and a dedicated lane for motorcycles. The first toll bridge in Indonesia, fares have been initially set at Rp. 30,000 (US$3 in 2009) for four-wheeled vehicles and Rp. 3,000 (US$0.30) for two-wheelers.</p>\r\n\r\n<p style="text-align:justify">The bridge was built by a consortium of Indonesian companies PT Adhi Karya and PT Waskita Karya working with China Road and Bridge Corp. and China Harbor Engineering Co. Ltd. The total cost of the project, including connecting roads, has been estimated at 4.5 trillion rupiah (US$445 million).</p>\r\n\r\n<p style="text-align:justify">Construction was started on August 20, 2003. In July 2004, a girder collapsed, killing one worker and injuring nine others. Work on the bridge halted at the end of 2004 due to lack of funds, but was restarted in November 2005. The main span of the bridge was connected on March 31, 2009, and the bridge was opened to the public in June 10, 2009.Within a week of the opening, it was discovered that nuts and bolts as well as maintenance lamps had been stolen and that there was evidence of vandalism of cables supporting the main span.</p>\r\n\r\n<p style="text-align:justify">&ldquo;&hellip; it was discovered that nuts and bolts &hellip;&rdquo; The word &ldquo;it&rdquo; refers to &hellip;</p>\r\n', NULL, NULL, NULL, '<p>The bridge</p>\r\n', '<p>The workers</p>\r\n', '<p>Nuts and Bolts</p>\r\n', '<p>The Companies</p>\r\n', '<p>Cost of The Project</p>\r\n', 'A', 'Y'),
(445, 8, '<p style="text-align:center"><strong>How to Install Printer Software to Your Computer</strong></p>\r\n\r\n<p style="text-align:justify">In order to make your computer detect the printer, you must first install the software from the CD provided inside the box. You need to open the box and get the CD, after that follow these following instructions to successfully install the software.</p>\r\n\r\n<p style="text-align:justify">You need:</p>\r\n\r\n<ol>\r\n	<li style="text-align: justify;">CPU&nbsp;&nbsp;&nbsp;&nbsp;&nbsp;&nbsp;&nbsp;&nbsp;&nbsp;&nbsp;&nbsp;&nbsp;&nbsp;&nbsp;&nbsp;&nbsp;&nbsp;&nbsp;&nbsp;&nbsp;&nbsp;&nbsp;&nbsp;&nbsp;&nbsp;&nbsp;&nbsp;&nbsp;&nbsp;&nbsp;&nbsp;&nbsp;&nbsp;&nbsp;&nbsp;&nbsp;&nbsp;&nbsp;&nbsp;&nbsp;&nbsp;&nbsp;&nbsp;&nbsp;&nbsp;&nbsp;&nbsp;&nbsp;&nbsp;&nbsp;&nbsp;&nbsp;&nbsp;&nbsp;&nbsp;&nbsp;&nbsp; 4. Mouse</li>\r\n	<li style="text-align: justify;">Monitor&nbsp;&nbsp;&nbsp;&nbsp;&nbsp;&nbsp;&nbsp;&nbsp;&nbsp;&nbsp;&nbsp;&nbsp;&nbsp;&nbsp;&nbsp;&nbsp;&nbsp;&nbsp;&nbsp;&nbsp;&nbsp;&nbsp;&nbsp;&nbsp;&nbsp;&nbsp;&nbsp;&nbsp;&nbsp;&nbsp;&nbsp;&nbsp;&nbsp;&nbsp;&nbsp;&nbsp;&nbsp;&nbsp;&nbsp;&nbsp;&nbsp;&nbsp;&nbsp;&nbsp;&nbsp;&nbsp;&nbsp;&nbsp;&nbsp;&nbsp;&nbsp; 5. Printer</li>\r\n	<li style="text-align: justify;">Keyboard&nbsp;&nbsp;&nbsp;&nbsp;&nbsp;&nbsp;&nbsp;&nbsp;&nbsp;&nbsp;&nbsp;&nbsp;&nbsp;&nbsp;&nbsp;&nbsp;&nbsp;&nbsp;&nbsp;&nbsp;&nbsp;&nbsp;&nbsp;&nbsp;&nbsp;&nbsp;&nbsp;&nbsp;&nbsp;&nbsp;&nbsp;&nbsp;&nbsp;&nbsp;&nbsp;&nbsp;&nbsp;&nbsp;&nbsp;&nbsp;&nbsp;&nbsp;&nbsp;&nbsp;&nbsp;&nbsp;&nbsp;&nbsp;&nbsp; 6. CD Printer Software</li>\r\n</ol>\r\n\r\n<p style="text-align:justify">Here are the steps to&nbsp;<strong>install printer software to your computer:</strong></p>\r\n\r\n<ol>\r\n	<li style="text-align: justify;">Insert the CD into the CD Room on your computer.</li>\r\n	<li style="text-align: justify;">Wait until the CD Room finish reading the CD</li>\r\n	<li style="text-align: justify;">A dialogue box will pop out on your computer screen, giving you an option to install the software, choose &ldquo;Yes&rdquo; to continue with the installation process.</li>\r\n	<li style="text-align: justify;">Next, the dialogue box will let you to choose your &ldquo;Country Region&rdquo;, choose &ldquo;Asia&rdquo; if you live within Asia continent. Then click &ldquo;Next&rdquo; button.</li>\r\n	<li style="text-align: justify;">After that, choose your country, then click &ldquo;Next&rdquo; button.</li>\r\n	<li style="text-align: justify;">Next, the dialogue box will let you to choose type of installation, the best is to choose &ldquo;Easy Install&rdquo; option, but if you are an expert, you can also choose &ldquo;Custom Install&rdquo; option.</li>\r\n	<li style="text-align: justify;">After that click &ldquo;Install&rdquo; button, wait for about 10 minutes.</li>\r\n	<li style="text-align: justify;">During the installation process is running, plug the power cable into the electricity socket, and then turn on the printer by pressing the power button (if your printer is Canon Pixma iP2770 there are two buttons on your printer and the power button is the one on top.)</li>\r\n	<li style="text-align: justify;">At the end of the installation process, (make sure the printer is on) we need to plug the printer USB cable into the USB socket on your computer so the software will be able to synchronize with the device.</li>\r\n	<li style="text-align: justify;">Installation process is complete and your printer is ready to use.</li>\r\n</ol>\r\n\r\n<p style="text-align:justify">What does the text tell about?</p>\r\n', NULL, NULL, NULL, '<p>Installing Mouse</p>\r\n', '<p>Inserting CD</p>\r\n', '<p>Using Printer</p>\r\n', '<p>Installing Printer</p>\r\n', '<p>Inserting USB device</p>\r\n', 'D', 'Y');
INSERT INTO `d_soal_ujian_objektif` (`id`, `ujian_id`, `soal`, `soal_gambar`, `soal_audio`, `soal_video`, `pilihan_a`, `pilihan_b`, `pilihan_c`, `pilihan_d`, `pilihan_e`, `jawaban`, `aktif`) VALUES
(446, 8, '<p style="text-align:center"><strong>How to Install Printer Software to Your Computer</strong></p>\r\n\r\n<p style="text-align:justify">In order to make your computer detect the printer, you must first install the software from the CD provided inside the box. You need to open the box and get the CD, after that follow these following instructions to successfully install the software.</p>\r\n\r\n<p style="text-align:justify">You need:</p>\r\n\r\n<ol>\r\n	<li style="text-align: justify;">CPU&nbsp;&nbsp;&nbsp;&nbsp;&nbsp;&nbsp;&nbsp;&nbsp;&nbsp;&nbsp;&nbsp;&nbsp;&nbsp;&nbsp;&nbsp;&nbsp;&nbsp;&nbsp;&nbsp;&nbsp;&nbsp;&nbsp;&nbsp;&nbsp;&nbsp;&nbsp;&nbsp;&nbsp;&nbsp;&nbsp;&nbsp;&nbsp;&nbsp;&nbsp;&nbsp;&nbsp;&nbsp;&nbsp;&nbsp;&nbsp;&nbsp;&nbsp;&nbsp;&nbsp;&nbsp;&nbsp;&nbsp;&nbsp;&nbsp;&nbsp;&nbsp;&nbsp;&nbsp;&nbsp;&nbsp;&nbsp;&nbsp; 4. Mouse</li>\r\n	<li style="text-align: justify;">Monitor&nbsp;&nbsp;&nbsp;&nbsp;&nbsp;&nbsp;&nbsp;&nbsp;&nbsp;&nbsp;&nbsp;&nbsp;&nbsp;&nbsp;&nbsp;&nbsp;&nbsp;&nbsp;&nbsp;&nbsp;&nbsp;&nbsp;&nbsp;&nbsp;&nbsp;&nbsp;&nbsp;&nbsp;&nbsp;&nbsp;&nbsp;&nbsp;&nbsp;&nbsp;&nbsp;&nbsp;&nbsp;&nbsp;&nbsp;&nbsp;&nbsp;&nbsp;&nbsp;&nbsp;&nbsp;&nbsp;&nbsp;&nbsp;&nbsp;&nbsp;&nbsp; 5. Printer</li>\r\n	<li style="text-align: justify;">Keyboard&nbsp;&nbsp;&nbsp;&nbsp;&nbsp;&nbsp;&nbsp;&nbsp;&nbsp;&nbsp;&nbsp;&nbsp;&nbsp;&nbsp;&nbsp;&nbsp;&nbsp;&nbsp;&nbsp;&nbsp;&nbsp;&nbsp;&nbsp;&nbsp;&nbsp;&nbsp;&nbsp;&nbsp;&nbsp;&nbsp;&nbsp;&nbsp;&nbsp;&nbsp;&nbsp;&nbsp;&nbsp;&nbsp;&nbsp;&nbsp;&nbsp;&nbsp;&nbsp;&nbsp;&nbsp;&nbsp;&nbsp;&nbsp;&nbsp; 6. CD Printer Software</li>\r\n</ol>\r\n\r\n<p style="text-align:justify">Here are the steps to&nbsp;<strong>install printer software to your computer:</strong></p>\r\n\r\n<ol>\r\n	<li style="text-align: justify;">Insert the CD into the CD Room on your computer.</li>\r\n	<li style="text-align: justify;">Wait until the CD Room finish reading the CD</li>\r\n	<li style="text-align: justify;">A dialogue box will pop out on your computer screen, giving you an option to install the software, choose &ldquo;Yes&rdquo; to continue with the installation process.</li>\r\n	<li style="text-align: justify;">Next, the dialogue box will let you to choose your &ldquo;Country Region&rdquo;, choose &ldquo;Asia&rdquo; if you live within Asia continent. Then click &ldquo;Next&rdquo; button.</li>\r\n	<li style="text-align: justify;">After that, choose your country, then click &ldquo;Next&rdquo; button.</li>\r\n	<li style="text-align: justify;">Next, the dialogue box will let you to choose type of installation, the best is to choose &ldquo;Easy Install&rdquo; option, but if you are an expert, you can also choose &ldquo;Custom Install&rdquo; option.</li>\r\n	<li style="text-align: justify;">After that click &ldquo;Install&rdquo; button, wait for about 10 minutes.</li>\r\n	<li style="text-align: justify;">During the installation process is running, plug the power cable into the electricity socket, and then turn on the printer by pressing the power button (if your printer is Canon Pixma iP2770 there are two buttons on your printer and the power button is the one on top.)</li>\r\n	<li style="text-align: justify;">At the end of the installation process, (make sure the printer is on) we need to plug the printer USB cable into the USB socket on your computer so the software will be able to synchronize with the device.</li>\r\n	<li style="text-align: justify;">Installation process is complete and your printer is ready to use.</li>\r\n</ol>\r\n\r\n<p style="text-align:justify">What is the next step after choosing country region for the installation?</p>\r\n', NULL, NULL, NULL, '<p>Connect the USB cable into the PC.</p>\r\n', '<p>Insert CD installation</p>\r\n', '<p>Turn on the printer</p>\r\n', '<p>Choose the installation type.</p>\r\n', '<p>Turn on the PC</p>\r\n', 'D', 'Y'),
(447, 8, '<p style="text-align:center"><strong>How to Install Printer Software to Your Computer</strong></p>\r\n\r\n<p style="text-align:center">In order to make your computer detect the printer, you must first install the software from the CD provided inside the box. You need to open the box and get the CD, after that follow these following instructions to successfully install the software.</p>\r\n\r\n<p style="text-align:justify">You need:</p>\r\n\r\n<ol>\r\n	<li style="text-align: justify;">CPU&nbsp;&nbsp;&nbsp;&nbsp;&nbsp;&nbsp;&nbsp;&nbsp;&nbsp;&nbsp;&nbsp;&nbsp;&nbsp;&nbsp;&nbsp;&nbsp;&nbsp;&nbsp;&nbsp;&nbsp;&nbsp;&nbsp;&nbsp;&nbsp;&nbsp;&nbsp;&nbsp;&nbsp;&nbsp;&nbsp;&nbsp;&nbsp;&nbsp;&nbsp;&nbsp;&nbsp;&nbsp;&nbsp;&nbsp;&nbsp;&nbsp;&nbsp;&nbsp;&nbsp;&nbsp;&nbsp;&nbsp;&nbsp;&nbsp;&nbsp;&nbsp;&nbsp;&nbsp;&nbsp;&nbsp;&nbsp;&nbsp; 4. Mouse</li>\r\n	<li style="text-align: justify;">Monitor&nbsp;&nbsp;&nbsp;&nbsp;&nbsp;&nbsp;&nbsp;&nbsp;&nbsp;&nbsp;&nbsp;&nbsp;&nbsp;&nbsp;&nbsp;&nbsp;&nbsp;&nbsp;&nbsp;&nbsp;&nbsp;&nbsp;&nbsp;&nbsp;&nbsp;&nbsp;&nbsp;&nbsp;&nbsp;&nbsp;&nbsp;&nbsp;&nbsp;&nbsp;&nbsp;&nbsp;&nbsp;&nbsp;&nbsp;&nbsp;&nbsp;&nbsp;&nbsp;&nbsp;&nbsp;&nbsp;&nbsp;&nbsp;&nbsp;&nbsp;&nbsp; 5. Printer</li>\r\n	<li style="text-align: justify;">Keyboard&nbsp;&nbsp;&nbsp;&nbsp;&nbsp;&nbsp;&nbsp;&nbsp;&nbsp;&nbsp;&nbsp;&nbsp;&nbsp;&nbsp;&nbsp;&nbsp;&nbsp;&nbsp;&nbsp;&nbsp;&nbsp;&nbsp;&nbsp;&nbsp;&nbsp;&nbsp;&nbsp;&nbsp;&nbsp;&nbsp;&nbsp;&nbsp;&nbsp;&nbsp;&nbsp;&nbsp;&nbsp;&nbsp;&nbsp;&nbsp;&nbsp;&nbsp;&nbsp;&nbsp;&nbsp;&nbsp;&nbsp;&nbsp;&nbsp; 6. CD Printer Software</li>\r\n</ol>\r\n\r\n<p style="text-align:justify">Here are the steps to&nbsp;<strong>install printer software to your computer:</strong></p>\r\n\r\n<ol>\r\n	<li style="text-align: justify;">Insert the CD into the CD Room on your computer.</li>\r\n	<li style="text-align: justify;">Wait until the CD Room finish reading the CD</li>\r\n	<li style="text-align: justify;">A dialogue box will pop out on your computer screen, giving you an option to install the software, choose &ldquo;Yes&rdquo; to continue with the installation process.</li>\r\n	<li style="text-align: justify;">Next, the dialogue box will let you to choose your &ldquo;Country Region&rdquo;, choose &ldquo;Asia&rdquo; if you live within Asia continent. Then click &ldquo;Next&rdquo; button.</li>\r\n	<li style="text-align: justify;">After that, choose your country, then click &ldquo;Next&rdquo; button.</li>\r\n	<li style="text-align: justify;">Next, the dialogue box will let you to choose type of installation, the best is to choose &ldquo;Easy Install&rdquo; option, but if you are an expert, you can also choose &ldquo;Custom Install&rdquo; option.</li>\r\n	<li style="text-align: justify;">After that click &ldquo;Install&rdquo; button, wait for about 10 minutes.</li>\r\n	<li style="text-align: justify;">During the installation process is running, plug the power cable into the electricity socket, and then turn on the printer by pressing the power button (if your printer is Canon Pixma iP2770 there are two buttons on your printer and the power button is the one on top.)</li>\r\n	<li style="text-align: justify;">At the end of the installation process, (make sure the printer is on) we need to plug the printer USB cable into the USB socket on your computer so the software will be able to synchronize with the device.</li>\r\n	<li style="text-align: justify;">Installation process is complete and your printer is ready to use.</li>\r\n</ol>\r\n\r\n<p style="text-align:justify">Word &ldquo;you&rdquo; in the text refers to &hellip;</p>\r\n', NULL, NULL, NULL, '<p>The printer company</p>\r\n', '<p>The writer</p>\r\n', '<p>The dialogue</p>\r\n', '<p>The reader</p>\r\n', '<p>The computer</p>\r\n', 'D', 'Y'),
(448, 8, '<p style="text-align:center"><strong>How to Install Printer Software to Your Computer</strong></p>\r\n\r\n<p style="text-align:justify">In order to make your computer detect the printer, you must first install the software from the CD provided inside the box. You need to open the box and get the CD, after that follow these following instructions to successfully install the software.</p>\r\n\r\n<p style="text-align:justify">You need:</p>\r\n\r\n<ol>\r\n	<li style="text-align: justify;">CPU&nbsp;&nbsp;&nbsp;&nbsp;&nbsp;&nbsp;&nbsp;&nbsp;&nbsp;&nbsp;&nbsp;&nbsp;&nbsp;&nbsp;&nbsp;&nbsp;&nbsp;&nbsp;&nbsp;&nbsp;&nbsp;&nbsp;&nbsp;&nbsp;&nbsp;&nbsp;&nbsp;&nbsp;&nbsp;&nbsp;&nbsp;&nbsp;&nbsp;&nbsp;&nbsp;&nbsp;&nbsp;&nbsp;&nbsp;&nbsp;&nbsp;&nbsp;&nbsp;&nbsp;&nbsp;&nbsp;&nbsp;&nbsp;&nbsp;&nbsp;&nbsp;&nbsp;&nbsp;&nbsp;&nbsp;&nbsp;&nbsp; 4. Mouse</li>\r\n	<li style="text-align: justify;">Monitor&nbsp;&nbsp;&nbsp;&nbsp;&nbsp;&nbsp;&nbsp;&nbsp;&nbsp;&nbsp;&nbsp;&nbsp;&nbsp;&nbsp;&nbsp;&nbsp;&nbsp;&nbsp;&nbsp;&nbsp;&nbsp;&nbsp;&nbsp;&nbsp;&nbsp;&nbsp;&nbsp;&nbsp;&nbsp;&nbsp;&nbsp;&nbsp;&nbsp;&nbsp;&nbsp;&nbsp;&nbsp;&nbsp;&nbsp;&nbsp;&nbsp;&nbsp;&nbsp;&nbsp;&nbsp;&nbsp;&nbsp;&nbsp;&nbsp;&nbsp;&nbsp; 5. Printer</li>\r\n	<li style="text-align: justify;">Keyboard&nbsp;&nbsp;&nbsp;&nbsp;&nbsp;&nbsp;&nbsp;&nbsp;&nbsp;&nbsp;&nbsp;&nbsp;&nbsp;&nbsp;&nbsp;&nbsp;&nbsp;&nbsp;&nbsp;&nbsp;&nbsp;&nbsp;&nbsp;&nbsp;&nbsp;&nbsp;&nbsp;&nbsp;&nbsp;&nbsp;&nbsp;&nbsp;&nbsp;&nbsp;&nbsp;&nbsp;&nbsp;&nbsp;&nbsp;&nbsp;&nbsp;&nbsp;&nbsp;&nbsp;&nbsp;&nbsp;&nbsp;&nbsp;&nbsp; 6. CD Printer Software</li>\r\n</ol>\r\n\r\n<p style="text-align:justify">Here are the steps to&nbsp;<strong>install printer software to your computer:</strong></p>\r\n\r\n<ol>\r\n	<li style="text-align: justify;">Insert the CD into the CD Room on your computer.</li>\r\n	<li style="text-align: justify;">Wait until the CD Room finish reading the CD</li>\r\n	<li style="text-align: justify;">A dialogue box will pop out on your computer screen, giving you an option to install the software, choose &ldquo;Yes&rdquo; to continue with the installation process.</li>\r\n	<li style="text-align: justify;">Next, the dialogue box will let you to choose your &ldquo;Country Region&rdquo;, choose &ldquo;Asia&rdquo; if you live within Asia continent. Then click &ldquo;Next&rdquo; button.</li>\r\n	<li style="text-align: justify;">After that, choose your country, then click &ldquo;Next&rdquo; button.</li>\r\n	<li style="text-align: justify;">Next, the dialogue box will let you to choose type of installation, the best is to choose &ldquo;Easy Install&rdquo; option, but if you are an expert, you can also choose &ldquo;Custom Install&rdquo; option.</li>\r\n	<li style="text-align: justify;">After that click &ldquo;Install&rdquo; button, wait for about 10 minutes.</li>\r\n	<li style="text-align: justify;">During the installation process is running, plug the power cable into the electricity socket, and then turn on the printer by pressing the power button (if your printer is Canon Pixma iP2770 there are two buttons on your printer and the power button is the one on top.)</li>\r\n	<li style="text-align: justify;">At the end of the installation process, (make sure the printer is on) we need to plug the printer USB cable into the USB socket on your computer so the software will be able to synchronize with the device.</li>\r\n	<li style="text-align: justify;">Installation process is complete and your printer is ready to use.</li>\r\n</ol>\r\n\r\n<p style="text-align:justify">The synonym of word &ldquo;choose&rdquo; in the text is &hellip;</p>\r\n', NULL, NULL, NULL, '<p>abandon</p>\r\n', '<p>ignore</p>\r\n', '<p>select</p>\r\n', '<p>complete</p>\r\n', '<p>press</p>\r\n', 'C', 'Y'),
(449, 8, 'Dua angka berikutnya dari barisan 1, 3, 4, -1, 7, - 5, …, …', NULL, NULL, NULL, '11, -10', '10, -9', ' 11, -8', '8, -6', '6, -8', 'B', 'Y'),
(450, 8, 'Jika hari kemarin adalah Selasa, maka sepuluh hari kedepan adalah hari . . ', NULL, NULL, NULL, 'Sabtu', ' Minggu', ' Jum''at', 'Kamis', 'Selasa', 'A', 'Y'),
(451, 8, 'Seorang anak berjalan 3 langkah kedepan dari tempat dia berdiri, kemudian melangkah kebelakang sejauh 10 langkah. Berapa jarak dia saat ini dari awal mula berdiri?', NULL, NULL, NULL, '3 langkah', ' 5 langkah', '7 langkah', '9 langkah', ' 10 langkah', 'C', 'Y'),
(452, 8, 'Sebuah baju dijual toko dengan harga Rp. 110.000,00., khusus pada hari ini baju tersebut berdiskon 10%. Berapa harga jual baju tersebut hari ini?', NULL, NULL, NULL, ' Rp. 111.000', 'Rp. 109.000', 'Rp. 100.000', 'Rp. 99.000', 'Rp. 95.000', 'D', 'Y'),
(453, 8, 'Sebuah bangunan dikerjakan sebanyak 6 orang dan dapat diselesaikan selama 12 hari. Jika pemilik bangunan ingin menyelesaikan dalam 8 hari, berapa orang yang dibutuhkan?', NULL, NULL, NULL, '8 orang', '10 orang', '12 orang', ' 14 orang', ' 16 orang', 'C', 'Y'),
(454, 8, 'Bustomi sudah sampai sekolah tepat pada pukul 07.12 WIB, padahal dia baru keluar dari rumah pada pukul 06.36 WIB. Berapa lama perjalanan dari rumahnya ke sekolah?', NULL, NULL, NULL, ' 28 menit', '30 menit', '32 menit', '34 menit', '36 menit', 'E', 'Y'),
(455, 8, 'Sebuah bangunan mempunyai luas 60 meter persegi. Jika salah satu panjangnya adalah 5 meter maka keliling bangunan tersebut adalah . . . Meter', NULL, NULL, NULL, '12', '17', '24', '29', '34', 'E', 'Y'),
(456, 8, '2, 2, 3, 3, 4, 6, 4, 6, …', NULL, NULL, NULL, '7', '8', '9', '10', '11', 'C', 'Y'),
(457, 8, '5 - 2 x 10 + 5 = . . .', NULL, NULL, NULL, '-10', '-5', '0', '25', '35', 'A', 'Y'),
(458, 8, 'Hasil perkalian (2/3)2 x (3/4)2 adalah . . . . ', NULL, NULL, NULL, 'A.    1/3', 'B.     1/4', '3', '6', '9', 'B', 'Y'),
(459, 8, 'Satuan yang digunakan untuk mengukur suatu benda material pelat atau logam adalah …', NULL, NULL, NULL, 'mm', 'kg', 'liter', 'celcius ', 'gram', 'A', 'Y'),
(460, 8, 'Berikut yang bukan merupakan kebakaran karena peristiwa alam adalah ...', NULL, NULL, NULL, 'sinar matahari', 'letusan gunung merapi', 'gempa bumi', 'petir', 'pembakaran hutan', 'E', 'Y'),
(461, 8, 'Untuk membuat sebuah garis lingkaran menggunakan alat bantu yaitu…', NULL, NULL, NULL, 'penggaris', 'jangka', 'rapido', 'penggaris siku', 'penggaris segitiga', 'B', 'Y'),
(462, 8, 'Untuk memotong material kayu menggunakan alat bantu yaitu…', NULL, NULL, NULL, 'palu', 'obeng', 'gergaji ', 'tang', 'gunting', 'C', 'Y'),
(463, 8, 'Berikut merupakan salah satu alat yang berfungsi untuk melindungi diri dari bahaya pernafasan adalah …', NULL, NULL, NULL, 'sun glasses / kacamata', 'respirator / masker', 'earplug / pelindung telinga', 'gloves / sarung tangan ', 'helm', 'B', 'Y'),
(464, 8, 'Alat ukur yang digunakan untuk mengukur diameter luar dan dalam suatu pipa adalah dengan menggunakan …', NULL, NULL, NULL, 'mistar / penggaris', 'mikrometer', 'jangka sorong ', 'vernier caliper', 'busur bevel', 'B', 'Y'),
(465, 8, 'Material manakah yang dapat langsung bereaksi dengan oksigen ?', NULL, NULL, NULL, 'tembaga', 'baja', 'timah', 'magnesium', 'aluminium ', 'B', 'Y'),
(466, 8, 'Berikut merupakan bagian dari konstruksi geometris yang berwujud tiga dimensi, kecuali…', NULL, NULL, NULL, 'piramida', 'bola', 'elips', 'torus', 'elipsoid', 'C', 'Y'),
(467, 8, 'Berikut yang merupakan besaran skalar, kecuali…', NULL, NULL, NULL, 'jarak', 'suhu', 'waktu', 'perpindahan', 'kelajuan', 'D', 'Y'),
(468, 8, 'Gaya yang timbul dari efek semu ketika sebuah benda melakukan gerak melingkar dengan arahnya menjauhi pusat putaran tersebut…', NULL, NULL, NULL, 'gaya gravitasi', 'gaya pegas', 'gaya berat', 'gaya sentrifugal', 'gaya sentripetal', 'D', 'Y'),
(469, 9, 'Soal-soal itu harus dikerjakan dengan teliti. Sinonim kata teliti pada kalimat terebut adalah ….', NULL, NULL, NULL, 'Ceroboh', ' Tepat', 'Sigap', 'Cepat', 'Cermat', 'E', 'Y'),
(470, 9, 'Jika Tinggi X Rendah, maka Ibu X...', NULL, NULL, NULL, 'Anak', 'Putri', 'Nenek', 'Kakek', 'Cucu', 'A', 'Y'),
(471, 9, '<p style="text-align:justify">Peter seorang pelajar yang pandai, bahkan ia pernah meraih medali emas tingkat internasional di Bali dalam lomba fisika. Namun, ia tidak sombong dengan kepandaiannya itu. Ia selalu sopan dan baik kepada siapa saja.</p>\r\n\r\n<p style="text-align:justify">Peribahasa yang tepat untuk menggambarkan kehidupan di atas adalah ...</p>\r\n', NULL, NULL, NULL, '<p>Bagai air di atas daun talas.</p>\r\n', '<p>Tak ada gading yang tak retak.</p>\r\n', '<p>Bagai bumi dengan langit.</p>\r\n', '<p>Seperti ilmu padi kian berisi kian runduk.</p>\r\n', '<p>Ringan sama dijinjing, berat sama dipikul.</p>\r\n', 'D', 'Y'),
(472, 9, '<p>Bacalah paragraf berikut dengan saksama!</p>\r\n\r\n<p>Bencana alam sering terjadi di Indonesia. Bencana alam yang sering terjadi adalah tanah longsor, gempa bumi, gunung meletus, dan banjir. Hal ini disebabkan oleh posisi Indonesia yang berada di jalur Cincin Api Pasifik. Indonesia pernah mengalami bencana alam tsunami di Aceh, gempa di Lombok, banjir dan longsor di Sumatera, dan lain sebagainya.</p>\r\n\r\n<p>Gagasan pokok dari paragraf di atas adalah&hellip;.</p>\r\n', NULL, NULL, NULL, '<p>Indonesia mengalami bencana tsunami</p>\r\n', '<p>Posisi Indonesia berada di Cincin Api Pasifik</p>\r\n', '<p>Bencana alam sering terjadi di Indonesia</p>\r\n', '<p>Bencana longsor terjadi di Sumatera</p>\r\n', '<p>Bencana alam yang sering terjadi adalah tanah longsor</p>\r\n', 'C', 'Y'),
(473, 9, '<p style="text-align:justify">Cermatii kutipan cerita berikut!</p>\r\n\r\n<p style="text-align:justify">Ardi dan para relawan bergegas menyiapkan barak untuk para pengungsi. Tenda, tikar, dan lampu penerangan segera dia pasang. Tak lupa dapur umum juga dia siapkan. Obat-obatan, selimut, dan pos kesehatan pun telah didirikannya. Lapangan desa yang siang tadi masih lengang kini telah berubah drastis. Hiruk pikuk para relawan bertambah ramai dengan kedatangan para pengungsi. Mereka telah meninggalkan rumah di lereng gunung. Kesehatan jiwa lebih mereka utamakan.</p>\r\n\r\n<p style="text-align:justify">Latar tempat cerita tersebut adalah&hellip;.</p>\r\n', NULL, NULL, NULL, '<p>pos kesehatan</p>\r\n', '<p>lapangan desa</p>\r\n', '<p>barak pengungsian</p>\r\n', '<p>lereng gunun</p>\r\n', '<p>balai desa</p>\r\n', 'B', 'Y'),
(474, 9, '<p>Cermati poster berikut!</p>\r\n\r\n<p><img alt="" src="/ppdb/assets/kcfinder/upload/files/soal%20ppdb%202023%20bin%20no%204.png" style="height:320px; width:431px" /></p>\r\n\r\n<p>Bagaimana cara untuk menjaga kesehatan mental selama melakukan isolasi mandiri?</p>\r\n', NULL, NULL, NULL, '<p>memprioritaskan pengaturan kegiatan terutama rutinitas primer</p>\r\n', '<p>rutinitas primer dilaksanakan setelah terpenuhi rutinitas skunder</p>\r\n', '<p>mengatur waktu untuk kegiatan rutinitas baik primer maupun sekunder</p>\r\n', '<p>aktivitas utama yang dilakukan sebagai rutinitas adalah tidur dan olahraga</p>\r\n', '<p>memprioritaskan kegiatan primer dan mengesampingkan kegiatan skunder</p>\r\n', 'C', 'Y'),
(475, 9, '<p style="text-align:justify">Cermati kutipan artikel berikut!</p>\r\n\r\n<p style="text-align:justify">Menteri Pendidikan, Kebudayaan, Riset, dan Teknologi (Kemendikbud Ristek), Nadiem Makarim mengungkapkan bahwa sekitar 80 persen orang tua siswa menginginkan pembelajaran tatap muka (PTM) terbatas bagi anak-anaknya. Namun, hingga saat ini baru 55 persen sekolah yang membuka PTM terbatas. Mendikbud mengatakan, untuk mendukung PTM terbatas perlu peran orang tua sebagai garda terdepan dalam menjaga kesehatan dan pendidikan anak-anak. &quot;Orang tua adalah garda depan (pemenuhan) kesehatan dan pendidikan bagi anak-anaknya. Mereka harus berperan aktif agar sekolah disiplin menjalankan protokol kesehatan (prokes),&quot; ucap Nadiem. Nadiem berpesan kepada semua elemen bahwa peraturan mengenai PTM sudah jelas. Jadi orang tua, guru, tenaga pendidik, dan masyarakat lain di sekolah tinggal mengikuti aturan yang berlaku untuk melakukan pembelajaran tatap muka.</p>\r\n\r\n<p style="text-align:justify">Apa maksud orang tua menjadi garda terdepan dalam pembelajaran tatap muka?</p>\r\n', NULL, NULL, NULL, '<p>Orang tua harus berperan aktif supaya sekolah tetap tertib menjalankan protokol kesehatan.</p>\r\n', '<p>Orang tua bertanggung jawab penuh terhadap kemajuan belajar dan kesehatan para siswa.</p>\r\n', '<p>Orang tua wajib mengikuti aturan yang berlaku untuk mendukung pembelajaran tatap muka.</p>\r\n', '<p>Orang tua sudah sewajarnya menjadi ujung tombak pendamping kegiatan bagi anak- anaknya.</p>\r\n', '<p>Orang tua menjadi guru pengganti untuk anak-anaknya selama pandemi</p>\r\n', 'A', 'Y'),
(476, 9, '<p>Dokter melakukan &hellip; setelah mencermati hasil rontgen tulang belakang Andi.</p>\r\n\r\n<p>Kata yang tepat untuk melengkapi kalimat tersebut adalah &hellip;.</p>\r\n', NULL, NULL, NULL, '<p>Transfusi</p>\r\n', '<p>Diagnosis</p>\r\n', '<p>Injeksi</p>\r\n', '<p>Terapi</p>\r\n', '<p>Evaluasi</p>\r\n', 'B', 'Y'),
(477, 9, '<p style="text-align:justify">Cermati berita berikut!</p>\r\n\r\n<p style="text-align:justify">Berita tentang peristiwa kematian Sofia, seorang gadis kecil berusia 7 tahun tak ayal membuat masyarakat Indonesia geram. Gadis kecil lucu tersebut tewas di tangan ibu angkatnya sendiri dan dikubur di halaman belakang rumah, tepat di bawah kandang kelinci peliharaan keluarga. Sofia memang hanyalah anak angkat dari keluarga Stefanus. Ia kerapkali diperlakukan layaknya seorang budak di rumah tersebut.</p>\r\n\r\n<p style="text-align:justify">Berita tersebut berisikan tentang...</p>\r\n', NULL, NULL, NULL, '<p>kasus penganiayaan orang tua kandung terhadap anak</p>\r\n', '<p>kekerasan orang tua oleh anak kandung</p>\r\n', '<p>peristiwa pembunuhan seorang anak oleh ibu angkatnya sendiri</p>\r\n', '<p>perlakuan layaknya budak oleh ibu angkat</p>\r\n', '<p>peristiwa kematian seorang anak</p>\r\n', 'C', 'Y'),
(478, 9, '<p>&ldquo;Nada, minggu depan kita harus pindah ke Jogjakarta. Ayah dipindahtugaskan di sana.&rdquo; Bagaikan petir di siang bolong menyambar Nada yang seketika itu langsung diam mematung.</p>\r\n\r\n<p>Makna simbol petir di siang bolong pada kutipan cerpen tersebut adalah&hellip;.</p>\r\n', NULL, NULL, NULL, '<p>merasa sedih&nbsp;&nbsp;&nbsp;&nbsp;&nbsp;&nbsp;</p>\r\n', '<p>merasa heran</p>\r\n', '<p>merasa bingung</p>\r\n', '<p>sangat terkejut</p>\r\n', '<p>merasa takut</p>\r\n', 'D', 'Y'),
(479, 9, '<p style="text-align:justify">Hi, good morning&hellip;</p>\r\n\r\n<p style="text-align:justify">My name is Evander Steward. You can call me Evan. I was born in Glasgow on February 1st 2001. I am currently studying a first-year graduate student at The School of Simulation and Visualisation at The Glasgow School of Art.</p>\r\n\r\n<p style="text-align:justify">I love music. Usually, I spend my time after school to create a song about my journey or enjoy food at the local restaurant. My favourite day is weekend! Because I&#39;m free to do what I please and going out with my friends. Normally I spend my weekend along the side of the River Kelvin at the Kelvingrove Park just to have a leisurely stroll, or sit down for enjoying view.</p>\r\n\r\n<p style="text-align:justify">Source:&nbsp;<a href="https://www.ef.co.id/englishfirst/kids/blog/10-contoh-introducing-myself-dalam-bahasa-inggris/">https://www.ef.co.id/englishfirst/kids/blog/10-contoh-introducing-myself-dalam-bahasa-inggris/</a></p>\r\n\r\n<p style="text-align:justify">What is the text about?</p>\r\n', NULL, NULL, NULL, '<p>The Glasgow School of Art</p>\r\n', '<p>Spending weekend</p>\r\n', '<p>Evander Steward</p>\r\n', '<p>The Local Restaurant</p>\r\n', '<p>Kelvingrove Park</p>\r\n', 'C', 'Y'),
(480, 9, '<p style="text-align:justify">Hi, good morning&hellip;</p>\r\n\r\n<p style="text-align:justify">My name is Evander Steward. You can call me Evan. I was born in Glasgow on February 1st 2001. I am currently studying a first-year graduate student at The School of Simulation and Visualisation at The Glasgow School of Art.</p>\r\n\r\n<p style="text-align:justify">I love music. Usually, I spend my time after school to create a song about my journey or enjoy food at the local restaurant. My favourite day is weekend! Because I&#39;m free to do what I please and going out with my friends. Normally I spend my weekend along the side of the River Kelvin at the Kelvingrove Park just to have a leisurely stroll, or sit down for enjoying view.</p>\r\n\r\n<p style="text-align:justify">Source:&nbsp;<a href="https://www.ef.co.id/englishfirst/kids/blog/10-contoh-introducing-myself-dalam-bahasa-inggris/">https://www.ef.co.id/englishfirst/kids/blog/10-contoh-introducing-myself-dalam-bahasa-inggris/</a></p>\r\n\r\n<p style="text-align:justify">What does paragraph two talk about?</p>\r\n', NULL, NULL, NULL, '<p>The writer&rsquo;s favourite</p>\r\n', '<p>Evan&rsquo;s song writing</p>\r\n', '<p>Evan&rsquo;s favourite day</p>\r\n', '<p>The Local Restaurant</p>\r\n', '<p>Kelvingrove Park</p>\r\n', 'A', 'Y'),
(481, 9, '<p style="text-align:justify">Hi, good morning&hellip;</p>\r\n\r\n<p style="text-align:justify">My name is Evander Steward. You can call me Evan. I was born in Glasgow on February 1st 2001. I am currently studying a first-year graduate student at The School of Simulation and Visualisation at The Glasgow School of Art.</p>\r\n\r\n<p style="text-align:justify">I love music. Usually, I spend my time after school to create a song about my journey or enjoy food at the local restaurant. My favourite day is weekend! Because I&#39;m free to do what I please and going out with my friends. Normally I spend my weekend along the side of the River Kelvin at the Kelvingrove Park just to have a leisurely stroll, or sit down for enjoying view.</p>\r\n\r\n<p style="text-align:justify">Source:&nbsp;<a href="https://www.ef.co.id/englishfirst/kids/blog/10-contoh-introducing-myself-dalam-bahasa-inggris/">https://www.ef.co.id/englishfirst/kids/blog/10-contoh-introducing-myself-dalam-bahasa-inggris/</a></p>\r\n\r\n<p style="text-align:justify">&ldquo;&hellip; to have a leisurely stroll, or sit down for enjoying view.&rdquo; The similar word to word &ldquo;stroll&rdquo; is &hellip;</p>\r\n', NULL, NULL, NULL, '<p>walk</p>\r\n', '<p>sit</p>\r\n', '<p>sleep</p>\r\n', '<p>stand</p>\r\n', '<p>run</p>\r\n', 'A', 'Y'),
(482, 9, '<p style="text-align:justify"><strong>Suramadu Bridge</strong></p>\r\n\r\n<p style="text-align:justify">The Suramadu Bridge (Indonesian: Jembatan Suramadu), also known as the Surabaya&ndash;Madura Bridge, is a bridge with three cable-stayed sections constructed between Surabaya on the island of Java and the town of Bangkalan on the island of Madura in Indonesia. Opened on June 10, 2009, the 5.4-km bridge is the longest in Indonesia and the first bridge to cross the Madura Strait.</p>\r\n\r\n<p style="text-align:justify">The cable-stayed portion has three spans with lengths 192 m, 434 m and 192 m. The bridge has two lanes in each direction plus an emergency lane and a dedicated lane for motorcycles. The first toll bridge in Indonesia, fares have been initially set at Rp. 30,000 (US$3 in 2009) for four-wheeled vehicles and Rp. 3,000 (US$0.30) for two-wheelers.</p>\r\n\r\n<p style="text-align:justify">The bridge was built by a consortium of Indonesian companies PT Adhi Karya and PT Waskita Karya working with China Road and Bridge Corp. and China Harbor Engineering Co. Ltd. The total cost of the project, including connecting roads, has been estimated at 4.5 trillion rupiah (US$445 million).</p>\r\n\r\n<p style="text-align:justify">Construction was started on August 20, 2003. In July 2004, a girder collapsed, killing one worker and injuring nine others. Work on the bridge halted at the end of 2004 due to lack of funds, but was restarted in November 2005. The main span of the bridge was connected on March 31, 2009, and the bridge was opened to the public in June 10, 2009.Within a week of the opening, it was discovered that nuts and bolts as well as maintenance lamps had been stolen and that there was evidence of vandalism of cables supporting the main span.</p>\r\n\r\n<p style="text-align:justify">Suramadu&rsquo;s bridge also known as&hellip;.</p>\r\n', NULL, NULL, NULL, '<p>Longest bridge</p>\r\n', '<p>sura and madu</p>\r\n', '<p>Surabaya-Madura bridge</p>\r\n', '<p>toll bridge</p>\r\n', '<p>overpass</p>\r\n', 'C', 'Y'),
(483, 9, '<p style="text-align:justify"><strong>Suramadu Bridge</strong></p>\r\n\r\n<p style="text-align:justify">The Suramadu Bridge (Indonesian: Jembatan Suramadu), also known as the Surabaya&ndash;Madura Bridge, is a bridge with three cable-stayed sections constructed between Surabaya on the island of Java and the town of Bangkalan on the island of Madura in Indonesia. Opened on June 10, 2009, the 5.4-km bridge is the longest in Indonesia and the first bridge to cross the Madura Strait.</p>\r\n\r\n<p style="text-align:justify">The cable-stayed portion has three spans with lengths 192 m, 434 m and 192 m. The bridge has two lanes in each direction plus an emergency lane and a dedicated lane for motorcycles. The first toll bridge in Indonesia, fares have been initially set at Rp. 30,000 (US$3 in 2009) for four-wheeled vehicles and Rp. 3,000 (US$0.30) for two-wheelers.</p>\r\n\r\n<p style="text-align:justify">The bridge was built by a consortium of Indonesian companies PT Adhi Karya and PT Waskita Karya working with China Road and Bridge Corp. and China Harbor Engineering Co. Ltd. The total cost of the project, including connecting roads, has been estimated at 4.5 trillion rupiah (US$445 million).</p>\r\n\r\n<p style="text-align:justify">Construction was started on August 20, 2003. In July 2004, a girder collapsed, killing one worker and injuring nine others. Work on the bridge halted at the end of 2004 due to lack of funds, but was restarted in November 2005. The main span of the bridge was connected on March 31, 2009, and the bridge was opened to the public in June 10, 2009.Within a week of the opening, it was discovered that nuts and bolts as well as maintenance lamps had been stolen and that there was evidence of vandalism of cables supporting the main span.</p>\r\n\r\n<p style="text-align:justify">Suramadu&rsquo;s bridge connects the island&hellip;.</p>\r\n', NULL, NULL, NULL, '<p>Java and Sumatra</p>\r\n', '<p>Java and Bali</p>\r\n', '<p>Sumatra and Kalimantan</p>\r\n', '<p>Java and Madura</p>\r\n', '<p>Surabaya and Bali</p>\r\n', 'D', 'Y'),
(484, 9, '<p style="text-align:justify"><strong>Suramadu Bridge</strong></p>\r\n\r\n<p style="text-align:justify">The Suramadu Bridge (Indonesian: Jembatan Suramadu), also known as the Surabaya&ndash;Madura Bridge, is a bridge with three cable-stayed sections constructed between Surabaya on the island of Java and the town of Bangkalan on the island of Madura in Indonesia. Opened on June 10, 2009, the 5.4-km bridge is the longest in Indonesia and the first bridge to cross the Madura Strait.</p>\r\n\r\n<p style="text-align:justify">The cable-stayed portion has three spans with lengths 192 m, 434 m and 192 m. The bridge has two lanes in each direction plus an emergency lane and a dedicated lane for motorcycles. The first toll bridge in Indonesia, fares have been initially set at Rp. 30,000 (US$3 in 2009) for four-wheeled vehicles and Rp. 3,000 (US$0.30) for two-wheelers.</p>\r\n\r\n<p style="text-align:justify">The bridge was built by a consortium of Indonesian companies PT Adhi Karya and PT Waskita Karya working with China Road and Bridge Corp. and China Harbor Engineering Co. Ltd. The total cost of the project, including connecting roads, has been estimated at 4.5 trillion rupiah (US$445 million).</p>\r\n\r\n<p style="text-align:justify">Construction was started on August 20, 2003. In July 2004, a girder collapsed, killing one worker and injuring nine others. Work on the bridge halted at the end of 2004 due to lack of funds, but was restarted in November 2005. The main span of the bridge was connected on March 31, 2009, and the bridge was opened to the public in June 10, 2009.Within a week of the opening, it was discovered that nuts and bolts as well as maintenance lamps had been stolen and that there was evidence of vandalism of cables supporting the main span.</p>\r\n\r\n<p style="text-align:justify">&ldquo;&hellip; it was discovered that nuts and bolts &hellip;&rdquo; The word &ldquo;it&rdquo; refers to &hellip;</p>\r\n', NULL, NULL, NULL, '<p>The bridge</p>\r\n', '<p>The workers</p>\r\n', '<p>Nuts and Bolts</p>\r\n', '<p>The Companies</p>\r\n', '<p>Cost of The Project</p>\r\n', 'A', 'Y'),
(485, 9, '<p style="text-align:center"><strong>How to Install Printer Software to Your Computer</strong></p>\r\n\r\n<p style="text-align:justify">In order to make your computer detect the printer, you must first install the software from the CD provided inside the box. You need to open the box and get the CD, after that follow these following instructions to successfully install the software.</p>\r\n\r\n<p style="text-align:justify">You need:</p>\r\n\r\n<ol>\r\n	<li style="text-align: justify;">CPU&nbsp;&nbsp;&nbsp;&nbsp;&nbsp;&nbsp;&nbsp;&nbsp;&nbsp;&nbsp;&nbsp;&nbsp;&nbsp;&nbsp;&nbsp;&nbsp;&nbsp;&nbsp;&nbsp;&nbsp;&nbsp;&nbsp;&nbsp;&nbsp;&nbsp;&nbsp;&nbsp;&nbsp;&nbsp;&nbsp;&nbsp;&nbsp;&nbsp;&nbsp;&nbsp;&nbsp;&nbsp;&nbsp;&nbsp;&nbsp;&nbsp;&nbsp;&nbsp;&nbsp;&nbsp;&nbsp;&nbsp;&nbsp;&nbsp;&nbsp;&nbsp;&nbsp;&nbsp;&nbsp;&nbsp;&nbsp;&nbsp; 4. Mouse</li>\r\n	<li style="text-align: justify;">Monitor&nbsp;&nbsp;&nbsp;&nbsp;&nbsp;&nbsp;&nbsp;&nbsp;&nbsp;&nbsp;&nbsp;&nbsp;&nbsp;&nbsp;&nbsp;&nbsp;&nbsp;&nbsp;&nbsp;&nbsp;&nbsp;&nbsp;&nbsp;&nbsp;&nbsp;&nbsp;&nbsp;&nbsp;&nbsp;&nbsp;&nbsp;&nbsp;&nbsp;&nbsp;&nbsp;&nbsp;&nbsp;&nbsp;&nbsp;&nbsp;&nbsp;&nbsp;&nbsp;&nbsp;&nbsp;&nbsp;&nbsp;&nbsp;&nbsp;&nbsp;&nbsp; 5. Printer</li>\r\n	<li style="text-align: justify;">Keyboard&nbsp;&nbsp;&nbsp;&nbsp;&nbsp;&nbsp;&nbsp;&nbsp;&nbsp;&nbsp;&nbsp;&nbsp;&nbsp;&nbsp;&nbsp;&nbsp;&nbsp;&nbsp;&nbsp;&nbsp;&nbsp;&nbsp;&nbsp;&nbsp;&nbsp;&nbsp;&nbsp;&nbsp;&nbsp;&nbsp;&nbsp;&nbsp;&nbsp;&nbsp;&nbsp;&nbsp;&nbsp;&nbsp;&nbsp;&nbsp;&nbsp;&nbsp;&nbsp;&nbsp;&nbsp;&nbsp;&nbsp;&nbsp;&nbsp; 6. CD Printer Software</li>\r\n</ol>\r\n\r\n<p style="text-align:justify">Here are the steps to&nbsp;<strong>install printer software to your computer:</strong></p>\r\n\r\n<ol>\r\n	<li style="text-align: justify;">Insert the CD into the CD Room on your computer.</li>\r\n	<li style="text-align: justify;">Wait until the CD Room finish reading the CD</li>\r\n	<li style="text-align: justify;">A dialogue box will pop out on your computer screen, giving you an option to install the software, choose &ldquo;Yes&rdquo; to continue with the installation process.</li>\r\n	<li style="text-align: justify;">Next, the dialogue box will let you to choose your &ldquo;Country Region&rdquo;, choose &ldquo;Asia&rdquo; if you live within Asia continent. Then click &ldquo;Next&rdquo; button.</li>\r\n	<li style="text-align: justify;">After that, choose your country, then click &ldquo;Next&rdquo; button.</li>\r\n	<li style="text-align: justify;">Next, the dialogue box will let you to choose type of installation, the best is to choose &ldquo;Easy Install&rdquo; option, but if you are an expert, you can also choose &ldquo;Custom Install&rdquo; option.</li>\r\n	<li style="text-align: justify;">After that click &ldquo;Install&rdquo; button, wait for about 10 minutes.</li>\r\n	<li style="text-align: justify;">During the installation process is running, plug the power cable into the electricity socket, and then turn on the printer by pressing the power button (if your printer is Canon Pixma iP2770 there are two buttons on your printer and the power button is the one on top.)</li>\r\n	<li style="text-align: justify;">At the end of the installation process, (make sure the printer is on) we need to plug the printer USB cable into the USB socket on your computer so the software will be able to synchronize with the device.</li>\r\n	<li style="text-align: justify;">Installation process is complete and your printer is ready to use.</li>\r\n</ol>\r\n\r\n<p style="text-align:justify">What does the text tell about?</p>\r\n', NULL, NULL, NULL, '<p>Installing Mouse</p>\r\n', '<p>Inserting CD</p>\r\n', '<p>Using Printer</p>\r\n', '<p>Installing Printer</p>\r\n', '<p>Inserting USB device</p>\r\n', 'D', 'Y'),
(486, 9, '<p style="text-align:center"><strong>How to Install Printer Software to Your Computer</strong></p>\r\n\r\n<p>In order to make your computer detect the printer, you must first install the software from the CD provided inside the box. You need to open the box and get the CD, after that follow these following instructions to successfully install the software.</p>\r\n\r\n<p>You need:</p>\r\n\r\n<ol>\r\n	<li>CPU&nbsp;&nbsp;&nbsp;&nbsp;&nbsp;&nbsp;&nbsp;&nbsp;&nbsp;&nbsp;&nbsp;&nbsp;&nbsp;&nbsp;&nbsp;&nbsp;&nbsp;&nbsp;&nbsp;&nbsp;&nbsp;&nbsp;&nbsp;&nbsp;&nbsp;&nbsp;&nbsp;&nbsp;&nbsp;&nbsp;&nbsp;&nbsp;&nbsp;&nbsp;&nbsp;&nbsp;&nbsp;&nbsp;&nbsp;&nbsp;&nbsp;&nbsp;&nbsp;&nbsp;&nbsp;&nbsp;&nbsp;&nbsp;&nbsp;&nbsp;&nbsp;&nbsp;&nbsp;&nbsp;&nbsp;&nbsp;&nbsp; 4. Mouse</li>\r\n	<li>Monitor&nbsp;&nbsp;&nbsp;&nbsp;&nbsp;&nbsp;&nbsp;&nbsp;&nbsp;&nbsp;&nbsp;&nbsp;&nbsp;&nbsp;&nbsp;&nbsp;&nbsp;&nbsp;&nbsp;&nbsp;&nbsp;&nbsp;&nbsp;&nbsp;&nbsp;&nbsp;&nbsp;&nbsp;&nbsp;&nbsp;&nbsp;&nbsp;&nbsp;&nbsp;&nbsp;&nbsp;&nbsp;&nbsp;&nbsp;&nbsp;&nbsp;&nbsp;&nbsp;&nbsp;&nbsp;&nbsp;&nbsp;&nbsp;&nbsp;&nbsp;&nbsp; 5. Printer</li>\r\n	<li>Keyboard&nbsp;&nbsp;&nbsp;&nbsp;&nbsp;&nbsp;&nbsp;&nbsp;&nbsp;&nbsp;&nbsp;&nbsp;&nbsp;&nbsp;&nbsp;&nbsp;&nbsp;&nbsp;&nbsp;&nbsp;&nbsp;&nbsp;&nbsp;&nbsp;&nbsp;&nbsp;&nbsp;&nbsp;&nbsp;&nbsp;&nbsp;&nbsp;&nbsp;&nbsp;&nbsp;&nbsp;&nbsp;&nbsp;&nbsp;&nbsp;&nbsp;&nbsp;&nbsp;&nbsp;&nbsp;&nbsp;&nbsp;&nbsp;&nbsp; 6. CD Printer Software</li>\r\n</ol>\r\n\r\n<p>Here are the steps to&nbsp;<strong>install printer software to your computer:</strong></p>\r\n\r\n<ol>\r\n	<li>Insert the CD into the CD Room on your computer.</li>\r\n	<li>Wait until the CD Room finish reading the CD</li>\r\n	<li>A dialogue box will pop out on your computer screen, giving you an option to install the software, choose &ldquo;Yes&rdquo; to continue with the installation process.</li>\r\n	<li>Next, the dialogue box will let you to choose your &ldquo;Country Region&rdquo;, choose &ldquo;Asia&rdquo; if you live within Asia continent. Then click &ldquo;Next&rdquo; button.</li>\r\n	<li>After that, choose your country, then click &ldquo;Next&rdquo; button.</li>\r\n	<li>Next, the dialogue box will let you to choose type of installation, the best is to choose &ldquo;Easy Install&rdquo; option, but if you are an expert, you can also choose &ldquo;Custom Install&rdquo; option.</li>\r\n	<li>After that click &ldquo;Install&rdquo; button, wait for about 10 minutes.</li>\r\n	<li>During the installation process is running, plug the power cable into the electricity socket, and then turn on the printer by pressing the power button (if your printer is Canon Pixma iP2770 there are two buttons on your printer and the power button is the one on top.)</li>\r\n	<li>At the end of the installation process, (make sure the printer is on) we need to plug the printer USB cable into the USB socket on your computer so the software will be able to synchronize with the device.</li>\r\n	<li>Installation process is complete and your printer is ready to use.</li>\r\n</ol>\r\n\r\n<p>What is the next step after choosing country region for the installation?</p>\r\n', NULL, NULL, NULL, '<p>Connect the USB cable into the PC.</p>\r\n', '<p>Insert CD installation</p>\r\n', '<p>Turn on the printer</p>\r\n', '<p>Choose the installation type.</p>\r\n', '<p>Turn on the PC</p>\r\n', 'D', 'Y'),
(487, 9, '<p style="text-align:center"><strong>How to Install Printer Software to Your Computer</strong></p>\r\n\r\n<p style="text-align:justify">In order to make your computer detect the printer, you must first install the software from the CD provided inside the box. You need to open the box and get the CD, after that follow these following instructions to successfully install the software.</p>\r\n\r\n<p style="text-align:justify">You need:</p>\r\n\r\n<ol>\r\n	<li style="text-align: justify;">CPU&nbsp;&nbsp;&nbsp;&nbsp;&nbsp;&nbsp;&nbsp;&nbsp;&nbsp;&nbsp;&nbsp;&nbsp;&nbsp;&nbsp;&nbsp;&nbsp;&nbsp;&nbsp;&nbsp;&nbsp;&nbsp;&nbsp;&nbsp;&nbsp;&nbsp;&nbsp;&nbsp;&nbsp;&nbsp;&nbsp;&nbsp;&nbsp;&nbsp;&nbsp;&nbsp;&nbsp;&nbsp;&nbsp;&nbsp;&nbsp;&nbsp;&nbsp;&nbsp;&nbsp;&nbsp;&nbsp;&nbsp;&nbsp;&nbsp;&nbsp;&nbsp;&nbsp;&nbsp;&nbsp;&nbsp;&nbsp;&nbsp; 4. Mouse</li>\r\n	<li style="text-align: justify;">Monitor&nbsp;&nbsp;&nbsp;&nbsp;&nbsp;&nbsp;&nbsp;&nbsp;&nbsp;&nbsp;&nbsp;&nbsp;&nbsp;&nbsp;&nbsp;&nbsp;&nbsp;&nbsp;&nbsp;&nbsp;&nbsp;&nbsp;&nbsp;&nbsp;&nbsp;&nbsp;&nbsp;&nbsp;&nbsp;&nbsp;&nbsp;&nbsp;&nbsp;&nbsp;&nbsp;&nbsp;&nbsp;&nbsp;&nbsp;&nbsp;&nbsp;&nbsp;&nbsp;&nbsp;&nbsp;&nbsp;&nbsp;&nbsp;&nbsp;&nbsp;&nbsp; 5. Printer</li>\r\n	<li style="text-align: justify;">Keyboard&nbsp;&nbsp;&nbsp;&nbsp;&nbsp;&nbsp;&nbsp;&nbsp;&nbsp;&nbsp;&nbsp;&nbsp;&nbsp;&nbsp;&nbsp;&nbsp;&nbsp;&nbsp;&nbsp;&nbsp;&nbsp;&nbsp;&nbsp;&nbsp;&nbsp;&nbsp;&nbsp;&nbsp;&nbsp;&nbsp;&nbsp;&nbsp;&nbsp;&nbsp;&nbsp;&nbsp;&nbsp;&nbsp;&nbsp;&nbsp;&nbsp;&nbsp;&nbsp;&nbsp;&nbsp;&nbsp;&nbsp;&nbsp;&nbsp; 6. CD Printer Software</li>\r\n</ol>\r\n\r\n<p style="text-align:justify">Here are the steps to&nbsp;<strong>install printer software to your computer:</strong></p>\r\n\r\n<ol>\r\n	<li style="text-align: justify;">Insert the CD into the CD Room on your computer.</li>\r\n	<li style="text-align: justify;">Wait until the CD Room finish reading the CD</li>\r\n	<li style="text-align: justify;">A dialogue box will pop out on your computer screen, giving you an option to install the software, choose &ldquo;Yes&rdquo; to continue with the installation process.</li>\r\n	<li style="text-align: justify;">Next, the dialogue box will let you to choose your &ldquo;Country Region&rdquo;, choose &ldquo;Asia&rdquo; if you live within Asia continent. Then click &ldquo;Next&rdquo; button.</li>\r\n	<li style="text-align: justify;">After that, choose your country, then click &ldquo;Next&rdquo; button.</li>\r\n	<li style="text-align: justify;">Next, the dialogue box will let you to choose type of installation, the best is to choose &ldquo;Easy Install&rdquo; option, but if you are an expert, you can also choose &ldquo;Custom Install&rdquo; option.</li>\r\n	<li style="text-align: justify;">After that click &ldquo;Install&rdquo; button, wait for about 10 minutes.</li>\r\n	<li style="text-align: justify;">During the installation process is running, plug the power cable into the electricity socket, and then turn on the printer by pressing the power button (if your printer is Canon Pixma iP2770 there are two buttons on your printer and the power button is the one on top.)</li>\r\n	<li style="text-align: justify;">At the end of the installation process, (make sure the printer is on) we need to plug the printer USB cable into the USB socket on your computer so the software will be able to synchronize with the device.</li>\r\n	<li style="text-align: justify;">Installation process is complete and your printer is ready to use.</li>\r\n</ol>\r\n\r\n<p style="text-align:justify">Word &ldquo;you&rdquo; in the text refers to &hellip;</p>\r\n', NULL, NULL, NULL, '<p>The printer company</p>\r\n', '<p>The writer</p>\r\n', '<p>The dialogue</p>\r\n', '<p>The reader</p>\r\n', '<p>The computer</p>\r\n', 'D', 'Y'),
(488, 9, '<p style="text-align:center"><strong>How to Install Printer Software to Your Computer</strong></p>\r\n\r\n<p style="text-align:justify">In order to make your computer detect the printer, you must first install the software from the CD provided inside the box. You need to open the box and get the CD, after that follow these following instructions to successfully install the software.</p>\r\n\r\n<p style="text-align:justify">You need:</p>\r\n\r\n<ol>\r\n	<li style="text-align: justify;">CPU&nbsp;&nbsp;&nbsp;&nbsp;&nbsp;&nbsp;&nbsp;&nbsp;&nbsp;&nbsp;&nbsp;&nbsp;&nbsp;&nbsp;&nbsp;&nbsp;&nbsp;&nbsp;&nbsp;&nbsp;&nbsp;&nbsp;&nbsp;&nbsp;&nbsp;&nbsp;&nbsp;&nbsp;&nbsp;&nbsp;&nbsp;&nbsp;&nbsp;&nbsp;&nbsp;&nbsp;&nbsp;&nbsp;&nbsp;&nbsp;&nbsp;&nbsp;&nbsp;&nbsp;&nbsp;&nbsp;&nbsp;&nbsp;&nbsp;&nbsp;&nbsp;&nbsp;&nbsp;&nbsp;&nbsp;&nbsp;&nbsp; 4. Mouse</li>\r\n	<li style="text-align: justify;">Monitor&nbsp;&nbsp;&nbsp;&nbsp;&nbsp;&nbsp;&nbsp;&nbsp;&nbsp;&nbsp;&nbsp;&nbsp;&nbsp;&nbsp;&nbsp;&nbsp;&nbsp;&nbsp;&nbsp;&nbsp;&nbsp;&nbsp;&nbsp;&nbsp;&nbsp;&nbsp;&nbsp;&nbsp;&nbsp;&nbsp;&nbsp;&nbsp;&nbsp;&nbsp;&nbsp;&nbsp;&nbsp;&nbsp;&nbsp;&nbsp;&nbsp;&nbsp;&nbsp;&nbsp;&nbsp;&nbsp;&nbsp;&nbsp;&nbsp;&nbsp;&nbsp; 5. Printer</li>\r\n	<li style="text-align: justify;">Keyboard&nbsp;&nbsp;&nbsp;&nbsp;&nbsp;&nbsp;&nbsp;&nbsp;&nbsp;&nbsp;&nbsp;&nbsp;&nbsp;&nbsp;&nbsp;&nbsp;&nbsp;&nbsp;&nbsp;&nbsp;&nbsp;&nbsp;&nbsp;&nbsp;&nbsp;&nbsp;&nbsp;&nbsp;&nbsp;&nbsp;&nbsp;&nbsp;&nbsp;&nbsp;&nbsp;&nbsp;&nbsp;&nbsp;&nbsp;&nbsp;&nbsp;&nbsp;&nbsp;&nbsp;&nbsp;&nbsp;&nbsp;&nbsp;&nbsp; 6. CD Printer Software</li>\r\n</ol>\r\n\r\n<p style="text-align:justify">Here are the steps to&nbsp;<strong>install printer software to your computer:</strong></p>\r\n\r\n<ol>\r\n	<li style="text-align: justify;">Insert the CD into the CD Room on your computer.</li>\r\n	<li style="text-align: justify;">Wait until the CD Room finish reading the CD</li>\r\n	<li style="text-align: justify;">A dialogue box will pop out on your computer screen, giving you an option to install the software, choose &ldquo;Yes&rdquo; to continue with the installation process.</li>\r\n	<li style="text-align: justify;">Next, the dialogue box will let you to choose your &ldquo;Country Region&rdquo;, choose &ldquo;Asia&rdquo; if you live within Asia continent. Then click &ldquo;Next&rdquo; button.</li>\r\n	<li style="text-align: justify;">After that, choose your country, then click &ldquo;Next&rdquo; button.</li>\r\n	<li style="text-align: justify;">Next, the dialogue box will let you to choose type of installation, the best is to choose &ldquo;Easy Install&rdquo; option, but if you are an expert, you can also choose &ldquo;Custom Install&rdquo; option.</li>\r\n	<li style="text-align: justify;">After that click &ldquo;Install&rdquo; button, wait for about 10 minutes.</li>\r\n	<li style="text-align: justify;">During the installation process is running, plug the power cable into the electricity socket, and then turn on the printer by pressing the power button (if your printer is Canon Pixma iP2770 there are two buttons on your printer and the power button is the one on top.)</li>\r\n	<li style="text-align: justify;">At the end of the installation process, (make sure the printer is on) we need to plug the printer USB cable into the USB socket on your computer so the software will be able to synchronize with the device.</li>\r\n	<li style="text-align: justify;">Installation process is complete and your printer is ready to use.</li>\r\n</ol>\r\n\r\n<p style="text-align:justify">The synonym of word &ldquo;choose&rdquo; in the text is &hellip;</p>\r\n', NULL, NULL, NULL, '<p>abandon</p>\r\n', '<p>ignore</p>\r\n', '<p>select</p>\r\n', '<p>complete</p>\r\n', '<p>press</p>\r\n', 'C', 'Y'),
(489, 9, 'Dua angka berikutnya dari barisan 1, 3, 4, -1, 7, - 5, …, …', NULL, NULL, NULL, '11, -10', '10, -9', ' 11, -8', '8, -6', '6, -8', 'B', 'Y'),
(490, 9, 'Jika hari kemarin adalah Selasa, maka sepuluh hari kedepan adalah hari . . ', NULL, NULL, NULL, 'Sabtu', ' Minggu', ' Jum''at', 'Kamis', 'Selasa', 'A', 'Y'),
(491, 9, 'Seorang anak berjalan 3 langkah kedepan dari tempat dia berdiri, kemudian melangkah kebelakang sejauh 10 langkah. Berapa jarak dia saat ini dari awal mula berdiri?', NULL, NULL, NULL, '3 langkah', ' 5 langkah', '7 langkah', '9 langkah', ' 10 langkah', 'C', 'Y'),
(492, 9, 'Sebuah baju dijual toko dengan harga Rp. 110.000,00., khusus pada hari ini baju tersebut berdiskon 10%. Berapa harga jual baju tersebut hari ini?', NULL, NULL, NULL, ' Rp. 111.000', 'Rp. 109.000', 'Rp. 100.000', 'Rp. 99.000', 'Rp. 95.000', 'D', 'Y'),
(493, 9, 'Sebuah bangunan dikerjakan sebanyak 6 orang dan dapat diselesaikan selama 12 hari. Jika pemilik bangunan ingin menyelesaikan dalam 8 hari, berapa orang yang dibutuhkan?', NULL, NULL, NULL, '8 orang', '10 orang', '12 orang', ' 14 orang', ' 16 orang', 'C', 'Y'),
(494, 9, 'Bustomi sudah sampai sekolah tepat pada pukul 07.12 WIB, padahal dia baru keluar dari rumah pada pukul 06.36 WIB. Berapa lama perjalanan dari rumahnya ke sekolah?', NULL, NULL, NULL, ' 28 menit', '30 menit', '32 menit', '34 menit', '36 menit', 'E', 'Y'),
(495, 9, 'Sebuah bangunan mempunyai luas 60 meter persegi. Jika salah satu panjangnya adalah 5 meter maka keliling bangunan tersebut adalah . . . Meter', NULL, NULL, NULL, '12', '17', '24', '29', '34', 'E', 'Y'),
(496, 9, '2, 2, 3, 3, 4, 6, 4, 6, …', NULL, NULL, NULL, '7', '8', '9', '10', '11', 'C', 'Y'),
(497, 9, '5 - 2 x 10 + 5 = . . .', NULL, NULL, NULL, '-10', '-5', '0', '25', '35', 'A', 'Y'),
(498, 9, 'Hasil perkalian (2/3)2 x (3/4)2 adalah . . . . ', NULL, NULL, NULL, 'A.    1/3', 'B.     1/4', '3', '6', '9', 'B', 'Y'),
(499, 9, 'Hasil dari 0,15 + 2,25 + 0,123 adalah...', NULL, NULL, NULL, '2523', '25,23', '252,3', '2523', '0,2523', 'A', 'Y'),
(500, 9, 'Hasil dari 45,05 – 32,9 adalah...', NULL, NULL, NULL, '18,5', '15,15', '12,15', '10,5', '15,15', 'C', 'Y'),
(501, 9, 'Hasil dari 0,24 x 3,4', NULL, NULL, NULL, '0,812', '0,813', '0,816', '0,824', '0,810', 'C', 'Y'),
(502, 9, 'hasil perkalian antara 0,2 x 0,3', NULL, NULL, NULL, '0,5', '0,6', '0,06', '0,07', '0,02', 'C', 'Y'),
(503, 9, 'hasil dari 3,45 : 0,23', NULL, NULL, NULL, '12', '13', '14', '15', '11', 'D', 'Y'),
(504, 9, 'Andri membeli kertas warna sebanyak 124 buah. Lalu dia memotong menjadi kecil dan 0,25 kertas kecil dibagikan ke adik-adiknya. berapa banyak kertas kecil yang didapat adik-adik Andri?', NULL, NULL, NULL, '400', '500', '600', '700', '900', 'B', 'Y'),
(505, 9, 'Laila Memiliki 3 buah kue tar yang sangat besar lalu dibagikan 0,15 kue tersebut ke adik-adiknya. Berapa bagian yang didapat adik-adik Laila?', NULL, NULL, NULL, '10', '20', '30', '40', '50', 'B', 'Y');
INSERT INTO `d_soal_ujian_objektif` (`id`, `ujian_id`, `soal`, `soal_gambar`, `soal_audio`, `soal_video`, `pilihan_a`, `pilihan_b`, `pilihan_c`, `pilihan_d`, `pilihan_e`, `jawaban`, `aktif`) VALUES
(506, 9, 'Kunci / engkol berfungsi untuk', NULL, NULL, NULL, 'Melepas mur dan baut', 'Memasang mur dan baut', 'memotong mur dan baut', 'menyambung mur dan baut', 'Melepas dan memasang mur dan baut', 'E', 'Y'),
(507, 9, 'Berikut ini yang bukan bagian dari kunci kunci adalah', NULL, NULL, NULL, 'kunci inggris                                      ', 'Kunci stang ', 'Kunci pas                                                             ', 'Obeng ', 'Kunci ring', 'D', 'Y'),
(508, 9, 'Kunci yang dapat digunakan secara umum, dan rahangnya dapat dibuka dan disesuaikan besarnya disebut juga kunci', NULL, NULL, NULL, 'Kunci socket', 'Kunci ring ', 'Kunci rumah ', 'Kunci kombinasi ', 'Kunci inggris                                       ', 'E', 'Y'),
(509, 10, 'Soal-soal itu harus dikerjakan dengan teliti. Sinonim kata teliti pada kalimat terebut adalah ….', NULL, NULL, NULL, 'Ceroboh', ' Tepat', 'Sigap', 'Cepat', 'Cermat', 'E', 'Y'),
(510, 10, 'Jika Tinggi X Rendah, maka Ibu X...', NULL, NULL, NULL, 'Anak', 'Putri', 'Nenek', 'Kakek', 'Cucu', 'A', 'Y'),
(511, 10, '<p style="text-align:justify">Peter seorang pelajar yang pandai, bahkan ia pernah meraih medali emas tingkat internasional di Bali dalam lomba fisika. Namun, ia tidak sombong dengan kepandaiannya itu. Ia selalu sopan dan baik kepada siapa saja.</p>\r\n\r\n<p style="text-align:justify">Peribahasa yang tepat untuk menggambarkan kehidupan di atas adalah ...</p>\r\n', NULL, NULL, NULL, '<p>Bagai air di atas daun talas.</p>\r\n', '<p>Tak ada gading yang tak retak.</p>\r\n', '<p>Bagai bumi dengan langit.</p>\r\n', '<p>Seperti ilmu padi kian berisi kian runduk.</p>\r\n', '<p>Ringan sama dijinjing, berat sama dipikul.</p>\r\n', 'D', 'Y'),
(512, 10, '<p style="text-align:justify">Bacalah paragraf berikut dengan saksama!</p>\r\n\r\n<p style="text-align:justify">Bencana alam sering terjadi di Indonesia. Bencana alam yang sering terjadi adalah tanah longsor, gempa bumi, gunung meletus, dan banjir. Hal ini disebabkan oleh posisi Indonesia yang berada di jalur Cincin Api Pasifik. Indonesia pernah mengalami bencana alam tsunami di Aceh, gempa di Lombok, banjir dan longsor di Sumatera, dan lain sebagainya.</p>\r\n\r\n<p style="text-align:justify">Gagasan pokok dari paragraf di atas adalah&hellip;.</p>\r\n', NULL, NULL, NULL, '<p>Indonesia mengalami bencana tsunami</p>\r\n', '<p>Posisi Indonesia berada di Cincin Api Pasifik</p>\r\n', '<p>Bencana alam sering terjadi di Indonesia</p>\r\n', '<p>Bencana longsor terjadi di Sumatera</p>\r\n', '<p>Bencana alam yang sering terjadi adalah tanah longsor</p>\r\n', 'C', 'Y'),
(513, 10, '<p style="text-align:justify">Cermatii kutipan cerita berikut!</p>\r\n\r\n<p style="text-align:justify">Ardi dan para relawan bergegas menyiapkan barak untuk para pengungsi. Tenda, tikar, dan lampu penerangan segera dia pasang. Tak lupa dapur umum juga dia siapkan. Obat-obatan, selimut, dan pos kesehatan pun telah didirikannya. Lapangan desa yang siang tadi masih lengang kini telah berubah drastis. Hiruk pikuk para relawan bertambah ramai dengan kedatangan para pengungsi. Mereka telah meninggalkan rumah di lereng gunung. Kesehatan jiwa lebih mereka utamakan.</p>\r\n\r\n<p style="text-align:justify">Latar tempat cerita tersebut adalah&hellip;.</p>\r\n', NULL, NULL, NULL, '<p>pos kesehatan</p>\r\n', '<p>lapangan desa</p>\r\n', '<p>barak pengungsian</p>\r\n', '<p>lereng gunun</p>\r\n', '<p>balai desa</p>\r\n', 'B', 'Y'),
(514, 10, '<p>Cermati poster berikut!</p>\r\n\r\n<p><img alt="" src="/ppdb/assets/kcfinder/upload/files/soal%20ppdb%202023%20bin%20no%204.png" style="height:320px; width:431px" /></p>\r\n\r\n<p>Bagaimana cara untuk menjaga kesehatan mental selama melakukan isolasi mandiri?</p>\r\n', NULL, NULL, NULL, '<p>memprioritaskan pengaturan kegiatan terutama rutinitas primer</p>\r\n', '<p>rutinitas primer dilaksanakan setelah terpenuhi rutinitas skunder</p>\r\n', '<p>mengatur waktu untuk kegiatan rutinitas baik primer maupun sekunder</p>\r\n', '<p>aktivitas utama yang dilakukan sebagai rutinitas adalah tidur dan olahraga</p>\r\n', '<p>memprioritaskan kegiatan primer dan mengesampingkan kegiatan skunder</p>\r\n', 'C', 'Y'),
(515, 10, '<p style="text-align:justify">Cermati kutipan artikel berikut!</p>\r\n\r\n<p style="text-align:justify">Menteri Pendidikan, Kebudayaan, Riset, dan Teknologi (Kemendikbud Ristek), Nadiem Makarim mengungkapkan bahwa sekitar 80 persen orang tua siswa menginginkan pembelajaran tatap muka (PTM) terbatas bagi anak-anaknya. Namun, hingga saat ini baru 55 persen sekolah yang membuka PTM terbatas. Mendikbud mengatakan, untuk mendukung PTM terbatas perlu peran orang tua sebagai garda terdepan dalam menjaga kesehatan dan pendidikan anak-anak. &quot;Orang tua adalah garda depan (pemenuhan) kesehatan dan pendidikan bagi anak-anaknya. Mereka harus berperan aktif agar sekolah disiplin menjalankan protokol kesehatan (prokes),&quot; ucap Nadiem. Nadiem berpesan kepada semua elemen bahwa peraturan mengenai PTM sudah jelas. Jadi orang tua, guru, tenaga pendidik, dan masyarakat lain di sekolah tinggal mengikuti aturan yang berlaku untuk melakukan pembelajaran tatap muka.</p>\r\n\r\n<p style="text-align:justify">Apa maksud orang tua menjadi garda terdepan dalam pembelajaran tatap muka?</p>\r\n', NULL, NULL, NULL, '<p>Orang tua harus berperan aktif supaya sekolah tetap tertib menjalankan protokol kesehatan.</p>\r\n', '<p>Orang tua bertanggung jawab penuh terhadap kemajuan belajar dan kesehatan para siswa.</p>\r\n', '<p>Orang tua wajib mengikuti aturan yang berlaku untuk mendukung pembelajaran tatap muka.</p>\r\n', '<p>Orang tua sudah sewajarnya menjadi ujung tombak pendamping kegiatan bagi anak- anaknya.</p>\r\n', '<p>Orang tua menjadi guru pengganti untuk anak-anaknya selama pandemi</p>\r\n', 'A', 'Y'),
(516, 10, '<p>Dokter melakukan &hellip; setelah mencermati hasil rontgen tulang belakang Andi.</p>\r\n\r\n<p>Kata yang tepat untuk melengkapi kalimat tersebut adalah &hellip;.</p>\r\n', NULL, NULL, NULL, '<p>Transfusi</p>\r\n', '<p>Diagnosis</p>\r\n', '<p>Injeksi</p>\r\n', '<p>Terapi</p>\r\n', '<p>Evaluasi</p>\r\n', 'B', 'Y'),
(517, 10, '<p style="text-align:justify">Cermati berita berikut!</p>\r\n\r\n<p style="text-align:justify">Berita tentang peristiwa kematian Sofia, seorang gadis kecil berusia 7 tahun tak ayal membuat masyarakat Indonesia geram. Gadis kecil lucu tersebut tewas di tangan ibu angkatnya sendiri dan dikubur di halaman belakang rumah, tepat di bawah kandang kelinci peliharaan keluarga. Sofia memang hanyalah anak angkat dari keluarga Stefanus. Ia kerapkali diperlakukan layaknya seorang budak di rumah tersebut.</p>\r\n\r\n<p style="text-align:justify">Berita tersebut berisikan tentang...</p>\r\n', NULL, NULL, NULL, '<p>kasus penganiayaan orang tua kandung terhadap anak</p>\r\n', '<p>kekerasan orang tua oleh anak kandung</p>\r\n', '<p>peristiwa pembunuhan seorang anak oleh ibu angkatnya sendiri</p>\r\n', '<p>perlakuan layaknya budak oleh ibu angkat</p>\r\n', '<p>peristiwa kematian seorang anak</p>\r\n', 'C', 'Y'),
(518, 10, '<p style="text-align:justify">&ldquo;Nada, minggu depan kita harus pindah ke Jogjakarta. Ayah dipindahtugaskan di sana.&rdquo; Bagaikan petir di siang bolong menyambar Nada yang seketika itu langsung diam mematung.</p>\r\n\r\n<p style="text-align:justify">Makna simbol petir di siang bolong pada kutipan cerpen tersebut adalah&hellip;.</p>\r\n', NULL, NULL, NULL, '<p>merasa sedih&nbsp;&nbsp;&nbsp;&nbsp;&nbsp;&nbsp;</p>\r\n', '<p>merasa heran</p>\r\n', '<p>merasa bingung</p>\r\n', '<p>sangat terkejut</p>\r\n', '<p>merasa takut</p>\r\n', 'D', 'Y'),
(519, 10, '<p style="text-align:justify">Hi, good morning&hellip;</p>\r\n\r\n<p style="text-align:justify">My name is Evander Steward. You can call me Evan. I was born in Glasgow on February 1st 2001. I am currently studying a first-year graduate student at The School of Simulation and Visualisation at The Glasgow School of Art.</p>\r\n\r\n<p style="text-align:justify">I love music. Usually, I spend my time after school to create a song about my journey or enjoy food at the local restaurant. My favourite day is weekend! Because I&#39;m free to do what I please and going out with my friends. Normally I spend my weekend along the side of the River Kelvin at the Kelvingrove Park just to have a leisurely stroll, or sit down for enjoying view.</p>\r\n\r\n<p style="text-align:justify">Source:&nbsp;<a href="https://www.ef.co.id/englishfirst/kids/blog/10-contoh-introducing-myself-dalam-bahasa-inggris/">https://www.ef.co.id/englishfirst/kids/blog/10-contoh-introducing-myself-dalam-bahasa-inggris/</a></p>\r\n\r\n<p style="text-align:justify">What is the text about?</p>\r\n', NULL, NULL, NULL, '<p>The Glasgow School of Art</p>\r\n', '<p>Spending weekend</p>\r\n', '<p>Evander Steward</p>\r\n', '<p>The Local Restaurant</p>\r\n', '<p>Kelvingrove Park</p>\r\n', 'C', 'Y'),
(520, 10, '<p style="text-align:justify">Hi, good morning&hellip;</p>\r\n\r\n<p style="text-align:justify">My name is Evander Steward. You can call me Evan. I was born in Glasgow on February 1st 2001. I am currently studying a first-year graduate student at The School of Simulation and Visualisation at The Glasgow School of Art.</p>\r\n\r\n<p style="text-align:justify">I love music. Usually, I spend my time after school to create a song about my journey or enjoy food at the local restaurant. My favourite day is weekend! Because I&#39;m free to do what I please and going out with my friends. Normally I spend my weekend along the side of the River Kelvin at the Kelvingrove Park just to have a leisurely stroll, or sit down for enjoying view.</p>\r\n\r\n<p style="text-align:justify">Source:&nbsp;<a href="https://www.ef.co.id/englishfirst/kids/blog/10-contoh-introducing-myself-dalam-bahasa-inggris/">https://www.ef.co.id/englishfirst/kids/blog/10-contoh-introducing-myself-dalam-bahasa-inggris/</a></p>\r\n\r\n<p style="text-align:justify">What does paragraph two talk about?</p>\r\n', NULL, NULL, NULL, '<p>The writer&rsquo;s favourite</p>\r\n', '<p>Evan&rsquo;s song writing</p>\r\n', '<p>Evan&rsquo;s favourite day</p>\r\n', '<p>The Local Restaurant</p>\r\n', '<p>Kelvingrove Park</p>\r\n', 'A', 'Y'),
(521, 10, '<p style="text-align:justify">Hi, good morning&hellip;</p>\r\n\r\n<p style="text-align:justify">My name is Evander Steward. You can call me Evan. I was born in Glasgow on February 1st 2001. I am currently studying a first-year graduate student at The School of Simulation and Visualisation at The Glasgow School of Art.</p>\r\n\r\n<p style="text-align:justify">I love music. Usually, I spend my time after school to create a song about my journey or enjoy food at the local restaurant. My favourite day is weekend! Because I&#39;m free to do what I please and going out with my friends. Normally I spend my weekend along the side of the River Kelvin at the Kelvingrove Park just to have a leisurely stroll, or sit down for enjoying view.</p>\r\n\r\n<p style="text-align:justify">Source:&nbsp;<a href="https://www.ef.co.id/englishfirst/kids/blog/10-contoh-introducing-myself-dalam-bahasa-inggris/">https://www.ef.co.id/englishfirst/kids/blog/10-contoh-introducing-myself-dalam-bahasa-inggris/</a></p>\r\n\r\n<p style="text-align:justify">&ldquo;&hellip; to have a leisurely stroll, or sit down for enjoying view.&rdquo; The similar word to word &ldquo;stroll&rdquo; is &hellip;</p>\r\n', NULL, NULL, NULL, '<p>walk</p>\r\n', '<p>sit</p>\r\n', '<p>sleep</p>\r\n', '<p>stand</p>\r\n', '<p>run</p>\r\n', 'A', 'Y'),
(522, 10, '<p style="text-align:center"><strong>Suramadu Bridge</strong></p>\r\n\r\n<p style="text-align:justify">The Suramadu Bridge (Indonesian: Jembatan Suramadu), also known as the Surabaya&ndash;Madura Bridge, is a bridge with three cable-stayed sections constructed between Surabaya on the island of Java and the town of Bangkalan on the island of Madura in Indonesia. Opened on June 10, 2009, the 5.4-km bridge is the longest in Indonesia and the first bridge to cross the Madura Strait.</p>\r\n\r\n<p style="text-align:justify">The cable-stayed portion has three spans with lengths 192 m, 434 m and 192 m. The bridge has two lanes in each direction plus an emergency lane and a dedicated lane for motorcycles. The first toll bridge in Indonesia, fares have been initially set at Rp. 30,000 (US$3 in 2009) for four-wheeled vehicles and Rp. 3,000 (US$0.30) for two-wheelers.</p>\r\n\r\n<p style="text-align:justify">The bridge was built by a consortium of Indonesian companies PT Adhi Karya and PT Waskita Karya working with China Road and Bridge Corp. and China Harbor Engineering Co. Ltd. The total cost of the project, including connecting roads, has been estimated at 4.5 trillion rupiah (US$445 million).</p>\r\n\r\n<p style="text-align:justify">Construction was started on August 20, 2003. In July 2004, a girder collapsed, killing one worker and injuring nine others. Work on the bridge halted at the end of 2004 due to lack of funds, but was restarted in November 2005. The main span of the bridge was connected on March 31, 2009, and the bridge was opened to the public in June 10, 2009.Within a week of the opening, it was discovered that nuts and bolts as well as maintenance lamps had been stolen and that there was evidence of vandalism of cables supporting the main span.</p>\r\n\r\n<p style="text-align:justify">Suramadu&rsquo;s bridge also known as&hellip;.</p>\r\n', NULL, NULL, NULL, '<p>Longest bridge</p>\r\n', '<p>sura and madu</p>\r\n', '<p>Surabaya-Madura bridge</p>\r\n', '<p>toll bridge</p>\r\n', '<p>overpass</p>\r\n', 'C', 'Y'),
(523, 10, '<p style="text-align:center"><strong>Suramadu Bridge</strong></p>\r\n\r\n<p style="text-align:justify">The Suramadu Bridge (Indonesian: Jembatan Suramadu), also known as the Surabaya&ndash;Madura Bridge, is a bridge with three cable-stayed sections constructed between Surabaya on the island of Java and the town of Bangkalan on the island of Madura in Indonesia. Opened on June 10, 2009, the 5.4-km bridge is the longest in Indonesia and the first bridge to cross the Madura Strait.</p>\r\n\r\n<p style="text-align:justify">The cable-stayed portion has three spans with lengths 192 m, 434 m and 192 m. The bridge has two lanes in each direction plus an emergency lane and a dedicated lane for motorcycles. The first toll bridge in Indonesia, fares have been initially set at Rp. 30,000 (US$3 in 2009) for four-wheeled vehicles and Rp. 3,000 (US$0.30) for two-wheelers.</p>\r\n\r\n<p style="text-align:justify">The bridge was built by a consortium of Indonesian companies PT Adhi Karya and PT Waskita Karya working with China Road and Bridge Corp. and China Harbor Engineering Co. Ltd. The total cost of the project, including connecting roads, has been estimated at 4.5 trillion rupiah (US$445 million).</p>\r\n\r\n<p style="text-align:justify">Construction was started on August 20, 2003. In July 2004, a girder collapsed, killing one worker and injuring nine others. Work on the bridge halted at the end of 2004 due to lack of funds, but was restarted in November 2005. The main span of the bridge was connected on March 31, 2009, and the bridge was opened to the public in June 10, 2009.Within a week of the opening, it was discovered that nuts and bolts as well as maintenance lamps had been stolen and that there was evidence of vandalism of cables supporting the main span.</p>\r\n\r\n<p>Suramadu&rsquo;s bridge connects the island&hellip;.</p>\r\n', NULL, NULL, NULL, '<p>Java and Sumatra</p>\r\n', '<p>Java and Bali</p>\r\n', '<p>Sumatra and Kalimantan</p>\r\n', '<p>Java and Madura</p>\r\n', '<p>Surabaya and Bali</p>\r\n', 'D', 'Y'),
(524, 10, '<p style="text-align:center"><strong>Suramadu Bridge</strong></p>\r\n\r\n<p style="text-align:justify">The Suramadu Bridge (Indonesian: Jembatan Suramadu), also known as the Surabaya&ndash;Madura Bridge, is a bridge with three cable-stayed sections constructed between Surabaya on the island of Java and the town of Bangkalan on the island of Madura in Indonesia. Opened on June 10, 2009, the 5.4-km bridge is the longest in Indonesia and the first bridge to cross the Madura Strait.</p>\r\n\r\n<p style="text-align:justify">The cable-stayed portion has three spans with lengths 192 m, 434 m and 192 m. The bridge has two lanes in each direction plus an emergency lane and a dedicated lane for motorcycles. The first toll bridge in Indonesia, fares have been initially set at Rp. 30,000 (US$3 in 2009) for four-wheeled vehicles and Rp. 3,000 (US$0.30) for two-wheelers.</p>\r\n\r\n<p style="text-align:justify">The bridge was built by a consortium of Indonesian companies PT Adhi Karya and PT Waskita Karya working with China Road and Bridge Corp. and China Harbor Engineering Co. Ltd. The total cost of the project, including connecting roads, has been estimated at 4.5 trillion rupiah (US$445 million).</p>\r\n\r\n<p style="text-align:justify">Construction was started on August 20, 2003. In July 2004, a girder collapsed, killing one worker and injuring nine others. Work on the bridge halted at the end of 2004 due to lack of funds, but was restarted in November 2005. The main span of the bridge was connected on March 31, 2009, and the bridge was opened to the public in June 10, 2009.Within a week of the opening, it was discovered that nuts and bolts as well as maintenance lamps had been stolen and that there was evidence of vandalism of cables supporting the main span.</p>\r\n\r\n<p>&ldquo;&hellip; it was discovered that nuts and bolts &hellip;&rdquo; The word &ldquo;it&rdquo; refers to &hellip;</p>\r\n', NULL, NULL, NULL, '<p>The bridge</p>\r\n', '<p>The workers</p>\r\n', '<p>Nuts and Bolts</p>\r\n', '<p>The Companies</p>\r\n', '<p>Cost of The Project</p>\r\n', 'A', 'Y'),
(525, 10, '<p style="text-align:center"><strong>How to Install Printer Software to Your Computer</strong></p>\r\n\r\n<p style="text-align:justify">In order to make your computer detect the printer, you must first install the software from the CD provided inside the box. You need to open the box and get the CD, after that follow these following instructions to successfully install the software.</p>\r\n\r\n<p style="text-align:justify">You need:</p>\r\n\r\n<ol>\r\n	<li style="text-align: justify;">CPU&nbsp;&nbsp;&nbsp;&nbsp;&nbsp;&nbsp;&nbsp;&nbsp;&nbsp;&nbsp;&nbsp;&nbsp;&nbsp;&nbsp;&nbsp;&nbsp;&nbsp;&nbsp;&nbsp;&nbsp;&nbsp;&nbsp;&nbsp;&nbsp;&nbsp;&nbsp;&nbsp;&nbsp;&nbsp;&nbsp;&nbsp;&nbsp;&nbsp;&nbsp;&nbsp;&nbsp;&nbsp;&nbsp;&nbsp;&nbsp;&nbsp;&nbsp;&nbsp;&nbsp;&nbsp;&nbsp;&nbsp;&nbsp;&nbsp;&nbsp;&nbsp;&nbsp;&nbsp;&nbsp;&nbsp;&nbsp;&nbsp; 4. Mouse</li>\r\n	<li style="text-align: justify;">Monitor&nbsp;&nbsp;&nbsp;&nbsp;&nbsp;&nbsp;&nbsp;&nbsp;&nbsp;&nbsp;&nbsp;&nbsp;&nbsp;&nbsp;&nbsp;&nbsp;&nbsp;&nbsp;&nbsp;&nbsp;&nbsp;&nbsp;&nbsp;&nbsp;&nbsp;&nbsp;&nbsp;&nbsp;&nbsp;&nbsp;&nbsp;&nbsp;&nbsp;&nbsp;&nbsp;&nbsp;&nbsp;&nbsp;&nbsp;&nbsp;&nbsp;&nbsp;&nbsp;&nbsp;&nbsp;&nbsp;&nbsp;&nbsp;&nbsp;&nbsp;&nbsp; 5. Printer</li>\r\n	<li style="text-align: justify;">Keyboard&nbsp;&nbsp;&nbsp;&nbsp;&nbsp;&nbsp;&nbsp;&nbsp;&nbsp;&nbsp;&nbsp;&nbsp;&nbsp;&nbsp;&nbsp;&nbsp;&nbsp;&nbsp;&nbsp;&nbsp;&nbsp;&nbsp;&nbsp;&nbsp;&nbsp;&nbsp;&nbsp;&nbsp;&nbsp;&nbsp;&nbsp;&nbsp;&nbsp;&nbsp;&nbsp;&nbsp;&nbsp;&nbsp;&nbsp;&nbsp;&nbsp;&nbsp;&nbsp;&nbsp;&nbsp;&nbsp;&nbsp;&nbsp;&nbsp; 6. CD Printer Software</li>\r\n</ol>\r\n\r\n<p style="text-align:justify">Here are the steps to&nbsp;<strong>install printer software to your computer:</strong></p>\r\n\r\n<ol>\r\n	<li style="text-align: justify;">Insert the CD into the CD Room on your computer.</li>\r\n	<li style="text-align: justify;">Wait until the CD Room finish reading the CD</li>\r\n	<li style="text-align: justify;">A dialogue box will pop out on your computer screen, giving you an option to install the software, choose &ldquo;Yes&rdquo; to continue with the installation process.</li>\r\n	<li style="text-align: justify;">Next, the dialogue box will let you to choose your &ldquo;Country Region&rdquo;, choose &ldquo;Asia&rdquo; if you live within Asia continent. Then click &ldquo;Next&rdquo; button.</li>\r\n	<li style="text-align: justify;">After that, choose your country, then click &ldquo;Next&rdquo; button.</li>\r\n	<li style="text-align: justify;">Next, the dialogue box will let you to choose type of installation, the best is to choose &ldquo;Easy Install&rdquo; option, but if you are an expert, you can also choose &ldquo;Custom Install&rdquo; option.</li>\r\n	<li style="text-align: justify;">After that click &ldquo;Install&rdquo; button, wait for about 10 minutes.</li>\r\n	<li style="text-align: justify;">During the installation process is running, plug the power cable into the electricity socket, and then turn on the printer by pressing the power button (if your printer is Canon Pixma iP2770 there are two buttons on your printer and the power button is the one on top.)</li>\r\n	<li style="text-align: justify;">At the end of the installation process, (make sure the printer is on) we need to plug the printer USB cable into the USB socket on your computer so the software will be able to synchronize with the device.</li>\r\n	<li style="text-align: justify;">Installation process is complete and your printer is ready to use.</li>\r\n</ol>\r\n\r\n<p>What does the text tell about?</p>\r\n', NULL, NULL, NULL, '<p>Installing Mouse</p>\r\n', '<p>Inserting CD</p>\r\n', '<p>Using Printer</p>\r\n', '<p>Installing Printer</p>\r\n', '<p>Inserting USB device</p>\r\n', 'D', 'Y'),
(526, 10, '<p style="text-align:center"><strong>How to Install Printer Software to Your Computer</strong></p>\r\n\r\n<p style="text-align:justify">In order to make your computer detect the printer, you must first install the software from the CD provided inside the box. You need to open the box and get the CD, after that follow these following instructions to successfully install the software.</p>\r\n\r\n<p style="text-align:justify">You need:</p>\r\n\r\n<ol>\r\n	<li style="text-align: justify;">CPU&nbsp;&nbsp;&nbsp;&nbsp;&nbsp;&nbsp;&nbsp;&nbsp;&nbsp;&nbsp;&nbsp;&nbsp;&nbsp;&nbsp;&nbsp;&nbsp;&nbsp;&nbsp;&nbsp;&nbsp;&nbsp;&nbsp;&nbsp;&nbsp;&nbsp;&nbsp;&nbsp;&nbsp;&nbsp;&nbsp;&nbsp;&nbsp;&nbsp;&nbsp;&nbsp;&nbsp;&nbsp;&nbsp;&nbsp;&nbsp;&nbsp;&nbsp;&nbsp;&nbsp;&nbsp;&nbsp;&nbsp;&nbsp;&nbsp;&nbsp;&nbsp;&nbsp;&nbsp;&nbsp;&nbsp;&nbsp;&nbsp; 4. Mouse</li>\r\n	<li style="text-align: justify;">Monitor&nbsp;&nbsp;&nbsp;&nbsp;&nbsp;&nbsp;&nbsp;&nbsp;&nbsp;&nbsp;&nbsp;&nbsp;&nbsp;&nbsp;&nbsp;&nbsp;&nbsp;&nbsp;&nbsp;&nbsp;&nbsp;&nbsp;&nbsp;&nbsp;&nbsp;&nbsp;&nbsp;&nbsp;&nbsp;&nbsp;&nbsp;&nbsp;&nbsp;&nbsp;&nbsp;&nbsp;&nbsp;&nbsp;&nbsp;&nbsp;&nbsp;&nbsp;&nbsp;&nbsp;&nbsp;&nbsp;&nbsp;&nbsp;&nbsp;&nbsp;&nbsp; 5. Printer</li>\r\n	<li style="text-align: justify;">Keyboard&nbsp;&nbsp;&nbsp;&nbsp;&nbsp;&nbsp;&nbsp;&nbsp;&nbsp;&nbsp;&nbsp;&nbsp;&nbsp;&nbsp;&nbsp;&nbsp;&nbsp;&nbsp;&nbsp;&nbsp;&nbsp;&nbsp;&nbsp;&nbsp;&nbsp;&nbsp;&nbsp;&nbsp;&nbsp;&nbsp;&nbsp;&nbsp;&nbsp;&nbsp;&nbsp;&nbsp;&nbsp;&nbsp;&nbsp;&nbsp;&nbsp;&nbsp;&nbsp;&nbsp;&nbsp;&nbsp;&nbsp;&nbsp;&nbsp; 6. CD Printer Software</li>\r\n</ol>\r\n\r\n<p style="text-align:justify">Here are the steps to&nbsp;<strong>install printer software to your computer:</strong></p>\r\n\r\n<ol>\r\n	<li style="text-align: justify;">Insert the CD into the CD Room on your computer.</li>\r\n	<li style="text-align: justify;">Wait until the CD Room finish reading the CD</li>\r\n	<li style="text-align: justify;">A dialogue box will pop out on your computer screen, giving you an option to install the software, choose &ldquo;Yes&rdquo; to continue with the installation process.</li>\r\n	<li style="text-align: justify;">Next, the dialogue box will let you to choose your &ldquo;Country Region&rdquo;, choose &ldquo;Asia&rdquo; if you live within Asia continent. Then click &ldquo;Next&rdquo; button.</li>\r\n	<li style="text-align: justify;">After that, choose your country, then click &ldquo;Next&rdquo; button.</li>\r\n	<li style="text-align: justify;">Next, the dialogue box will let you to choose type of installation, the best is to choose &ldquo;Easy Install&rdquo; option, but if you are an expert, you can also choose &ldquo;Custom Install&rdquo; option.</li>\r\n	<li style="text-align: justify;">After that click &ldquo;Install&rdquo; button, wait for about 10 minutes.</li>\r\n	<li style="text-align: justify;">During the installation process is running, plug the power cable into the electricity socket, and then turn on the printer by pressing the power button (if your printer is Canon Pixma iP2770 there are two buttons on your printer and the power button is the one on top.)</li>\r\n	<li style="text-align: justify;">At the end of the installation process, (make sure the printer is on) we need to plug the printer USB cable into the USB socket on your computer so the software will be able to synchronize with the device.</li>\r\n	<li style="text-align: justify;">Installation process is complete and your printer is ready to use.</li>\r\n</ol>\r\n\r\n<p>What is the next step after choosing country region for the installation?</p>\r\n', NULL, NULL, NULL, '<p>Connect the USB cable into the PC.</p>\r\n', '<p>Insert CD installation</p>\r\n', '<p>Turn on the printer</p>\r\n', '<p>Choose the installation type.</p>\r\n', '<p>Turn on the PC</p>\r\n', 'D', 'Y'),
(527, 10, '<p style="text-align:center"><strong>How to Install Printer Software to Your Computer</strong></p>\r\n\r\n<p style="text-align:justify">In order to make your computer detect the printer, you must first install the software from the CD provided inside the box. You need to open the box and get the CD, after that follow these following instructions to successfully install the software.</p>\r\n\r\n<p style="text-align:justify">You need:</p>\r\n\r\n<ol>\r\n	<li style="text-align: justify;">CPU&nbsp;&nbsp;&nbsp;&nbsp;&nbsp;&nbsp;&nbsp;&nbsp;&nbsp;&nbsp;&nbsp;&nbsp;&nbsp;&nbsp;&nbsp;&nbsp;&nbsp;&nbsp;&nbsp;&nbsp;&nbsp;&nbsp;&nbsp;&nbsp;&nbsp;&nbsp;&nbsp;&nbsp;&nbsp;&nbsp;&nbsp;&nbsp;&nbsp;&nbsp;&nbsp;&nbsp;&nbsp;&nbsp;&nbsp;&nbsp;&nbsp;&nbsp;&nbsp;&nbsp;&nbsp;&nbsp;&nbsp;&nbsp;&nbsp;&nbsp;&nbsp;&nbsp;&nbsp;&nbsp;&nbsp;&nbsp;&nbsp; 4. Mouse</li>\r\n	<li style="text-align: justify;">Monitor&nbsp;&nbsp;&nbsp;&nbsp;&nbsp;&nbsp;&nbsp;&nbsp;&nbsp;&nbsp;&nbsp;&nbsp;&nbsp;&nbsp;&nbsp;&nbsp;&nbsp;&nbsp;&nbsp;&nbsp;&nbsp;&nbsp;&nbsp;&nbsp;&nbsp;&nbsp;&nbsp;&nbsp;&nbsp;&nbsp;&nbsp;&nbsp;&nbsp;&nbsp;&nbsp;&nbsp;&nbsp;&nbsp;&nbsp;&nbsp;&nbsp;&nbsp;&nbsp;&nbsp;&nbsp;&nbsp;&nbsp;&nbsp;&nbsp;&nbsp;&nbsp; 5. Printer</li>\r\n	<li style="text-align: justify;">Keyboard&nbsp;&nbsp;&nbsp;&nbsp;&nbsp;&nbsp;&nbsp;&nbsp;&nbsp;&nbsp;&nbsp;&nbsp;&nbsp;&nbsp;&nbsp;&nbsp;&nbsp;&nbsp;&nbsp;&nbsp;&nbsp;&nbsp;&nbsp;&nbsp;&nbsp;&nbsp;&nbsp;&nbsp;&nbsp;&nbsp;&nbsp;&nbsp;&nbsp;&nbsp;&nbsp;&nbsp;&nbsp;&nbsp;&nbsp;&nbsp;&nbsp;&nbsp;&nbsp;&nbsp;&nbsp;&nbsp;&nbsp;&nbsp;&nbsp; 6. CD Printer Software</li>\r\n</ol>\r\n\r\n<p style="text-align:justify">Here are the steps to&nbsp;<strong>install printer software to your computer:</strong></p>\r\n\r\n<ol>\r\n	<li style="text-align: justify;">Insert the CD into the CD Room on your computer.</li>\r\n	<li style="text-align: justify;">Wait until the CD Room finish reading the CD</li>\r\n	<li style="text-align: justify;">A dialogue box will pop out on your computer screen, giving you an option to install the software, choose &ldquo;Yes&rdquo; to continue with the installation process.</li>\r\n	<li style="text-align: justify;">Next, the dialogue box will let you to choose your &ldquo;Country Region&rdquo;, choose &ldquo;Asia&rdquo; if you live within Asia continent. Then click &ldquo;Next&rdquo; button.</li>\r\n	<li style="text-align: justify;">After that, choose your country, then click &ldquo;Next&rdquo; button.</li>\r\n	<li style="text-align: justify;">Next, the dialogue box will let you to choose type of installation, the best is to choose &ldquo;Easy Install&rdquo; option, but if you are an expert, you can also choose &ldquo;Custom Install&rdquo; option.</li>\r\n	<li style="text-align: justify;">After that click &ldquo;Install&rdquo; button, wait for about 10 minutes.</li>\r\n	<li style="text-align: justify;">During the installation process is running, plug the power cable into the electricity socket, and then turn on the printer by pressing the power button (if your printer is Canon Pixma iP2770 there are two buttons on your printer and the power button is the one on top.)</li>\r\n	<li style="text-align: justify;">At the end of the installation process, (make sure the printer is on) we need to plug the printer USB cable into the USB socket on your computer so the software will be able to synchronize with the device.</li>\r\n	<li style="text-align: justify;">Installation process is complete and your printer is ready to use.</li>\r\n</ol>\r\n\r\n<p>Word &ldquo;you&rdquo; in the text refers to &hellip;</p>\r\n', NULL, NULL, NULL, '<p>The printer company</p>\r\n', '<p>The writer</p>\r\n', '<p>The dialogue</p>\r\n', '<p>The reader</p>\r\n', '<p>The computer</p>\r\n', 'D', 'Y'),
(528, 10, '<p style="text-align:center"><strong>How to Install Printer Software to Your Computer</strong></p>\r\n\r\n<p style="text-align:justify">In order to make your computer detect the printer, you must first install the software from the CD provided inside the box. You need to open the box and get the CD, after that follow these following instructions to successfully install the software.</p>\r\n\r\n<p style="text-align:justify">You need:</p>\r\n\r\n<ol>\r\n	<li style="text-align: justify;">CPU&nbsp;&nbsp;&nbsp;&nbsp;&nbsp;&nbsp;&nbsp;&nbsp;&nbsp;&nbsp;&nbsp;&nbsp;&nbsp;&nbsp;&nbsp;&nbsp;&nbsp;&nbsp;&nbsp;&nbsp;&nbsp;&nbsp;&nbsp;&nbsp;&nbsp;&nbsp;&nbsp;&nbsp;&nbsp;&nbsp;&nbsp;&nbsp;&nbsp;&nbsp;&nbsp;&nbsp;&nbsp;&nbsp;&nbsp;&nbsp;&nbsp;&nbsp;&nbsp;&nbsp;&nbsp;&nbsp;&nbsp;&nbsp;&nbsp;&nbsp;&nbsp;&nbsp;&nbsp;&nbsp;&nbsp;&nbsp;&nbsp; 4. Mouse</li>\r\n	<li style="text-align: justify;">Monitor&nbsp;&nbsp;&nbsp;&nbsp;&nbsp;&nbsp;&nbsp;&nbsp;&nbsp;&nbsp;&nbsp;&nbsp;&nbsp;&nbsp;&nbsp;&nbsp;&nbsp;&nbsp;&nbsp;&nbsp;&nbsp;&nbsp;&nbsp;&nbsp;&nbsp;&nbsp;&nbsp;&nbsp;&nbsp;&nbsp;&nbsp;&nbsp;&nbsp;&nbsp;&nbsp;&nbsp;&nbsp;&nbsp;&nbsp;&nbsp;&nbsp;&nbsp;&nbsp;&nbsp;&nbsp;&nbsp;&nbsp;&nbsp;&nbsp;&nbsp;&nbsp; 5. Printer</li>\r\n	<li style="text-align: justify;">Keyboard&nbsp;&nbsp;&nbsp;&nbsp;&nbsp;&nbsp;&nbsp;&nbsp;&nbsp;&nbsp;&nbsp;&nbsp;&nbsp;&nbsp;&nbsp;&nbsp;&nbsp;&nbsp;&nbsp;&nbsp;&nbsp;&nbsp;&nbsp;&nbsp;&nbsp;&nbsp;&nbsp;&nbsp;&nbsp;&nbsp;&nbsp;&nbsp;&nbsp;&nbsp;&nbsp;&nbsp;&nbsp;&nbsp;&nbsp;&nbsp;&nbsp;&nbsp;&nbsp;&nbsp;&nbsp;&nbsp;&nbsp;&nbsp;&nbsp; 6. CD Printer Software</li>\r\n</ol>\r\n\r\n<p style="text-align:justify">Here are the steps to&nbsp;<strong>install printer software to your computer:</strong></p>\r\n\r\n<ol>\r\n	<li style="text-align: justify;">Insert the CD into the CD Room on your computer.</li>\r\n	<li style="text-align: justify;">Wait until the CD Room finish reading the CD</li>\r\n	<li style="text-align: justify;">A dialogue box will pop out on your computer screen, giving you an option to install the software, choose &ldquo;Yes&rdquo; to continue with the installation process.</li>\r\n	<li style="text-align: justify;">Next, the dialogue box will let you to choose your &ldquo;Country Region&rdquo;, choose &ldquo;Asia&rdquo; if you live within Asia continent. Then click &ldquo;Next&rdquo; button.</li>\r\n	<li style="text-align: justify;">After that, choose your country, then click &ldquo;Next&rdquo; button.</li>\r\n	<li style="text-align: justify;">Next, the dialogue box will let you to choose type of installation, the best is to choose &ldquo;Easy Install&rdquo; option, but if you are an expert, you can also choose &ldquo;Custom Install&rdquo; option.</li>\r\n	<li style="text-align: justify;">After that click &ldquo;Install&rdquo; button, wait for about 10 minutes.</li>\r\n	<li style="text-align: justify;">During the installation process is running, plug the power cable into the electricity socket, and then turn on the printer by pressing the power button (if your printer is Canon Pixma iP2770 there are two buttons on your printer and the power button is the one on top.)</li>\r\n	<li style="text-align: justify;">At the end of the installation process, (make sure the printer is on) we need to plug the printer USB cable into the USB socket on your computer so the software will be able to synchronize with the device.</li>\r\n	<li style="text-align: justify;">Installation process is complete and your printer is ready to use.</li>\r\n</ol>\r\n\r\n<p>The synonym of word &ldquo;choose&rdquo; in the text is &hellip;</p>\r\n', NULL, NULL, NULL, '<p>abandon</p>\r\n', '<p>ignore</p>\r\n', '<p>select</p>\r\n', '<p>complete</p>\r\n', '<p>press</p>\r\n', 'C', 'Y'),
(529, 10, 'Dua angka berikutnya dari barisan 1, 3, 4, -1, 7, - 5, …, …', NULL, NULL, NULL, '11, -10', '10, -9', ' 11, -8', '8, -6', '6, -8', 'B', 'Y'),
(530, 10, 'Jika hari kemarin adalah Selasa, maka sepuluh hari kedepan adalah hari . . ', NULL, NULL, NULL, 'Sabtu', ' Minggu', ' Jum''at', 'Kamis', 'Selasa', 'A', 'Y'),
(531, 10, 'Seorang anak berjalan 3 langkah kedepan dari tempat dia berdiri, kemudian melangkah kebelakang sejauh 10 langkah. Berapa jarak dia saat ini dari awal mula berdiri?', NULL, NULL, NULL, '3 langkah', ' 5 langkah', '7 langkah', '9 langkah', ' 10 langkah', 'C', 'Y'),
(532, 10, 'Sebuah baju dijual toko dengan harga Rp. 110.000,00., khusus pada hari ini baju tersebut berdiskon 10%. Berapa harga jual baju tersebut hari ini?', NULL, NULL, NULL, ' Rp. 111.000', 'Rp. 109.000', 'Rp. 100.000', 'Rp. 99.000', 'Rp. 95.000', 'D', 'Y'),
(533, 10, 'Sebuah bangunan dikerjakan sebanyak 6 orang dan dapat diselesaikan selama 12 hari. Jika pemilik bangunan ingin menyelesaikan dalam 8 hari, berapa orang yang dibutuhkan?', NULL, NULL, NULL, '8 orang', '10 orang', '12 orang', ' 14 orang', ' 16 orang', 'C', 'Y'),
(534, 10, 'Bustomi sudah sampai sekolah tepat pada pukul 07.12 WIB, padahal dia baru keluar dari rumah pada pukul 06.36 WIB. Berapa lama perjalanan dari rumahnya ke sekolah?', NULL, NULL, NULL, ' 28 menit', '30 menit', '32 menit', '34 menit', '36 menit', 'E', 'Y'),
(535, 10, 'Sebuah bangunan mempunyai luas 60 meter persegi. Jika salah satu panjangnya adalah 5 meter maka keliling bangunan tersebut adalah . . . Meter', NULL, NULL, NULL, '12', '17', '24', '29', '34', 'E', 'Y'),
(536, 10, '2, 2, 3, 3, 4, 6, 4, 6, …', NULL, NULL, NULL, '7', '8', '9', '10', '11', 'C', 'Y'),
(537, 10, '5 - 2 x 10 + 5 = . . .', NULL, NULL, NULL, '-10', '-5', '0', '25', '35', 'A', 'Y'),
(538, 10, 'Hasil perkalian (2/3)2 x (3/4)2 adalah . . . . ', NULL, NULL, NULL, 'A.    1/3', 'B.     1/4', '3', '6', '9', 'B', 'Y'),
(539, 10, 'Dalam dunia komputer di kenal istilah sistem operasi seperti Windows 7, Windows10, dan Linux. Fungsi dari sistem operasi tersebut adalah …', NULL, NULL, NULL, 'mengatur perangkat lunak dan perangkat keras komputer', 'mengatur semua operasi dari seluruh perangkat keras komputer', 'mengatur operasi perangkat lunak komputer', 'mengatur manajemen file komputer', 'mengatur perintah komputer', 'A', 'Y'),
(540, 10, 'Hal-hal yang harus diperhatikan dalam menghidupkan komputer apabila menggunakan sisitem operasi Microsoft Windows adalah sebagai berikut, kecuali …', NULL, NULL, NULL, 'pastikan semua kabel power di komputer sudah terhubung denagn jaringan listrik', 'hidupkan CPU dengan menakan tombol on di casing', 'hidupkan CPU dengan menakan tombol restart di casing', 'hidupkan layar dengan menekan tombol on di monitor', 'tunggu sampai prosedur booting selesai', 'C', 'Y'),
(541, 10, 'Untuk mematikan komputer apabila menggunakan sistem operasi Microsoft Windows adalah dengan menggunakan prosedur …', NULL, NULL, NULL, 'shut down', 'shut up', 'shut system', 'pull down', 'restart', 'A', 'Y'),
(542, 10, 'Berkut ini adalah prosedur shut down di Microsoft Window, kecuali …', NULL, NULL, NULL, 'tutup semua program aplikasi yang masih aktif', 'klik tombol Start dengan mouse di desktop menu', 'pilih tombol Delete', 'klik Turn Off komputer', 'klik tombol Turn Off', 'C', 'Y'),
(543, 10, 'Perangkat penyimpanan disebut juga dengan …', NULL, NULL, NULL, 'output devices', 'input devices', 'storage devices', 'hardware', 'software', 'C', 'Y'),
(544, 10, 'Tombol … pada CPU digunakan ketika komputer mengalami hang atau crash.', NULL, NULL, NULL, 'remote', 'reset', 'remove', 'replace', 'reserve', 'B', 'Y'),
(545, 10, 'Berikut adalah input device komputer, kecuali…', NULL, NULL, NULL, 'Keyboard', 'Mouse', 'Scanner', 'Printer', 'Webcam', 'D', 'Y'),
(546, 10, 'Berikut yang termasuk output device komputer adalah…', NULL, NULL, NULL, 'Keyboard', 'Mouse', 'Scanner', 'Monitor', 'Webcam', 'D', 'Y'),
(547, 10, 'Berikut ini yang merupakan perangkat keras (Hardware) dari sebuah komputer, kecuali ….', NULL, NULL, NULL, 'CPU', 'Monitor', 'Keyboard', 'Mouse', 'Windows', 'E', 'Y'),
(548, 10, 'Microsoft Windows 10 termasuk ke dalam bagian Software…', NULL, NULL, NULL, 'Aplikasi pengolah data', 'Aplikasi pengolah kata', 'Aplikasi pengolah angka', 'Sistem operasi', 'sistem open source', 'D', 'Y');

-- --------------------------------------------------------

--
-- Table structure for table `d_ujian`
--

CREATE TABLE IF NOT EXISTS `d_ujian` (
`id` bigint(20) NOT NULL,
  `jurusan_id` bigint(20) DEFAULT NULL,
  `judul_ujian` varchar(255) DEFAULT NULL,
  `tipe_ujian` enum('Objektif','Essay') DEFAULT 'Objektif',
  `tgl_mulai` date DEFAULT NULL,
  `jam_mulai` time DEFAULT NULL,
  `tgl_selesai` date DEFAULT NULL,
  `jam_selesai` time DEFAULT NULL,
  `waktu_ujian` int(3) DEFAULT NULL,
  `aktif` enum('Y','N') DEFAULT 'Y',
  `jml_soal` int(3) DEFAULT NULL
) ENGINE=InnoDB AUTO_INCREMENT=11 DEFAULT CHARSET=utf8;

--
-- Dumping data for table `d_ujian`
--

INSERT INTO `d_ujian` (`id`, `jurusan_id`, `judul_ujian`, `tipe_ujian`, `tgl_mulai`, `jam_mulai`, `tgl_selesai`, `jam_selesai`, `waktu_ujian`, `aktif`, `jml_soal`) VALUES
(1, 1, 'Tes Kompetensi Dasar - PPDB 2024', 'Objektif', '2024-05-10', '08:00:00', '2024-07-30', '21:59:59', 3600, 'Y', 5),
(7, 2, 'Tes Kompetensi Dasar - PPDB 2024', 'Objektif', '2024-05-10', '08:00:00', '2024-07-30', '21:59:59', 3600, 'Y', 5),
(8, 3, 'Tes Kompetensi Dasar - PPDB 2024', 'Objektif', '2024-05-10', '08:00:00', '2024-07-30', '21:59:59', 3600, 'Y', 5),
(9, 4, 'Tes Kompetensi Dasar - PPDB 2024', 'Objektif', '2024-05-10', '08:00:00', '2024-07-30', '21:59:59', 3600, 'Y', 5),
(10, 5, 'Tes Kompetensi Dasar - PPDB 2024', 'Objektif', '2024-05-10', '08:00:00', '2024-07-30', '21:59:59', 3600, 'Y', 5);

-- --------------------------------------------------------

--
-- Table structure for table `info_statis`
--

CREATE TABLE IF NOT EXISTS `info_statis` (
`id` bigint(20) NOT NULL,
  `judul` varchar(255) DEFAULT NULL,
  `link` varchar(100) DEFAULT NULL,
  `gambar` varchar(255) DEFAULT NULL,
  `isi` text
) ENGINE=InnoDB AUTO_INCREMENT=12 DEFAULT CHARSET=utf8;

--
-- Dumping data for table `info_statis`
--

INSERT INTO `info_statis` (`id`, `judul`, `link`, `gambar`, `isi`) VALUES
(8, 'Sambutan Kepala Sekolah', 'sambutan-kepala-sekolah', NULL, 'Assalamualaikum Wr Wb \r\n\r\nSalam sejahtera untuk kita semua. \r\n\r\nSelamat datang di website resmi PPDB 2023 SMK Teknik PAL Surabaya. Website ini kami bangun untuk semakin memudahkan lulusan SMP/MTs dalam melakukan pendaftaran dan bergabung sebagai calon peserta didik SMK Teknik PAL Surabaya tahun pembelajaran 2023/2024. Dimana perkembangan teknologi akan terus kami ikuti dengan turut melakukan pengembangan dan perubahan kearah kemajuan di SMK Teknik PAL Surabaya, termasuk sistem PPDB online ini.\r\n\r\nKami ucapkan selamat datang juga di gerbang SMK Teknik PAL Surabaya, sebuah sekolah menengah kejuruan teknik yang berada di area industri PT PAL Indonesia. SMK Teknik PAL Surabaya adalah SMK Pusat Keunggulan yang telah ditetapkan oleh kementerian Pendidikan, kebudayaan, riset dan teknonogi. SMK Teknik PAL Surabaya juga menyandang gelar sekolah favorit tahun 2022 versi event Jawa Timur. Bergabung dengan kami merupakan suatu langkah yang tepat dalam rangka mewujudkan cita-cita generasi yang siap kerja, berpotensi melanjutkan ke perguruan tinggi dan memiliki bekal entrepreneur. Pengembangan karakter peserta didik terutama kedisiplinan menjadi salah satu perhatian kami, sehingga kami siap untuk mencetak generasi yang unggul baik dari segi hard skill maupun soft skill. \r\n\r\nSMK Teknik PAL Surabaya mempunyai 5 kompetensi keahlian yakni Konstruksi Kapal Baja, Teknik Pengelasan, Teknik Otomasi Industri, Teknik Komputer dan Jaringan dan Teknik Pemesinan. Semua kompetensi keahlian ditunjang dengan fasilitas pembelajaran yang lengkap baik teori maupun praktik. Pengembangan potensi dari sektor non akademis, SMK Teknik PAL Surabaya mempunyai kegiatan ekstrakurikuler dengan segenap prestasinya. Ekstrakurikuler tersebut antara lain: PASKAPAL (Paskibra SMK Teknik PAL), Pramuka, MPR, Taekwondo, Pencak Silat, Futsal, Banjari, Jurnalistik, Maket Kapal (Palvo Hydromodelling), Shipper Mania (Supporter SMK Teknik PAL), Seni, Robotika. Hal ini sangat berpotensi dalam pengembangan potensi peserta didik yang memiliki bakat pada bidang tertentu. Dalam rangka publikasi perkembangan di SMK Teknik PAL Surabaya, termasuk di dalamnya adalah info tentang PPDB, SMK Teknik PAL Surabaya memiliki akun media online dan media sosial resmi antara lain website: www.smkteknikpal.sch.id , Instagram: SMK Teknik PAL Surabaya , Facebook: SMK Teknik PAL Surabaya , YouTube: SMK TEKNIK PAL SURABAYA , dan Tik Tok: SMK Teknik PAL Surabaya Sekali lagi, mari bergabung dengan kami, ajak rekan-rekan untuk mengenal kami dan menggapai cita-cita bersama kami. Selamat datang, selamat bergabung, SUKSES. SMK Teknik PAL, Satu Kata, Satu Tekad, Satu Tujuan, TEKNIK PAL JAYA...!!! \r\n\r\nWassalamualaikum Wr Wb. \r\n\r\nEko Agus Triswanto, S.Pd.,S.Si.\r\n'),
(10, 'Rincian Biaya Pendaftaran', 'rincian-biaya-pendaftaran', 'dc4a8-22122023152323_page-0001.jpg', 'berikut rincian biaya pendaftaran PPDB 2024/2025&nbsp;SMK Teknik PAL Surabaya\r\n'),
(11, 'Alur dan Syarat PPDB', 'alur-dan-syarat-ppdb', '7abbc-alur-ppdb.jpg', 'Persyaratan pendaftaran calon peserta didik baru SMK Teknik Pal Surabaya: Keterangan tempat tinggal atau domisili dibuktikan dengan Kartu Keluarga (KK). Usia pada saat mendaftar tidak lebih dari 17 tahun. Untuk uang pendaftaran sebesar Rp. 300.000,- Silakan transfer ke nomor rekening: 140-00709196-01, Bank Mandiri cab. Surabaya PT. PAL, a/n: Yayasan Pusdiklat Pal Indonesia Setelah melakukan transfer harap upload bukti transfer pada saat pengisian formulir online atau hadir ke SMK Teknik PAL Surabaya membawa bukti transfer.\n');

-- --------------------------------------------------------

--
-- Table structure for table `kuota_kelas`
--

CREATE TABLE IF NOT EXISTS `kuota_kelas` (
`id` bigint(20) NOT NULL,
  `periode_id` bigint(20) DEFAULT NULL,
  `kelas_id` bigint(20) DEFAULT NULL,
  `kuota` int(4) DEFAULT NULL
) ENGINE=InnoDB AUTO_INCREMENT=37 DEFAULT CHARSET=utf8;

--
-- Dumping data for table `kuota_kelas`
--

INSERT INTO `kuota_kelas` (`id`, `periode_id`, `kelas_id`, `kuota`) VALUES
(1, 4, 1, 30),
(2, 4, 2, 30),
(3, 4, 3, 30),
(4, 4, 4, 30),
(5, 4, 5, 30),
(6, 4, 6, 30),
(7, 4, 7, 30),
(8, 4, 8, 30),
(9, 4, 9, 30),
(10, 5, 1, 39),
(11, 5, 2, 39),
(12, 5, 3, 40),
(13, 5, 4, 39),
(14, 5, 5, 37),
(15, 5, 6, 39),
(16, 5, 7, 39),
(17, 5, 8, 39),
(18, 5, 9, 37),
(19, 2, 1, 30),
(20, 2, 2, 30),
(21, 2, 3, 30),
(22, 2, 4, 30),
(23, 2, 5, 30),
(24, 2, 6, 30),
(25, 2, 7, 30),
(26, 2, 8, 30),
(27, 2, 9, 30),
(28, 6, 1, 38),
(29, 6, 2, 38),
(30, 6, 3, 38),
(31, 6, 4, 36),
(32, 6, 5, 37),
(33, 6, 6, 37),
(34, 6, 7, 38),
(35, 6, 8, 38),
(36, 6, 9, 37);

-- --------------------------------------------------------

--
-- Table structure for table `master_kelas`
--

CREATE TABLE IF NOT EXISTS `master_kelas` (
`id` bigint(20) NOT NULL,
  `nama_kelas` varchar(50) DEFAULT NULL,
  `jurusan_id` bigint(20) DEFAULT NULL,
  `kuota` int(2) DEFAULT NULL,
  `aktif` enum('Y','N') DEFAULT 'Y'
) ENGINE=InnoDB AUTO_INCREMENT=10 DEFAULT CHARSET=utf8;

--
-- Dumping data for table `master_kelas`
--

INSERT INTO `master_kelas` (`id`, `nama_kelas`, `jurusan_id`, `kuota`, `aktif`) VALUES
(1, 'X KKB A', 2, 30, 'Y'),
(2, 'X KKB B', 2, 30, 'Y'),
(3, 'X TPM A', 4, 30, 'Y'),
(4, 'X TPM B', 4, 30, 'Y'),
(5, 'X TKJ A', 5, 30, 'Y'),
(6, 'X TOI', 1, 30, 'Y'),
(7, 'X TL A', 3, 30, 'Y'),
(8, 'X TL B', 3, 30, 'Y'),
(9, 'X TKJ B', 5, NULL, 'Y');

-- --------------------------------------------------------

--
-- Table structure for table `periode_kuota`
--

CREATE TABLE IF NOT EXISTS `periode_kuota` (
`id` bigint(20) NOT NULL,
  `periode_id` bigint(20) DEFAULT NULL,
  `jurusan_id` bigint(20) DEFAULT NULL,
  `kuota` int(4) DEFAULT NULL
) ENGINE=InnoDB DEFAULT CHARSET=utf8;

-- --------------------------------------------------------

--
-- Table structure for table `periode_pendaftaran`
--

CREATE TABLE IF NOT EXISTS `periode_pendaftaran` (
`id` bigint(20) NOT NULL,
  `nama_tahun` varchar(9) DEFAULT NULL,
  `gelombang` varchar(20) DEFAULT NULL,
  `tgl_mulai` date DEFAULT NULL,
  `tgl_selesai` date DEFAULT NULL,
  `biaya_pendaftaran` int(10) DEFAULT NULL,
  `aktif` enum('Y','N') DEFAULT 'N'
) ENGINE=InnoDB AUTO_INCREMENT=7 DEFAULT CHARSET=utf8;

--
-- Dumping data for table `periode_pendaftaran`
--

INSERT INTO `periode_pendaftaran` (`id`, `nama_tahun`, `gelombang`, `tgl_mulai`, `tgl_selesai`, `biaya_pendaftaran`, `aktif`) VALUES
(1, '2021/2022', '1', '2020-12-05', '2021-05-31', 300000, 'N'),
(2, '2021/2022', '2', '2021-02-22', '2021-04-26', 300000, 'N'),
(3, '2021/2022', '3', '2021-04-26', '2021-07-06', 300000, 'N'),
(4, '2022/2023', '1', '2021-12-20', '2022-07-31', 300000, 'N'),
(5, '2023/2024', '1', '2022-12-20', '2023-08-01', 300000, 'N'),
(6, '2024-2025', '1', '2023-12-27', '2024-07-30', 300000, 'Y');

-- --------------------------------------------------------

--
-- Table structure for table `ref_agama`
--

CREATE TABLE IF NOT EXISTS `ref_agama` (
`id` bigint(20) NOT NULL,
  `nama_agama` varchar(100) DEFAULT NULL
) ENGINE=InnoDB AUTO_INCREMENT=6 DEFAULT CHARSET=utf8;

--
-- Dumping data for table `ref_agama`
--

INSERT INTO `ref_agama` (`id`, `nama_agama`) VALUES
(1, 'Islam'),
(2, 'Kristen Katolik'),
(3, 'Kristen Protestan'),
(4, 'Hindu'),
(5, 'Budha');

-- --------------------------------------------------------

--
-- Table structure for table `ref_atribut`
--

CREATE TABLE IF NOT EXISTS `ref_atribut` (
`id` bigint(20) NOT NULL,
  `nama_atribut` varchar(100) DEFAULT NULL
) ENGINE=InnoDB AUTO_INCREMENT=15 DEFAULT CHARSET=utf8;

--
-- Dumping data for table `ref_atribut`
--

INSERT INTO `ref_atribut` (`id`, `nama_atribut`) VALUES
(1, '1 (satu) stel kain seragam khusus.'),
(2, '1 (satu) Stel kain seragam warna putih abu-abu.'),
(3, '1 (satu) Stel kain seragam pramuka.'),
(4, '1 (satu) Stel seragam praktek (warepack).'),
(5, '1 (satu) Stel seragam olahraga.'),
(6, '1 (satu) Stel Sepatu safety (bengkel/lab)'),
(7, '1 (satu) Stel Sepatu PDH'),
(8, '2 (dua ) Stel kaos kaki (Hitam & Putih)'),
(9, '1 (satu) Peci & dasi seragam khusus.'),
(10, '2 (dua)  Set tanda pangkat & attribute.'),
(11, '1 (satu) Ikat pinggang'),
(12, '1 (satu) Topi & dasi seragam warna putih abu-abu'),
(13, '1 (Satu) Baret & Emblem Pramuka'),
(14, '1 (Satu) Hasduk & Ring Pramuka');

-- --------------------------------------------------------

--
-- Table structure for table `ref_berkas`
--

CREATE TABLE IF NOT EXISTS `ref_berkas` (
`id` bigint(20) NOT NULL,
  `nama_berkas` varchar(100) DEFAULT NULL
) ENGINE=InnoDB AUTO_INCREMENT=9 DEFAULT CHARSET=utf8;

--
-- Dumping data for table `ref_berkas`
--

INSERT INTO `ref_berkas` (`id`, `nama_berkas`) VALUES
(1, '3 (tiga) lembar pas foto berwarna ukuran  3 x 4.'),
(2, '1 (satu) lembar foto copy Ijasah SMP/sederajat'),
(3, '1 (satu) lembar foto copy Ijazah SD/sederajat'),
(4, '1 (satu) lembar foto copy Rapor (semester 5).'),
(5, '1 (satu) lembar foto copy Kartu Keluarga.'),
(6, '1 (satu) lembar foto copy AKTE Kelahiran.'),
(7, '1 (satu) lembar foto copy Rekening Listrik bulan terakhir.'),
(8, '1 (satu) lembar surat keterangan sehat dan bebas narkoba dari dokter/puskesmas.');

-- --------------------------------------------------------

--
-- Table structure for table `ref_identitas`
--

CREATE TABLE IF NOT EXISTS `ref_identitas` (
  `id` int(1) NOT NULL,
  `nama_lembaga` varchar(255) DEFAULT NULL,
  `nama_kepala` varchar(255) DEFAULT NULL,
  `nip_kepala` varchar(255) DEFAULT NULL,
  `alamat` varchar(255) DEFAULT NULL,
  `kecamatan` varchar(255) DEFAULT NULL,
  `kab_kota` varchar(255) DEFAULT NULL,
  `provinsi` varchar(255) DEFAULT NULL,
  `no_telpon` varchar(255) DEFAULT NULL,
  `kode_pos` varchar(255) DEFAULT NULL,
  `website` varchar(255) DEFAULT NULL,
  `email` varchar(255) DEFAULT NULL,
  `logo1` varchar(255) DEFAULT NULL,
  `logo2` varchar(255) DEFAULT NULL
) ENGINE=InnoDB DEFAULT CHARSET=utf8;

--
-- Dumping data for table `ref_identitas`
--

INSERT INTO `ref_identitas` (`id`, `nama_lembaga`, `nama_kepala`, `nip_kepala`, `alamat`, `kecamatan`, `kab_kota`, `provinsi`, `no_telpon`, `kode_pos`, `website`, `email`, `logo1`, `logo2`) VALUES
(1, 'SMK TEKNIK PAL SURABAYA', 'Eko Agus Triswanto, S.Pd, S.Si', '12345678987654321', 'Jl. Diklat No. 1 Ujung, Surabaya, 031-3286812, www.smkteknikpal.sch.id', 'Surabaya', 'Surabaya', 'Jawa Timur', '(0736) 22027', '38228', 'www.unived.ac.id', 'info@smkteknikpal.sch.id', '71f3a-icon.png', 'b5863-urs_ukas.jpg');

-- --------------------------------------------------------

--
-- Table structure for table `ref_jurusan`
--

CREATE TABLE IF NOT EXISTS `ref_jurusan` (
`id` bigint(20) NOT NULL,
  `kode` varchar(30) DEFAULT NULL,
  `nama_jurusan` varchar(100) DEFAULT NULL,
  `gambar` varchar(200) DEFAULT NULL,
  `link` varchar(100) DEFAULT NULL,
  `informasi` text,
  `aktif` enum('Y','N') DEFAULT 'Y'
) ENGINE=InnoDB AUTO_INCREMENT=6 DEFAULT CHARSET=utf8;

--
-- Dumping data for table `ref_jurusan`
--

INSERT INTO `ref_jurusan` (`id`, `kode`, `nama_jurusan`, `gambar`, `link`, `informasi`, `aktif`) VALUES
(1, 'E', 'Teknik Otomasi Industri', '67fa4-untitled1.png', 'teknik-otomasi-industri', '\n	Apa Itu Teknik Otomasi Industri?\n\n	Di Kejuruan Teknik Otomasi Industri (TOI) Program 4 Tahun kalian akan mempelajari tentang instalasi listrik penerangan , sistem dan cara kerja otomatisasi peralatan industri. Oleh karena itu sebagai calon siswa &ndash; siswi Kejuruan Teknik Otomasi Industri nanti akan mendapatkan ilmu yang membuat&nbsp; kalian akan menjasi ahli dalam bidang Otomasi Industri. Pelajaran yang akan kalian dapatkan di Kejuruan Teknik Otomasi Industri, yaitu :\n\n	\n		KELAS X : Gambar Teknik Listrik, Dasar Listrik dan Elektronika, Pekerjaan Dasar Elektromekanik dan K3LH, Robotika.\n	\n		KELAS XI : Piranti Sensor dan Aktuator, Sistem Kontrol Elektromekanik dan Elektronik, Sistem Kontrol Elektropneumatik, Sistem Kontrol Terprogram, Produk Kreatif dan Kewirausahaan, Robotika.\n	\n		KELAS XII : Piranti Sensor dan Aktuator, Sistem Kontrol Elektromekanik dan Elektronik, Sistem Kontrol Elektropneumatik, Sistem Kontrol Terprogram, Produk Kreatif dan Kewirausahaan, Dasar Kelistrikan Kapal.\n	\n		KELAS XIII : Piranti Sensor dan Aktuator, Sistem Kontrol Elektromekanik dan Elektronik, Sistem Kontrol Elektropneumatik, Sistem Kontrol Terprogram, Produk Kreatif dan Kewirausahaan, Dasar Kelistrikan Kapal.\n\n\n	Kenapa Kalian Harus Memilih Teknik Otomasi Insustri?\n\n	Apabila kalian mempunyai hobidalam hal listrik dan robotika, maka kalian wajib pilih jurusan ini. Keunggulan dari Jurusan Teknik Otomasi Industri adalah ALUMNI / LULUSANNYA sangat dibutuhkan di semua industri.\n\n	Prospek Kerja Kejuruan Teknik Otomasi Industri\n\n	Teknik Otomasi Industri &nbsp;merupakan salah satu jurusan yang memiliki peluang kerja yang sangat tinggi dikarenakan hampir semua lini industri seperti Industri Manufaktur, Otomotif, Pertambangan, Kontruksi, Kimia, Komunikasi, Kosmetik dll selalu memerlukan listrik dan otomasi robotik yang pastinya membutuhkan lulusan dari siswa jurusan Teknik Otomasi Industri. Karena semua industri memerlukan pasokan sumber energi listrik maka kalian tepat jika memilih kejuruan teknik Otomasi Industri\n\n	&nbsp;\n', 'Y'),
(2, 'C', 'Teknik Konstruksi Kapal Baja', 'a978f-kkb.jpg', 'teknik-konstruksi-kapal-baja', '\n	Jurusan Konstruksi Kapal Baja berada pada ruang lingkup bidang keahlian teknologi dan rekayasa, program keahlian perkapalan, dan kompetensi keahlian konstruksi kapal baja.\n\n	Peserta didik KKB dibekali dengan pengetahuan dan keterampilan sebagai seorang fitter dan drafter. Fitter merupakan seseorang yang melakukan pekerjaan perakitan ataupun penyetelan pada sebuah pekerjaan yang berhubungan dengan bahan logam, dalam hal ini adalah bahan baja dalam konstruksi kapal. Kompetensi yang diberikan :Teknik Dasar Perkapalan, Gambar Teknik, Pekerjaan Dasar Teknik Perkapalan, Konstruksi Bangunan Kapal Baja, Gambar Bukaan Kapal Baja, Pembuatan dan Perakitan Komponen Kapal Baja, Autocad dan Produk Kreatif dan Kewirausahaan\n\n	Kenapa Harus Memilih Jurusan Konstruksi Kapal Baja ?\n\n	Apabila anda menyukai tentang dunia perkapaplan, desain &nbsp;dan hal &ndash; hal yang berkaitan dengan kapal, anda akan lebih baik apabila masuk jurusan konstruksi kapal baja. Keunggulan dari jurusan konstruksi kapal baja &nbsp;adalah ALUMNI / LULUSAN dari jurusan konstruksi kapal baja banyak yang dapat diterima kerja pada industry perkapalan, industry logam, program pemagangan ke jepang dan diterima di perguruan tinggi negeri.\n\n	Prospek Lulusan Jurusan Teknik Konstruksi Kapal Baja\n\n	Jurusan Konstruksi Kapal Baja merupakan salah satu jurusan yang memiliki peluang kerja yang sanga tinggi dikarenakan hampir semua lini industri perkapalan dan industri logam seperti Industri manufaktur, kontruksi, sangat membutuhkan seorang fitter dan seorang drafter yang kompeten. Selain itu alumni jurusan konstruksi kapal baja juga dapat mengikuti program pemagangan ke jepang dan juga dapat melanjutkan pendidikan perguruan tinggi.\n', 'Y'),
(3, 'W', 'Teknik Pengelasan', '0584b-tl.png', 'teknik-pengelasan', '\n	Apa Itu Teknik Pengelasan ?\n\n	Di Teknik Pengelasan kamu akan mempelajari membaca gambar teknik, persiapan pengelasan, pelaksanaan pengelasaan, dan pemeriksaan hasil pengelasan. Oleh karena itu sebagai calon siswa &ndash; siswi Kejuruan Teknik Pengelasan, kalian akan mendapatkan pelajaran yang tujuannya mencetak lulusan yang ahli dan komnpeten dalam bidang Pengelasan. Pelajaran yang akan kalian dapatkan di Kejuruan Teknik Pengelasan yaitu :\n\n	\n		Kelas X : Perancangan Dasar Teknik Mesin, Dasar Perancangan Teknik Mesin, Gambar Teknik, dan AutoCAD.\n	\n		Kelas XI : Pengelasan OAW, Pengelasan SMAW, Pengelasan GMAW, AutoCAD, dan Produk Kreatif dan Kewirausahaan.\n	\n		Kelas XII : Pengelasan SMAW, Pengelasan GMAW, Pengelasan GTAW, Pengelasan MIG Non Ferrous, dan Produk Kreatif dan Kewirausahaan.\n\n\n	Kenapa Kalian Harus Memilih Teknik Pengelasan ?\n\n	Apabila kalian menyukai pengelasan dan hal &ndash; hal yang berkaitan dengan teknik pengelasan, kalian wajib masuk jurusan ini. Keunggulan dari Jurusan Teknik Pengelasan adalah ALUMNI / LULUSANNYA dibutuhkan oleh berbagai macam industri.\n\n	Prospek Kerja Jurusan Teknik Pengelasan\\\n\n	Teknik Pengelasan merupakan salah satu jurusan yang memiliki peluang kerja yang sangat tinggi dikarenakan hampir semua industri membutuhkan yang namanya pengelasan. Seperti halnya pada Industri Perkapalan, Fabrikasi, dan Konstruksi yang membutuhkan siswa jurusan Teknik Pengelasan. Jangan berfikir jika kalian lulus dari Jurusan Teknik Pengelasan akan menjadi tukang las pagar, padahal Jurusan Pengelasan memiliki prospek karir yang sangat bagus dibanding jurusan lainnya seperti Welder 3G, Welder 4G, Welder 6G, dan Welder 6GR yang banyak dicari oleh banyak perusahaan besar.\n', 'Y'),
(4, 'M', 'Teknik Pemesinan', '19035-untitled3.png', 'teknik-pemesinan', '\n	Apa Itu Teknik Pemesinan ?\n\n	Teknik Pemesinan kamu akan mempelajari prinsip &ndash; prinsip desain, proses manufaktur dan pemeliharaan mesin. Oleh karena itu sebagai calon siswa &ndash; siswi Kejuruan Teknik Pemesinan kalian nanti akan mendapatkan pelajaran yang tujuannya kalian nanti akan ahli dalam bidang Pemesinan. Pelajaran yang akan kalian dapatkan di Kejuruan Teknik Pemesinan yaitu :\n\n	\n		Kelas X : Perancangan Dasar Teknik Mesin, Dasar Perancangan Teknik Mesin, Gambar Teknik, AutoCAD dan K3LH.\n	\n		Kelas XI : Gambar Teknik Manufaktur, Inventor, CAM, Teknik Bubut Dasar, Teknik Frais Dasar, Gambar Teknik Manufaktur, CNC, dan Produk Kreatif dan Kewirausahaan.\n	\n		Kelas XII : Teknik Mesin Bubut lanjut, Teknik Mesin Frais lanjut, Teknik Mesin Gerinda dan Teknik Mesin CNC dan CAM.\n\n\n	Kenapa Kalian Harus Memilih Teknik Pemesinan ?\n\n	Apabila kalian menyukai mesin dan hal &ndash; hal yang berkaitan dengan teknik, kalian wajib masuk jurusan ini. Keunggulan dari Jurusan Teknik Pemesinan adalah ALUMNI / LULUSANNYA dibutuhkan oleh berbagai macam industri.\n\n	Prospek Kerja Jurusan Teknik Pemesinan\n\n	Teknik Pemesinan merupakan salah satu jurusan yang memiliki peluang kerja yang sangat tinggi dikarenakan hampir semua lini industri seperti Industri Manufaktur, otomotif, pertambangan, kontruksi, kimia, komunikasi, kosmetik dll pasti membutuhkan lulusan dari siswa jurusan Teknik Pemesinan. Jangan berfikir jika kalian lulus dari Jurusan Teknik Pemesinan akan menjadi montir di bengkel padahal Jurusan Pemesinan memiliki prospek karir yang sangat bagus dibanding jurusan lainnya seperti Programer Mesin CNC, Operator Mesin Bubut, Frais, Konsultan Mekanik, Drafter DLL.\n', 'Y'),
(5, 'N', 'Teknik Komputer dan Jaringan', 'b8b87-untitled.png', 'teknik-komputer-dan-jaringn', NULL, 'Y');

-- --------------------------------------------------------

--
-- Table structure for table `ref_kelamin`
--

CREATE TABLE IF NOT EXISTS `ref_kelamin` (
`id` int(2) NOT NULL,
  `nama_kelamin` varchar(30) DEFAULT NULL
) ENGINE=InnoDB AUTO_INCREMENT=3 DEFAULT CHARSET=utf8;

--
-- Dumping data for table `ref_kelamin`
--

INSERT INTO `ref_kelamin` (`id`, `nama_kelamin`) VALUES
(1, 'L'),
(2, 'P');

-- --------------------------------------------------------

--
-- Table structure for table `ref_status_tempat_tinggal`
--

CREATE TABLE IF NOT EXISTS `ref_status_tempat_tinggal` (
`id` bigint(20) NOT NULL,
  `nama_status_tempat_tinggal` varchar(100) DEFAULT NULL
) ENGINE=InnoDB AUTO_INCREMENT=4 DEFAULT CHARSET=utf8;

--
-- Dumping data for table `ref_status_tempat_tinggal`
--

INSERT INTO `ref_status_tempat_tinggal` (`id`, `nama_status_tempat_tinggal`) VALUES
(1, 'Milik Sendiri'),
(2, 'Numpang'),
(3, 'Kost/Kontrak');

-- --------------------------------------------------------

--
-- Table structure for table `ref_transportasi`
--

CREATE TABLE IF NOT EXISTS `ref_transportasi` (
`id` bigint(20) NOT NULL,
  `nama_transportasi` varchar(100) DEFAULT NULL
) ENGINE=InnoDB AUTO_INCREMENT=9 DEFAULT CHARSET=utf8;

--
-- Dumping data for table `ref_transportasi`
--

INSERT INTO `ref_transportasi` (`id`, `nama_transportasi`) VALUES
(1, 'Jalan Kaki'),
(2, 'Sepeda'),
(3, 'Sepeda Motor'),
(4, 'Mobil Pribadi'),
(5, 'Ojek'),
(6, 'Mobil Umum'),
(7, 'Bus Umum'),
(8, 'Kereta Api');

-- --------------------------------------------------------

--
-- Table structure for table `s_grup`
--

CREATE TABLE IF NOT EXISTS `s_grup` (
`id` bigint(20) NOT NULL,
  `nama_grup` varchar(50) DEFAULT NULL,
  `keterangan` varchar(255) DEFAULT NULL
) ENGINE=InnoDB AUTO_INCREMENT=4 DEFAULT CHARSET=utf8;

--
-- Dumping data for table `s_grup`
--

INSERT INTO `s_grup` (`id`, `nama_grup`, `keterangan`) VALUES
(1, 'Super Administrator', 'Administrator Aplikasi'),
(2, 'Administrator', 'Admin Standar'),
(3, 'Pimpinan', 'Pimpinan');

-- --------------------------------------------------------

--
-- Table structure for table `s_grup_modul`
--

CREATE TABLE IF NOT EXISTS `s_grup_modul` (
`id` bigint(20) NOT NULL,
  `grup_id` bigint(20) NOT NULL,
  `modul_id` bigint(20) NOT NULL
) ENGINE=InnoDB AUTO_INCREMENT=25 DEFAULT CHARSET=utf8;

--
-- Dumping data for table `s_grup_modul`
--

INSERT INTO `s_grup_modul` (`id`, `grup_id`, `modul_id`) VALUES
(1, 1, 1),
(2, 1, 2),
(3, 1, 3),
(4, 1, 4),
(5, 1, 5),
(6, 1, 6),
(7, 1, 7),
(8, 1, 11),
(9, 1, 12),
(10, 2, 11),
(11, 1, 13),
(12, 1, 14),
(13, 1, 15),
(14, 1, 16),
(16, 1, 18),
(17, 1, 19),
(18, 1, 17),
(19, 2, 17),
(20, 2, 4),
(21, 2, 1),
(22, 2, 5),
(23, 1, 20),
(24, 1, 21);

-- --------------------------------------------------------

--
-- Table structure for table `s_kategori_modul`
--

CREATE TABLE IF NOT EXISTS `s_kategori_modul` (
`id` bigint(20) NOT NULL,
  `nama_kategori_modul` varchar(100) DEFAULT NULL,
  `icon_menu` varchar(50) DEFAULT NULL,
  `urutan` int(10) DEFAULT NULL
) ENGINE=InnoDB AUTO_INCREMENT=7 DEFAULT CHARSET=utf8;

--
-- Dumping data for table `s_kategori_modul`
--

INSERT INTO `s_kategori_modul` (`id`, `nama_kategori_modul`, `icon_menu`, `urutan`) VALUES
(1, 'Data Referensi', 'fa-building', 6),
(2, 'Master Data PPDB', 'fa-database', 1),
(3, 'User Manager', 'fa-users-cog', 3),
(4, 'Database', 'fa-database', 4),
(5, 'Pengaturan', 'fa-cog', 5),
(6, 'Laporan', 'fa-file', 2);

-- --------------------------------------------------------

--
-- Table structure for table `s_modul`
--

CREATE TABLE IF NOT EXISTS `s_modul` (
`id` bigint(20) NOT NULL,
  `kategori_modul_id` bigint(20) DEFAULT NULL,
  `nama_modul` varchar(100) DEFAULT NULL,
  `nama_menu` varchar(100) DEFAULT NULL,
  `icon_menu` varchar(100) DEFAULT NULL,
  `aktif` enum('Y','N') DEFAULT 'Y',
  `urutan` int(2) DEFAULT NULL
) ENGINE=InnoDB AUTO_INCREMENT=22 DEFAULT CHARSET=utf8;

--
-- Dumping data for table `s_modul`
--

INSERT INTO `s_modul` (`id`, `kategori_modul_id`, `nama_modul`, `nama_menu`, `icon_menu`, `aktif`, `urutan`) VALUES
(1, 2, 'admin_periode', 'Periode Pendaftaran', 'fa-circle', 'Y', 1),
(2, 1, 'admin_jurusan', 'Data Jurusan', 'fa-circle', 'Y', 1),
(3, 1, 'admin_kelas', 'Data Kelas', 'fa-circle', 'Y', 2),
(4, 2, 'admin_calon_siswa', 'Data Calon Siswa', 'fa-circle', 'Y', 3),
(5, 2, 'admin_periode_kuota', 'Kuota Penerimaan', 'fa-circle', 'Y', 2),
(6, 1, 'admin_atribut', 'Data Atribut', 'fa-circle', 'Y', 4),
(7, 3, 'grup_pengguna', 'Grup Pengguna', 'fa-circle', 'Y', 1),
(11, 3, 'admin_pengguna', 'Data Pengguna', 'fa-circle', 'Y', 2),
(12, 1, 'admin_berkas', 'Data Berkas Persyaratan', 'fa-circle', 'Y', 3),
(13, 5, 'identitas', 'Identitas Sekolah', 'fa-circle', 'Y', 3),
(14, 5, 'admin_info', 'Informasi Statis', 'fa-circle', 'Y', 5),
(15, 2, 'admin_ujian', 'Data Ujian PPDB', 'fa-circle', 'Y', 5),
(16, 3, 'pantau_ujian', 'Pantau Ujian', 'fa-circle', 'N', 2),
(17, 5, 'db', 'Backup Database', 'fa-circle', 'Y', 4),
(18, 2, 'admin_pindah_kelas', 'Manajemen Kelas', 'fa-circle', 'Y', 4),
(19, 2, 'kelulusan', 'Kelulusan Siswa', 'fa-circle', 'N', 4),
(20, 6, 'laporan_pendaftar', 'Laporan Data Pendaftar', 'fa-circle', 'Y', 1),
(21, 6, 'laporan_pembayaran', 'Laporan Pembayaran', 'fa-circle', 'Y', 2);

-- --------------------------------------------------------

--
-- Table structure for table `s_users`
--

CREATE TABLE IF NOT EXISTS `s_users` (
`id` bigint(20) NOT NULL,
  `username` varchar(255) DEFAULT NULL,
  `password` varchar(255) DEFAULT NULL,
  `nama_lengkap` varchar(255) DEFAULT NULL,
  `kelamin_id` int(2) DEFAULT NULL,
  `telp` varchar(20) DEFAULT NULL,
  `email` varchar(255) DEFAULT NULL,
  `foto` varchar(100) DEFAULT NULL,
  `grup_id` bigint(20) DEFAULT NULL,
  `aktif` enum('Y','N') DEFAULT 'Y',
  `update_terakhir` date DEFAULT NULL
) ENGINE=InnoDB AUTO_INCREMENT=47 DEFAULT CHARSET=utf8;

--
-- Dumping data for table `s_users`
--

INSERT INTO `s_users` (`id`, `username`, `password`, `nama_lengkap`, `kelamin_id`, `telp`, `email`, `foto`, `grup_id`, `aktif`, `update_terakhir`) VALUES
(1, 'admin', 'e10adc3949ba59abbe56e057f20f883e', 'ARIF BINSAR SURYA', 1, '085648166917', 'qurratusurya@gmail.com', 'default.jpg', 1, 'Y', '2020-12-31'),
(3, 'dina', 'e10adc3949ba59abbe56e057f20f883e', 'Dina Zaliniar', 2, NULL, NULL, NULL, 2, 'Y', '2021-01-08'),
(4, 'bekti', 'e10adc3949ba59abbe56e057f20f883e', 'Mukhamad Subekti', 1, '08563200262', 'bekti318@gmail.com', NULL, 2, 'Y', '2021-01-11'),
(5, 'lucky', 'e10adc3949ba59abbe56e057f20f883e', 'Lucky Mariska', 2, NULL, NULL, NULL, 2, 'Y', '2021-01-11'),
(6, 'nita', 'e10adc3949ba59abbe56e057f20f883e', 'Vinky Yusnita', 2, NULL, NULL, NULL, 2, 'Y', '2021-01-11'),
(7, 'yoga', 'e10adc3949ba59abbe56e057f20f883e', 'Yoga Ari Putra', 1, NULL, NULL, NULL, 2, 'Y', '2021-01-11'),
(8, 'yovie', 'e10adc3949ba59abbe56e057f20f883e', 'Yovie Rahmatullah', 1, NULL, NULL, NULL, 2, 'Y', '2021-01-11'),
(11, 'raga', 'e10adc3949ba59abbe56e057f20f883e', 'Firdaus Irba Ragasantri', 1, NULL, NULL, NULL, 2, 'Y', '2021-01-11'),
(12, 'tauhid', 'e10adc3949ba59abbe56e057f20f883e', 'Ahmad Tauhid', 1, NULL, NULL, NULL, 2, 'Y', '2021-01-11'),
(13, 'dedy', 'e10adc3949ba59abbe56e057f20f883e', 'Dedy Soelestyawan', 1, NULL, NULL, NULL, 2, 'Y', '2021-01-11'),
(14, 'tita', 'e10adc3949ba59abbe56e057f20f883e', 'Tita Amalia Pratiwi', 2, NULL, NULL, NULL, 2, 'Y', '2021-01-11'),
(15, 'alwi', 'e10adc3949ba59abbe56e057f20f883e', 'Muhammad Alwi Abdul Rachman', 1, NULL, NULL, NULL, 2, 'Y', '2021-01-11'),
(16, 'engky', 'e10adc3949ba59abbe56e057f20f883e', 'Engky Widyastuti', 2, NULL, NULL, NULL, 2, 'Y', '2021-01-11'),
(17, 'fida', 'e10adc3949ba59abbe56e057f20f883e', 'Imroatul Mufida Rasyidi', 2, NULL, NULL, NULL, 2, 'Y', '2021-01-11'),
(18, 'nurul', 'e10adc3949ba59abbe56e057f20f883e', 'Nurul Hidayah', 2, NULL, NULL, NULL, 2, 'Y', '2021-01-11'),
(19, 'intan', 'e10adc3949ba59abbe56e057f20f883e', 'Intan Savitri Solikhah', 2, NULL, NULL, NULL, 2, 'Y', '2021-01-11'),
(22, 'supri', 'e10adc3949ba59abbe56e057f20f883e', 'Supriyanto', 1, NULL, NULL, NULL, 2, 'Y', '2021-01-11'),
(23, 'mila', 'e10adc3949ba59abbe56e057f20f883e', 'Kamilah', 2, NULL, NULL, NULL, 2, 'Y', '2021-01-11'),
(24, 'bagus', 'e10adc3949ba59abbe56e057f20f883e', 'Bagus Dwi Wicaksono', 1, NULL, NULL, NULL, 2, 'Y', '2021-01-11'),
(25, 'danang', 'e10adc3949ba59abbe56e057f20f883e', 'Danang Kurniawan', 1, NULL, NULL, NULL, 2, 'Y', '2021-01-11'),
(27, 'samsul', 'e10adc3949ba59abbe56e057f20f883e', 'M Nur Syamsul Hidayat', 1, NULL, NULL, NULL, 2, 'Y', '2021-01-11'),
(28, 'wahyudi', 'e10adc3949ba59abbe56e057f20f883e', 'Wahyudi', 1, NULL, NULL, NULL, 2, 'Y', '2021-01-11'),
(29, 'imam', 'e10adc3949ba59abbe56e057f20f883e', 'Imam Suhadi', 1, NULL, NULL, NULL, 2, 'Y', '2021-01-11'),
(30, 'ichwan', 'e10adc3949ba59abbe56e057f20f883e', 'M Ichwan', 1, NULL, NULL, NULL, 2, 'Y', '2021-01-11'),
(32, 'arya', 'e10adc3949ba59abbe56e057f20f883e', 'Arya Yuniarta', 1, NULL, NULL, NULL, 2, 'Y', '2021-01-11'),
(33, 'hadi', 'e10adc3949ba59abbe56e057f20f883e', 'Hadi Suryowidarto', 1, NULL, NULL, NULL, 2, 'Y', '2021-01-11'),
(36, 'nanda', 'e10adc3949ba59abbe56e057f20f883e', 'Nanda Eko Prasetyawan', 1, NULL, NULL, NULL, 2, 'Y', '2021-01-11'),
(37, 'wahyu', 'e10adc3949ba59abbe56e057f20f883e', 'Wahyu Indarto', 1, NULL, NULL, NULL, 2, 'Y', '2021-01-11'),
(42, 'nikma', 'e10adc3949ba59abbe56e057f20f883e', 'Ni''matul Fatimah', 2, NULL, NULL, NULL, 2, 'Y', '2021-01-11'),
(46, 'andi', 'e10adc3949ba59abbe56e057f20f883e', 'M. Andi Firmansyah', 1, NULL, NULL, NULL, 2, 'Y', '2023-01-04');

-- --------------------------------------------------------

--
-- Stand-in structure for view `view_kuota_kelas`
--
CREATE TABLE IF NOT EXISTS `view_kuota_kelas` (
`id` bigint(20)
,`periode_id` bigint(20)
,`kelas_id` bigint(20)
,`kuota` int(4)
,`nama_kelas` varchar(50)
,`jurusan_id` bigint(20)
,`kode` varchar(30)
,`nama_jurusan` varchar(100)
,`nama_tahun` varchar(9)
,`gelombang` varchar(20)
);
-- --------------------------------------------------------

--
-- Stand-in structure for view `view_siswa_detail`
--
CREATE TABLE IF NOT EXISTS `view_siswa_detail` (
`id` bigint(20)
,`no_daftar` varchar(12)
,`periode_id` bigint(20)
,`nisn` varchar(50)
,`nis` varchar(50)
,`nama_siswa` varchar(100)
,`kelamin_id` int(2)
,`tmp_lahir` varchar(100)
,`tgl_lahir` date
,`agama_id` bigint(20)
,`tinggi_badan` int(3)
,`berat_badan` int(3)
,`kebutuhan_khusus` varchar(255)
,`no_telp` varchar(20)
,`no_hp` varchar(20)
,`waktu_tempuh` varchar(20)
,`jarak_tempuh` varchar(20)
,`transportasi_id` bigint(20)
,`email_siswa` varchar(100)
,`kelas_id` bigint(20)
,`paralel` varchar(50)
,`asal_sekolah` varchar(255)
,`no_ijazah` varchar(50)
,`tahun_lulus` int(4)
,`hobi` varchar(255)
,`npsn` varchar(50)
,`nama_ayah` varchar(50)
,`tahun_lahir_ayah` int(4)
,`pekerjaan_ayah` varchar(100)
,`pendidikan_ayah` varchar(40)
,`penghasilan_ayah` int(10)
,`nama_ibu` varchar(50)
,`tahun_lahir_ibu` int(4)
,`pekerjaan_ibu` varchar(100)
,`pendidikan_ibu` varchar(40)
,`penghasilan_ibu` int(10)
,`nama_wali` varchar(50)
,`tahun_lahir_wali` int(4)
,`pekerjaan_wali` varchar(100)
,`pendidikan_wali` varchar(40)
,`penghasilan_wali` int(10)
,`status_tempat_tinggal_id` bigint(20)
,`alamat_rumah` varchar(100)
,`rt` varchar(3)
,`rw` varchar(3)
,`kelurahan` varchar(50)
,`kecamatan` varchar(50)
,`kabupaten` varchar(50)
,`kode_pos` varchar(10)
,`status_siswa` enum('Baru','Mutasi')
,`asal_sekolah_mutasi` varchar(50)
,`npsn_sekolah_mutasi` varchar(20)
,`anak_ke` int(2)
,`jurusan1_id` bigint(20)
,`jurusan2_id` bigint(20)
,`password` varchar(32)
,`foto` varchar(100)
,`aktif` enum('Y','N')
,`bukti_bayar` varchar(100)
,`bayar` enum('Bayar','Belum Bayar')
,`bayar_pengguna` varchar(100)
,`lock` enum('Y','N')
,`nama_tahun` varchar(9)
,`gelombang` varchar(20)
,`tgl_mulai` date
,`tgl_selesai` date
,`nama_kelamin` varchar(30)
,`nama_agama` varchar(100)
,`nama_transportasi` varchar(100)
,`nama_status_tempat_tinggal` varchar(100)
,`nama_kelas` varchar(50)
,`no_kwitansi` varchar(20)
,`biaya_pendaftaran` int(10)
,`daftar_ulang` enum('0','1')
,`nik` varchar(20)
);
-- --------------------------------------------------------

--
-- Structure for view `view_kuota_kelas`
--

CREATE ALGORITHM=UNDEFINED DEFINER=`root`@`localhost` SQL SECURITY DEFINER VIEW `view_kuota_kelas` AS select `kuota_kelas`.`id` AS `id`,`kuota_kelas`.`periode_id` AS `periode_id`,`kuota_kelas`.`kelas_id` AS `kelas_id`,`kuota_kelas`.`kuota` AS `kuota`,`master_kelas`.`nama_kelas` AS `nama_kelas`,`master_kelas`.`jurusan_id` AS `jurusan_id`,`ref_jurusan`.`kode` AS `kode`,`ref_jurusan`.`nama_jurusan` AS `nama_jurusan`,`periode_pendaftaran`.`nama_tahun` AS `nama_tahun`,`periode_pendaftaran`.`gelombang` AS `gelombang` from (((`master_kelas` left join `kuota_kelas` on((`kuota_kelas`.`kelas_id` = `master_kelas`.`id`))) join `ref_jurusan` on((`master_kelas`.`jurusan_id` = `ref_jurusan`.`id`))) join `periode_pendaftaran` on((`kuota_kelas`.`periode_id` = `periode_pendaftaran`.`id`)));

-- --------------------------------------------------------

--
-- Structure for view `view_siswa_detail`
--

CREATE ALGORITHM=UNDEFINED DEFINER=`root`@`localhost` SQL SECURITY DEFINER VIEW `view_siswa_detail` AS select `d_siswa`.`id` AS `id`,`d_siswa`.`no_daftar` AS `no_daftar`,`d_siswa`.`periode_id` AS `periode_id`,`d_siswa`.`nisn` AS `nisn`,`d_siswa`.`nis` AS `nis`,`d_siswa`.`nama_siswa` AS `nama_siswa`,`d_siswa`.`kelamin_id` AS `kelamin_id`,`d_siswa`.`tmp_lahir` AS `tmp_lahir`,`d_siswa`.`tgl_lahir` AS `tgl_lahir`,`d_siswa`.`agama_id` AS `agama_id`,`d_siswa`.`tinggi_badan` AS `tinggi_badan`,`d_siswa`.`berat_badan` AS `berat_badan`,`d_siswa`.`kebutuhan_khusus` AS `kebutuhan_khusus`,`d_siswa`.`no_telp` AS `no_telp`,`d_siswa`.`no_hp` AS `no_hp`,`d_siswa`.`waktu_tempuh` AS `waktu_tempuh`,`d_siswa`.`jarak_tempuh` AS `jarak_tempuh`,`d_siswa`.`transportasi_id` AS `transportasi_id`,`d_siswa`.`email_siswa` AS `email_siswa`,`d_siswa`.`kelas_id` AS `kelas_id`,`d_siswa`.`paralel` AS `paralel`,`d_siswa`.`asal_sekolah` AS `asal_sekolah`,`d_siswa`.`no_ijazah` AS `no_ijazah`,`d_siswa`.`tahun_lulus` AS `tahun_lulus`,`d_siswa`.`hobi` AS `hobi`,`d_siswa`.`npsn` AS `npsn`,`d_siswa`.`nama_ayah` AS `nama_ayah`,`d_siswa`.`tahun_lahir_ayah` AS `tahun_lahir_ayah`,`d_siswa`.`pekerjaan_ayah` AS `pekerjaan_ayah`,`d_siswa`.`pendidikan_ayah` AS `pendidikan_ayah`,`d_siswa`.`penghasilan_ayah` AS `penghasilan_ayah`,`d_siswa`.`nama_ibu` AS `nama_ibu`,`d_siswa`.`tahun_lahir_ibu` AS `tahun_lahir_ibu`,`d_siswa`.`pekerjaan_ibu` AS `pekerjaan_ibu`,`d_siswa`.`pendidikan_ibu` AS `pendidikan_ibu`,`d_siswa`.`penghasilan_ibu` AS `penghasilan_ibu`,`d_siswa`.`nama_wali` AS `nama_wali`,`d_siswa`.`tahun_lahir_wali` AS `tahun_lahir_wali`,`d_siswa`.`pekerjaan_wali` AS `pekerjaan_wali`,`d_siswa`.`pendidikan_wali` AS `pendidikan_wali`,`d_siswa`.`penghasilan_wali` AS `penghasilan_wali`,`d_siswa`.`status_tempat_tinggal_id` AS `status_tempat_tinggal_id`,`d_siswa`.`alamat_rumah` AS `alamat_rumah`,`d_siswa`.`rt` AS `rt`,`d_siswa`.`rw` AS `rw`,`d_siswa`.`kelurahan` AS `kelurahan`,`d_siswa`.`kecamatan` AS `kecamatan`,`d_siswa`.`kabupaten` AS `kabupaten`,`d_siswa`.`kode_pos` AS `kode_pos`,`d_siswa`.`status_siswa` AS `status_siswa`,`d_siswa`.`asal_sekolah_mutasi` AS `asal_sekolah_mutasi`,`d_siswa`.`npsn_sekolah_mutasi` AS `npsn_sekolah_mutasi`,`d_siswa`.`anak_ke` AS `anak_ke`,`d_siswa`.`jurusan1_id` AS `jurusan1_id`,`d_siswa`.`jurusan2_id` AS `jurusan2_id`,`d_siswa`.`password` AS `password`,`d_siswa`.`foto` AS `foto`,`d_siswa`.`aktif` AS `aktif`,`d_siswa`.`bukti_bayar` AS `bukti_bayar`,`d_siswa`.`bayar` AS `bayar`,`d_siswa`.`bayar_pengguna` AS `bayar_pengguna`,`d_siswa`.`lock` AS `lock`,`periode_pendaftaran`.`nama_tahun` AS `nama_tahun`,`periode_pendaftaran`.`gelombang` AS `gelombang`,`periode_pendaftaran`.`tgl_mulai` AS `tgl_mulai`,`periode_pendaftaran`.`tgl_selesai` AS `tgl_selesai`,`ref_kelamin`.`nama_kelamin` AS `nama_kelamin`,`ref_agama`.`nama_agama` AS `nama_agama`,`ref_transportasi`.`nama_transportasi` AS `nama_transportasi`,`ref_status_tempat_tinggal`.`nama_status_tempat_tinggal` AS `nama_status_tempat_tinggal`,`master_kelas`.`nama_kelas` AS `nama_kelas`,`d_siswa`.`no_kwitansi` AS `no_kwitansi`,`periode_pendaftaran`.`biaya_pendaftaran` AS `biaya_pendaftaran`,`d_siswa`.`daftar_ulang` AS `daftar_ulang`,`d_siswa`.`nik` AS `nik` from ((((((`d_siswa` join `periode_pendaftaran` on((`d_siswa`.`periode_id` = `periode_pendaftaran`.`id`))) left join `ref_kelamin` on((`d_siswa`.`kelamin_id` = `ref_kelamin`.`id`))) left join `ref_agama` on((`d_siswa`.`agama_id` = `ref_agama`.`id`))) left join `ref_transportasi` on((`d_siswa`.`transportasi_id` = `ref_transportasi`.`id`))) left join `ref_status_tempat_tinggal` on((`d_siswa`.`status_tempat_tinggal_id` = `ref_status_tempat_tinggal`.`id`))) left join `master_kelas` on((`d_siswa`.`kelas_id` = `master_kelas`.`id`)));

--
-- Indexes for dumped tables
--

--
-- Indexes for table `daftar_ulang_item_bayar`
--
ALTER TABLE `daftar_ulang_item_bayar`
 ADD PRIMARY KEY (`id`), ADD KEY `periode_id` (`periode_id`);

--
-- Indexes for table `d_nilai_ujian_objektif`
--
ALTER TABLE `d_nilai_ujian_objektif`
 ADD PRIMARY KEY (`id`), ADD KEY `ujian_id` (`ujian_id`);

--
-- Indexes for table `d_siswa`
--
ALTER TABLE `d_siswa`
 ADD PRIMARY KEY (`id`), ADD KEY `kelamin_id` (`kelamin_id`), ADD KEY `kelas_id` (`kelas_id`), ADD KEY `periode_id` (`periode_id`), ADD KEY `agama_id` (`agama_id`), ADD KEY `transportasi_id` (`transportasi_id`), ADD KEY `status_tempat_tinggal_id` (`status_tempat_tinggal_id`);

--
-- Indexes for table `d_siswa_atribut`
--
ALTER TABLE `d_siswa_atribut`
 ADD PRIMARY KEY (`id`), ADD KEY `siswa_id` (`siswa_id`), ADD KEY `berkas_id` (`atribut_id`);

--
-- Indexes for table `d_siswa_berkas`
--
ALTER TABLE `d_siswa_berkas`
 ADD PRIMARY KEY (`id`), ADD KEY `siswa_id` (`siswa_id`), ADD KEY `berkas_id` (`berkas_id`);

--
-- Indexes for table `d_soal_ujian_objektif`
--
ALTER TABLE `d_soal_ujian_objektif`
 ADD PRIMARY KEY (`id`), ADD KEY `ujian_id` (`ujian_id`);

--
-- Indexes for table `d_ujian`
--
ALTER TABLE `d_ujian`
 ADD PRIMARY KEY (`id`), ADD KEY `jurusan_id` (`jurusan_id`);

--
-- Indexes for table `info_statis`
--
ALTER TABLE `info_statis`
 ADD PRIMARY KEY (`id`), ADD UNIQUE KEY `link` (`link`);

--
-- Indexes for table `kuota_kelas`
--
ALTER TABLE `kuota_kelas`
 ADD PRIMARY KEY (`id`), ADD KEY `periode_id` (`periode_id`), ADD KEY `periode_kelas_kuota_ibfk_2` (`kelas_id`);

--
-- Indexes for table `master_kelas`
--
ALTER TABLE `master_kelas`
 ADD PRIMARY KEY (`id`), ADD KEY `jurusan_id` (`jurusan_id`);

--
-- Indexes for table `periode_kuota`
--
ALTER TABLE `periode_kuota`
 ADD PRIMARY KEY (`id`), ADD KEY `periode_id` (`periode_id`), ADD KEY `jurusan_id` (`jurusan_id`);

--
-- Indexes for table `periode_pendaftaran`
--
ALTER TABLE `periode_pendaftaran`
 ADD PRIMARY KEY (`id`);

--
-- Indexes for table `ref_agama`
--
ALTER TABLE `ref_agama`
 ADD PRIMARY KEY (`id`);

--
-- Indexes for table `ref_atribut`
--
ALTER TABLE `ref_atribut`
 ADD PRIMARY KEY (`id`);

--
-- Indexes for table `ref_berkas`
--
ALTER TABLE `ref_berkas`
 ADD PRIMARY KEY (`id`);

--
-- Indexes for table `ref_identitas`
--
ALTER TABLE `ref_identitas`
 ADD PRIMARY KEY (`id`);

--
-- Indexes for table `ref_jurusan`
--
ALTER TABLE `ref_jurusan`
 ADD PRIMARY KEY (`id`), ADD UNIQUE KEY `kode` (`kode`,`link`);

--
-- Indexes for table `ref_kelamin`
--
ALTER TABLE `ref_kelamin`
 ADD PRIMARY KEY (`id`);

--
-- Indexes for table `ref_status_tempat_tinggal`
--
ALTER TABLE `ref_status_tempat_tinggal`
 ADD PRIMARY KEY (`id`);

--
-- Indexes for table `ref_transportasi`
--
ALTER TABLE `ref_transportasi`
 ADD PRIMARY KEY (`id`);

--
-- Indexes for table `s_grup`
--
ALTER TABLE `s_grup`
 ADD PRIMARY KEY (`id`);

--
-- Indexes for table `s_grup_modul`
--
ALTER TABLE `s_grup_modul`
 ADD PRIMARY KEY (`id`), ADD KEY `s_grup_modul_ibfk_2` (`modul_id`), ADD KEY `s_grup_modul_ibfk_1` (`grup_id`);

--
-- Indexes for table `s_kategori_modul`
--
ALTER TABLE `s_kategori_modul`
 ADD PRIMARY KEY (`id`);

--
-- Indexes for table `s_modul`
--
ALTER TABLE `s_modul`
 ADD PRIMARY KEY (`id`), ADD UNIQUE KEY `nama_modul` (`nama_modul`), ADD KEY `kategori_modul_id` (`kategori_modul_id`);

--
-- Indexes for table `s_users`
--
ALTER TABLE `s_users`
 ADD PRIMARY KEY (`id`), ADD UNIQUE KEY `username` (`username`), ADD KEY `group_id` (`grup_id`), ADD KEY `kelamin_id` (`kelamin_id`);

--
-- AUTO_INCREMENT for dumped tables
--

--
-- AUTO_INCREMENT for table `daftar_ulang_item_bayar`
--
ALTER TABLE `daftar_ulang_item_bayar`
MODIFY `id` bigint(20) NOT NULL AUTO_INCREMENT,AUTO_INCREMENT=8;
--
-- AUTO_INCREMENT for table `d_nilai_ujian_objektif`
--
ALTER TABLE `d_nilai_ujian_objektif`
MODIFY `id` bigint(20) NOT NULL AUTO_INCREMENT,AUTO_INCREMENT=684;
--
-- AUTO_INCREMENT for table `d_siswa`
--
ALTER TABLE `d_siswa`
MODIFY `id` bigint(20) NOT NULL AUTO_INCREMENT,AUTO_INCREMENT=1612;
--
-- AUTO_INCREMENT for table `d_siswa_atribut`
--
ALTER TABLE `d_siswa_atribut`
MODIFY `id` bigint(20) NOT NULL AUTO_INCREMENT,AUTO_INCREMENT=164;
--
-- AUTO_INCREMENT for table `d_siswa_berkas`
--
ALTER TABLE `d_siswa_berkas`
MODIFY `id` bigint(20) NOT NULL AUTO_INCREMENT,AUTO_INCREMENT=6871;
--
-- AUTO_INCREMENT for table `d_soal_ujian_objektif`
--
ALTER TABLE `d_soal_ujian_objektif`
MODIFY `id` bigint(20) NOT NULL AUTO_INCREMENT,AUTO_INCREMENT=549;
--
-- AUTO_INCREMENT for table `d_ujian`
--
ALTER TABLE `d_ujian`
MODIFY `id` bigint(20) NOT NULL AUTO_INCREMENT,AUTO_INCREMENT=11;
--
-- AUTO_INCREMENT for table `info_statis`
--
ALTER TABLE `info_statis`
MODIFY `id` bigint(20) NOT NULL AUTO_INCREMENT,AUTO_INCREMENT=12;
--
-- AUTO_INCREMENT for table `kuota_kelas`
--
ALTER TABLE `kuota_kelas`
MODIFY `id` bigint(20) NOT NULL AUTO_INCREMENT,AUTO_INCREMENT=37;
--
-- AUTO_INCREMENT for table `master_kelas`
--
ALTER TABLE `master_kelas`
MODIFY `id` bigint(20) NOT NULL AUTO_INCREMENT,AUTO_INCREMENT=10;
--
-- AUTO_INCREMENT for table `periode_kuota`
--
ALTER TABLE `periode_kuota`
MODIFY `id` bigint(20) NOT NULL AUTO_INCREMENT;
--
-- AUTO_INCREMENT for table `periode_pendaftaran`
--
ALTER TABLE `periode_pendaftaran`
MODIFY `id` bigint(20) NOT NULL AUTO_INCREMENT,AUTO_INCREMENT=7;
--
-- AUTO_INCREMENT for table `ref_agama`
--
ALTER TABLE `ref_agama`
MODIFY `id` bigint(20) NOT NULL AUTO_INCREMENT,AUTO_INCREMENT=6;
--
-- AUTO_INCREMENT for table `ref_atribut`
--
ALTER TABLE `ref_atribut`
MODIFY `id` bigint(20) NOT NULL AUTO_INCREMENT,AUTO_INCREMENT=15;
--
-- AUTO_INCREMENT for table `ref_berkas`
--
ALTER TABLE `ref_berkas`
MODIFY `id` bigint(20) NOT NULL AUTO_INCREMENT,AUTO_INCREMENT=9;
--
-- AUTO_INCREMENT for table `ref_jurusan`
--
ALTER TABLE `ref_jurusan`
MODIFY `id` bigint(20) NOT NULL AUTO_INCREMENT,AUTO_INCREMENT=6;
--
-- AUTO_INCREMENT for table `ref_kelamin`
--
ALTER TABLE `ref_kelamin`
MODIFY `id` int(2) NOT NULL AUTO_INCREMENT,AUTO_INCREMENT=3;
--
-- AUTO_INCREMENT for table `ref_status_tempat_tinggal`
--
ALTER TABLE `ref_status_tempat_tinggal`
MODIFY `id` bigint(20) NOT NULL AUTO_INCREMENT,AUTO_INCREMENT=4;
--
-- AUTO_INCREMENT for table `ref_transportasi`
--
ALTER TABLE `ref_transportasi`
MODIFY `id` bigint(20) NOT NULL AUTO_INCREMENT,AUTO_INCREMENT=9;
--
-- AUTO_INCREMENT for table `s_grup`
--
ALTER TABLE `s_grup`
MODIFY `id` bigint(20) NOT NULL AUTO_INCREMENT,AUTO_INCREMENT=4;
--
-- AUTO_INCREMENT for table `s_grup_modul`
--
ALTER TABLE `s_grup_modul`
MODIFY `id` bigint(20) NOT NULL AUTO_INCREMENT,AUTO_INCREMENT=25;
--
-- AUTO_INCREMENT for table `s_kategori_modul`
--
ALTER TABLE `s_kategori_modul`
MODIFY `id` bigint(20) NOT NULL AUTO_INCREMENT,AUTO_INCREMENT=7;
--
-- AUTO_INCREMENT for table `s_modul`
--
ALTER TABLE `s_modul`
MODIFY `id` bigint(20) NOT NULL AUTO_INCREMENT,AUTO_INCREMENT=22;
--
-- AUTO_INCREMENT for table `s_users`
--
ALTER TABLE `s_users`
MODIFY `id` bigint(20) NOT NULL AUTO_INCREMENT,AUTO_INCREMENT=47;
--
-- Constraints for dumped tables
--

--
-- Constraints for table `daftar_ulang_item_bayar`
--
ALTER TABLE `daftar_ulang_item_bayar`
ADD CONSTRAINT `daftar_ulang_item_bayar_ibfk_1` FOREIGN KEY (`periode_id`) REFERENCES `periode_pendaftaran` (`id`) ON UPDATE CASCADE;

--
-- Constraints for table `d_nilai_ujian_objektif`
--
ALTER TABLE `d_nilai_ujian_objektif`
ADD CONSTRAINT `d_nilai_ujian_objektif_ibfk_1` FOREIGN KEY (`ujian_id`) REFERENCES `d_ujian` (`id`) ON UPDATE CASCADE;

--
-- Constraints for table `d_siswa`
--
ALTER TABLE `d_siswa`
ADD CONSTRAINT `d_siswa_ibfk_1` FOREIGN KEY (`kelamin_id`) REFERENCES `ref_kelamin` (`id`) ON UPDATE CASCADE,
ADD CONSTRAINT `d_siswa_ibfk_2` FOREIGN KEY (`kelas_id`) REFERENCES `master_kelas` (`id`) ON UPDATE CASCADE,
ADD CONSTRAINT `d_siswa_ibfk_3` FOREIGN KEY (`periode_id`) REFERENCES `periode_pendaftaran` (`id`) ON UPDATE CASCADE,
ADD CONSTRAINT `d_siswa_ibfk_4` FOREIGN KEY (`agama_id`) REFERENCES `ref_agama` (`id`) ON UPDATE CASCADE,
ADD CONSTRAINT `d_siswa_ibfk_5` FOREIGN KEY (`transportasi_id`) REFERENCES `ref_transportasi` (`id`) ON UPDATE CASCADE,
ADD CONSTRAINT `d_siswa_ibfk_6` FOREIGN KEY (`status_tempat_tinggal_id`) REFERENCES `ref_status_tempat_tinggal` (`id`) ON UPDATE CASCADE;

--
-- Constraints for table `d_siswa_atribut`
--
ALTER TABLE `d_siswa_atribut`
ADD CONSTRAINT `d_siswa_atribut_ibfk_1` FOREIGN KEY (`siswa_id`) REFERENCES `d_siswa` (`id`) ON DELETE CASCADE ON UPDATE CASCADE,
ADD CONSTRAINT `d_siswa_atribut_ibfk_2` FOREIGN KEY (`atribut_id`) REFERENCES `ref_atribut` (`id`) ON UPDATE CASCADE;

--
-- Constraints for table `d_siswa_berkas`
--
ALTER TABLE `d_siswa_berkas`
ADD CONSTRAINT `d_siswa_berkas_ibfk_1` FOREIGN KEY (`siswa_id`) REFERENCES `d_siswa` (`id`) ON DELETE CASCADE ON UPDATE CASCADE,
ADD CONSTRAINT `d_siswa_berkas_ibfk_2` FOREIGN KEY (`berkas_id`) REFERENCES `ref_berkas` (`id`) ON UPDATE CASCADE;

--
-- Constraints for table `d_soal_ujian_objektif`
--
ALTER TABLE `d_soal_ujian_objektif`
ADD CONSTRAINT `d_soal_ujian_objektif_ibfk_1` FOREIGN KEY (`ujian_id`) REFERENCES `d_ujian` (`id`) ON UPDATE CASCADE;

--
-- Constraints for table `d_ujian`
--
ALTER TABLE `d_ujian`
ADD CONSTRAINT `d_ujian_ibfk_1` FOREIGN KEY (`jurusan_id`) REFERENCES `ref_jurusan` (`id`) ON UPDATE CASCADE;

--
-- Constraints for table `kuota_kelas`
--
ALTER TABLE `kuota_kelas`
ADD CONSTRAINT `kuota_kelas_ibfk_1` FOREIGN KEY (`periode_id`) REFERENCES `periode_pendaftaran` (`id`) ON UPDATE CASCADE,
ADD CONSTRAINT `kuota_kelas_ibfk_2` FOREIGN KEY (`kelas_id`) REFERENCES `master_kelas` (`id`) ON UPDATE CASCADE;

--
-- Constraints for table `master_kelas`
--
ALTER TABLE `master_kelas`
ADD CONSTRAINT `master_kelas_ibfk_1` FOREIGN KEY (`jurusan_id`) REFERENCES `ref_jurusan` (`id`) ON DELETE CASCADE ON UPDATE CASCADE;

--
-- Constraints for table `periode_kuota`
--
ALTER TABLE `periode_kuota`
ADD CONSTRAINT `periode_kuota_ibfk_1` FOREIGN KEY (`periode_id`) REFERENCES `periode_pendaftaran` (`id`) ON UPDATE CASCADE,
ADD CONSTRAINT `periode_kuota_ibfk_2` FOREIGN KEY (`jurusan_id`) REFERENCES `ref_jurusan` (`id`) ON UPDATE CASCADE;

--
-- Constraints for table `s_grup_modul`
--
ALTER TABLE `s_grup_modul`
ADD CONSTRAINT `s_grup_modul_ibfk_1` FOREIGN KEY (`grup_id`) REFERENCES `s_grup` (`id`) ON DELETE CASCADE ON UPDATE CASCADE,
ADD CONSTRAINT `s_grup_modul_ibfk_2` FOREIGN KEY (`modul_id`) REFERENCES `s_modul` (`id`) ON UPDATE CASCADE;

--
-- Constraints for table `s_modul`
--
ALTER TABLE `s_modul`
ADD CONSTRAINT `s_modul_ibfk_1` FOREIGN KEY (`kategori_modul_id`) REFERENCES `s_kategori_modul` (`id`) ON UPDATE CASCADE;

--
-- Constraints for table `s_users`
--
ALTER TABLE `s_users`
ADD CONSTRAINT `s_users_ibfk_1` FOREIGN KEY (`grup_id`) REFERENCES `s_grup` (`id`) ON UPDATE CASCADE,
ADD CONSTRAINT `s_users_ibfk_2` FOREIGN KEY (`kelamin_id`) REFERENCES `ref_kelamin` (`id`) ON UPDATE CASCADE;

